000
CXUS56 KLOX 011255
CF6WJF
PRELIMINARY LOCAL CLIMATOLOGICAL DATA (WS FORM: F-6)
STATION: LANCASTER FOX FIELD CA
MONTH: JANUARY
YEAR: 2023
LATITUDE: 34 43 N
LONGITUDE: 118 13 W
TEMPERATURE IN F: :PCPN: SNOW: WIND :SUNSHINE: SKY :PK WND
================================================================================
1 2 3 4 5 6A 6B 7 8 9 10 11 12 13 14 15 16 17 18
12Z AVG MX 2MIN
DY MAX MIN AVG DEP HDD CDD WTR SNW DPTH SPD SPD DIR MIN PSBL S-S WX SPD DR
================================================================================
1 53 39 46 2 19 0 0.11 M M 18.5 38 280 M M 5 1 43 280
2 53 35 44 0 21 0 T M M 10.9 26 250 M M 3 36 240
3 59 43 51 7 14 0 0.00 M M 11.4 21 250 M M 3 25 250
4 57 45 51 7 14 0 T M M 5.2 17 220 M M 9 8 20 220
5 54 44 49 5 16 0 0.33 M M 13.6 30 250 M M 7 1 34 250
6 57 36 47 3 18 0 0.00 M M 8.1 26 270 M M 0 33 270
7 52 33 43 -1 22 0 0.00 M M 3.3 8 290 M M 0 10 80
8 61 36 49 5 16 0 0.02 M M 9.0 17 240 M M 2 22 250
9 58 47 53 9 12 0 1.15 M M 9.3 23 210 M M 9 1 37 200
10 55 43 49 4 16 0 0.15 M M M M M M M M M M
11 57 37 47 2 18 0 0.00 M M 4.6 13 240 M M 7 16 240
12 55 34 45 0 20 0 0.00 M M 3.8 10 80 M M 0 13 80
13 56 34 45 0 20 0 0.00 M M 3.0 10 300 M M 1 12 300
14 53 47 50 5 15 0 0.19 M M 9.7 23 230 M M 7 1 29 240
15 52 44 48 3 17 0 0.09 M M 13.3 25 220 M M 5 32 220
16 54 40 47 2 18 0 0.07 M M 15.7 29 260 M M 5 1 35 290
17 50 37 44 -1 21 0 0.00 M M 16.1 31 270 M M 0 34 260
18 52 30 41 -4 24 0 0.00 M M M M M M M 0 M M
19 53 30 42 -3 23 0 0.01 M M 11.5 29 290 M M 3 36 290
20 51 27 39 -6 26 0 0.00 M M 4.9 14 70 M M 0 1 19 60
21 54 25 40 -5 25 0 0.00 M M 4.5 9 280 M M 0 13 40
22 56 26 41 -4 24 0 0.00 M M 12.3 36 280 M M 0 8 42 280
23 57 30 44 -2 21 0 0.00 M M 11.5 30 70 M M 0 36 60
24 59 25 42 -4 23 0 0.00 M M 3.4 9 270 M M 0 11 30
25 60 25 43 -3 22 0 0.00 M M 5.2 22 70 M M 0 27 70
26 60 30 45 -1 20 0 0.00 M M 11.3 29 60 M M 0 36 60
27 68 26 47 1 18 0 0.00 M M 8.8 26 290 M M 0 32 280
28 63 34 49 3 16 0 0.00 M M 8.0 23 250 M M 0 27 250
29 53 39 46 0 19 0 T M M 17.3 29 220 M M 2 38 220
30 52 34 43 -3 22 0 0.06 M M 9.4 20 60 M M 7 24 70
31 55 24 40 -6 25 0 0.00 M M 7.3 21 80 M M 0 26 60
================================================================================
SM 1729 1079 605 0 2.18 M 270.9 M 75
================================================================================
AV 55.8 34.8 9.3 FASTST M M 3 MAX(MPH)
MISC ----> 38 280 43 280
================================================================================
NOTES:
# LAST OF SEVERAL OCCURRENCES
COLUMN 17 PEAK WIND IN M.P.H.
PRELIMINARY LOCAL CLIMATOLOGICAL DATA (WS FORM: F-6) , PAGE 2
STATION: LANCASTER FOX FIELD CA
MONTH: JANUARY
YEAR: 2023
LATITUDE: 34 43 N
LONGITUDE: 118 13 W
[TEMPERATURE DATA] [PRECIPITATION DATA] SYMBOLS USED IN COLUMN 16
AVERAGE MONTHLY: 45.3 TOTAL FOR MONTH: 2.18 1 = FOG OR MIST
DPTR FM NORMAL: 0.3 DPTR FM NORMAL: 0.72 2 = FOG REDUCING VISIBILITY
HIGHEST: 68 ON 27 GRTST 24HR 2.08 ON 5- 6 TO 1/4 MILE OR LESS
LOWEST: 24 ON 31 3 = THUNDER
SNOW, ICE PELLETS, HAIL 4 = ICE PELLETS
TOTAL MONTH: M 5 = HAIL
GRTST 24HR M ON M 6 = FREEZING RAIN OR DRIZZLE
GRTST DEPTH: M ON M 7 = DUSTSTORM OR SANDSTORM:
VSBY 1/2 MILE OR LESS
8 = SMOKE OR HAZE
[NO. OF DAYS WITH] [WEATHER - DAYS WITH] 9 = BLOWING SNOW
X = TORNADO
MAX 32 OR BELOW: 0 0.01 INCH OR MORE: 10
MAX 90 OR ABOVE: 0 0.10 INCH OR MORE: 5
MIN 32 OR BELOW: 11 0.50 INCH OR MORE: 1
MIN 0 OR BELOW: 0 1.00 INCH OR MORE: 1
[HDD (BASE 65) ]
TOTAL THIS MO. 605 CLEAR (SCALE 0-3) 21
DPTR FM NORMAL -15 PTCLDY (SCALE 4-7) 7
TOTAL FM JUL 1 1805 CLOUDY (SCALE 8-10) 3
DPTR FM NORMAL -26
[CDD (BASE 65) ]
TOTAL THIS MO. 0
DPTR FM NORMAL 0 [PRESSURE DATA]
TOTAL FM JAN 1 0 HIGHEST SLP 30.58 ON 26
DPTR FM NORMAL 0 LOWEST SLP 29.58 ON 16
[REMARKS]
#FINAL-01-23#