000
CXUS56 KLKN 052034
CF6WMC
PRELIMINARY LOCAL CLIMATOLOGICAL DATA (WS FORM: F-6)
STATION: WINNEMUCCA AIRPORT NV
MONTH: DECEMBER
YEAR: 2020
LATITUDE: 40 54 N
LONGITUDE: 117 48 W
TEMPERATURE IN F: :PCPN: SNOW: WIND :SUNSHINE: SKY :PK WND
================================================================================
1 2 3 4 5 6A 6B 7 8 9 10 11 12 13 14 15 16 17 18
12Z AVG MX 2MIN
DY MAX MIN AVG DEP HDD CDD WTR SNW DPTH SPD SPD DIR MIN PSBL S-S WX SPD DR
================================================================================
1 46 16 31 -1 34 0 0.00 0.0 0 7.1 16 50 M M 0 20 50
2 49 12 31 0 34 0 0.00 0.0 0 6.7 18 40 M M 0 25 40
3 50 15 33 2 32 0 0.00 0.0 0 5.9 13 170 M M 0 15 80
4 49 11 30 -1 35 0 0.00 0.0 0 5.1 12 30 M M 0 17 250
5 51 11 31 0 34 0 0.00 0.0 0 3.0 13 80 M M 0 14 80
6 50 17 34 4 31 0 0.00 0.0 0 6.2 15 30 M M 1 18 30
7 52 13 33 3 32 0 0.00 0.0 0 5.5 14 60 M M 0 21 30
8 49 6 28 -2 37 0 0.00 0.0 0 3.2 12 170 M M 0 12 140
9 47 7 27 -3 38 0 0.00 0.0 M 5.0 12 320 M M 0 13 320
10 45 16 31 1 34 0 0.00 0.0 M 5.8 15 240 M M 0 19 240
11 41 19 30 0 35 0 0.02 M M 4.9 14 300 M M 3 1 19 300
12 38 18 28 -1 37 0 0.03 M M 5.8 14 310 M M 4 1 16 320
13 33 24 29 0 36 0 0.19 M M 7.6 22 170 M M 8 1 27 170
14 37 28 33 4 32 0 0.15 2.0 3 3.9 14 310 M M 9 18 17 320
15 36 13 25 -4 40 0 0.02 T 2 8.7 18 180 M M 8 128 22 180
16 41 23 32 3 33 0 0.00 0.0 2 5.2 13 190 M M 5 18 130
17 40 26 33 4 32 0 0.33 M M 4.6 10 350 M M 8 1 16 40
18 39 17 28 -1 37 0 0.00 0.0 1 7.6 18 190 M M 1 21 190
19 44 18 31 2 34 0 0.00 0.0 1 4.3 17 190 M M 1 22 190
20 54 29 42 13 23 0 T 0.0 1 3.6 9 140 M M 4 11 150
21 52 23 38 9 27 0 0.00 0.0 1 5.2 17 200 M M 0 22 190
22 44 20 32 4 33 0 0.00 0.0 T 9.0 23 280 M M 3 29 280
23 37 13 25 -3 40 0 0.00 0.0 T 5.6 13 60 M M 0 16 60
24 39 18 29 1 36 0 0.00 0.0 T 7.9 14 50 M M 0 17 60
25 39 13 26 -2 39 0 0.00 0.0 T 6.2 14 60 M M 4 17 60
26 46 22 34 6 31 0 T T T 6.6 17 270 M M 5 25 280
27 36 18 27 -1 38 0 T T T 9.2 18 40 M M 0 25 40
28 41 16 29 0 36 0 0.00 0.0 T 12.7 25 40 M M 4 32 40
29 41 6 24 -5 41 0 0.00 0.0 M 4.6 14 180 M M 0 17 180
30 46 14 30 1 35 0 0.00 0.0 M 9.6 21 200 M M 4 26 180
31 44 22 33 4 32 0 0.01 0.2 T 3.5 22 330 M M 6 12 32 320
================================================================================
SM 1356 524 1068 0 0.75 2.2 189.8 M 78
================================================================================
AV 43.7 16.9 6.1 FASTST M M 3 MAX(MPH)
MISC ----> 25 40 # 32 40
================================================================================
NOTES:
# LAST OF SEVERAL OCCURRENCES
COLUMN 17 PEAK WIND IN M.P.H.
PRELIMINARY LOCAL CLIMATOLOGICAL DATA (WS FORM: F-6) , PAGE 2
STATION: WINNEMUCCA AIRPORT NV
MONTH: DECEMBER
YEAR: 2020
LATITUDE: 40 54 N
LONGITUDE: 117 48 W
[TEMPERATURE DATA] [PRECIPITATION DATA] SYMBOLS USED IN COLUMN 16
AVERAGE MONTHLY: 30.3 TOTAL FOR MONTH: 0.75 1 = FOG OR MIST
DPTR FM NORMAL: 0.9 DPTR FM NORMAL: -0.18 2 = FOG REDUCING VISIBILITY
HIGHEST: 54 ON 20 GRTST 24HR 0.33 ON 17-17 TO 1/4 MILE OR LESS
LOWEST: 6 ON 29, 8 3 = THUNDER
SNOW, ICE PELLETS, HAIL 4 = ICE PELLETS
TOTAL MONTH: 2.2 INCHES 5 = HAIL
GRTST 24HR 2.0 ON 14-14 6 = FREEZING RAIN OR DRIZZLE
GRTST DEPTH: 3 ON 14 7 = DUSTSTORM OR SANDSTORM:
VSBY 1/2 MILE OR LESS
8 = SMOKE OR HAZE
[NO. OF DAYS WITH] [WEATHER - DAYS WITH] 9 = BLOWING SNOW
X = TORNADO
MAX 32 OR BELOW: 0 0.01 INCH OR MORE: 7
MAX 90 OR ABOVE: 0 0.10 INCH OR MORE: 3
MIN 32 OR BELOW: 31 0.50 INCH OR MORE: 0
MIN 0 OR BELOW: 0 1.00 INCH OR MORE: 0
[HDD (BASE 65) ]
TOTAL THIS MO. 1068 CLEAR (SCALE 0-3) 18
DPTR FM NORMAL -37 PTCLDY (SCALE 4-7) 12
TOTAL FM JUL 1 2343 CLOUDY (SCALE 8-10) 1
DPTR FM NORMAL -324
[CDD (BASE 65) ]
TOTAL THIS MO. 0
DPTR FM NORMAL 0 [PRESSURE DATA]
TOTAL FM JAN 1 895 HIGHEST SLP 30.66 ON 23
DPTR FM NORMAL 354 LOWEST SLP 29.81 ON 22
[REMARKS]
#FINAL-12-20#