000
CXUS56 KMTR 010845
CLMWVI
CLIMATE REPORT
NATIONAL WEATHER SERVICE SAN FRANCISCO BAY AREA
145 AM PDT MON MAY 01 2023
...................................
...THE WATSONVILLE AIRPORT CLIMATE SUMMARY FOR THE MONTH OF APRIL 2023...
CLIMATE NORMAL PERIOD: 1991 TO 2020
CLIMATE RECORD PERIOD: 1998 TO 2023
WEATHER OBSERVED NORMAL DEPART LAST YEAR`S
VALUE DATE(S) VALUE FROM VALUE DATE(S)
NORMAL
................................................................
TEMPERATURE (F)
HIGHEST 79 04/27 MM 90 04/07
LOWEST 33R 04/04 MM 33 04/12
AVG. MAXIMUM 64.9 67.1
AVG. MINIMUM 42.7 42.3
MEAN 53.8 55.5 54.7
DAYS MAX >= 90 0 1
DAYS MAX <= 32 0 0
DAYS MIN <= 32 0 0
DAYS MIN <= 0 0 0
PRECIPITATION (INCHES)
TOTALS 0.11 2.38
DAILY AVG. 0.00 0.08
DAYS >= .01 2 8
DAYS >= .10 0 6
DAYS >= .50 0 2
DAYS >= 1.00 0 0
GREATEST
24 HR. TOTAL 0.07 04/07 TO 04/07 0.99 04/21 TO 04/21
DEGREE DAYS
HEATING TOTAL 330 310
SINCE 7/1 3116 MM
COOLING TOTAL 0 6
SINCE 1/1 0 MM
................................................................
WIND (MPH)
AVERAGE WIND SPEED 4.2
RESULTANT WIND SPEED/DIRECTION 2/240
HIGHEST WIND SPEED/DIRECTION 21/260 DATE 04/02
21/290 04/03
21/270 04/12
HIGHEST GUST SPEED/DIRECTION 34/320 DATE 04/03
SKY COVER
POSSIBLE SUNSHINE (PERCENT) MM
AVERAGE SKY COVER 0.30
NUMBER OF DAYS FAIR 20
NUMBER OF DAYS PC 8
NUMBER OF DAYS CLOUDY 2
AVERAGE RH (PERCENT) 73
WEATHER CONDITIONS. NUMBER OF DAYS WITH
THUNDERSTORM 0 MIXED PRECIP 0
HEAVY RAIN 0 RAIN 0
LIGHT RAIN 3 FREEZING RAIN 0
LT FREEZING RAIN 0 HAIL 0
HEAVY SNOW 0 SNOW 0
LIGHT SNOW 0 SLEET 0
FOG 16 FOG W/VIS <= 1/4 MILE 3
HAZE 2
- INDICATES NEGATIVE NUMBERS.
R INDICATES RECORD WAS SET OR TIED.
MM INDICATES DATA IS MISSING.
T INDICATES TRACE AMOUNT.
$$