000
CXUS54 KTSA 081248
CF6XNA
PRELIMINARY LOCAL CLIMATOLOGICAL DATA (WS FORM: F-6)
STATION: HIGHFILL ARKANSAS
MONTH: OCTOBER
YEAR: 2021
LATITUDE: 36 16 N
LONGITUDE: 94 19 W
TEMPERATURE IN F: :PCPN: SNOW: WIND :SUNSHINE: SKY :PK WND
================================================================================
1 2 3 4 5 6A 6B 7 8 9 10 11 12 13 14 15 16 17 18
12Z AVG MX 2MIN
DY MAX MIN AVG DEP HDD CDD WTR SNW DPTH SPD SPD DIR MIN PSBL S-S WX SPD DR
================================================================================
1 80 65 73 8 0 8 0.01 0.0 M 4.6 13 190 M M 7 12 17 200
2 79 62 71 7 0 6 1.09 0.0 M 6.5 26 220 M M 6 13 41 210
3 77 58 68 4 0 3 0.00 0.0 M 4.8 13 360 M M 6 12 18 340
4 80 53 67 3 0 2 0.00 0.0 M 4.5 16 360 M M 1 12 21 10
5 78 50 64 1 1 0 0.00 0.0 M 4.6 13 20 M M 0 16 10
6 75 57 66 3 0 1 0.00 0.0 M 3.5 12 20 M M 5 1 16 100
7 81 55 68 6 0 3 0.00 0.0 M 2.2 9 240 M M 2 1 12 250
8 89 59 74 12 0 9 0.00 0.0 M 8.4 22 190 M M 0 33 210
9 87 69 78 16 0 13 0.00 0.0 M 12.8 22 210 M M 0 32 200
10 83 67 75 14 0 10 0.07 0.0 M 14.8 25 150 M M 2 3 33 170
11 72 51 62 1 3 0 0.15 0.0 M 12.1 32 170 M M 6 13 47 170
12 80 46 63 2 2 0 0.00 0.0 M 7.6 20 150 M M 0 1 27 120
13 74 65 70 10 0 5 2.60 0.0 M 11.9 28 260 M M 8 13 37 260
14 71 62 67 7 0 2 0.52 0.0 M 3.5 18 130 M M 9 12 23 130
15 68 45 57 -3 8 0 0.41 0.0 M 8.8 20 360 M M 6 123 34 320
16 66 43 55 -4 10 0 0.00 0.0 M 5.8 16 340 M M 0 22 330
17 72 41 57 -2 8 0 0.00 0.0 M 3.3 12 250 M M 0 18 18 260
18 72 43 58 -1 7 0 0.00 0.0 M 5.3 16 170 M M 0 24 170
19 75 47 61 3 4 0 0.00 0.0 M 8.9 18 150 M M 0 24 150
20 74 52 63 5 2 0 T 0.0 M 7.1 20 210 M M 5 12 30 200
21 66 45 56 -2 9 0 0.00 0.0 M 5.3 15 300 M M 0 21 300
22 74 41 58 1 7 0 0.00 0.0 M 3.6 12 220 M M 1 14 220
23 79 58 69 12 0 4 0.00 0.0 M 12.1 22 200 M M 3 33 200
24 78 54 66 9 0 1 0.01 0.0 M 13.9 29 190 M M 3 44 180
25 66 49 58 2 7 0 0.00 0.0 M 5.7 10 90 M M 3 16 20
26 73 50 62 6 3 0 T 0.0 M 11.2 20 150 M M 4 26 160
27 65 53 59 3 6 0 1.83 0.0 M 8.6 22 50 M M 8 13 29 60
28 53 46 50 -5 15 0 0.74 0.0 M 16.2 29 340 M M 10 1 43 340
29 50 45 48 -7 17 0 0.02 0.0 M 12.8 26 340 M M 9 1 36 340
30 64 40 52 -3 13 0 0.00 0.0 M 3.8 12 270 M M 0 8 19 310
31 59 38 49 -5 16 0 0.00 0.0 M 7.0 17 20 M M 1 1 22 20
================================================================================
SM 2260 1609 138 67 7.45 0.0 241.2 M 105
================================================================================
AV 72.9 51.9 7.8 FASTST M M 3 MAX(MPH)
MISC ----> 32 170 47 170
================================================================================
NOTES:
# LAST OF SEVERAL OCCURRENCES
COLUMN 17 PEAK WIND IN M.P.H.
PRELIMINARY LOCAL CLIMATOLOGICAL DATA (WS FORM: F-6) , PAGE 2
STATION: HIGHFILL ARKANSAS
MONTH: OCTOBER
YEAR: 2021
LATITUDE: 36 16 N
LONGITUDE: 94 19 W
[TEMPERATURE DATA] [PRECIPITATION DATA] SYMBOLS USED IN COLUMN 16
AVERAGE MONTHLY: 62.4 TOTAL FOR MONTH: 7.45 1 = FOG OR MIST
DPTR FM NORMAL: 3.0 DPTR FM NORMAL: 3.45 2 = FOG REDUCING VISIBILITY
HIGHEST: 89 ON 8 GRTST 24HR 2.78 ON 13-14 TO 1/4 MILE OR LESS
LOWEST: 38 ON 31 3 = THUNDER
SNOW, ICE PELLETS, HAIL 4 = ICE PELLETS
TOTAL MONTH: 0.0 INCH 5 = HAIL
GRTST 24HR 0.0 6 = FREEZING RAIN OR DRIZZLE
GRTST DEPTH: M ON M 7 = DUSTSTORM OR SANDSTORM:
VSBY 1/2 MILE OR LESS
8 = SMOKE OR HAZE
[NO. OF DAYS WITH] [WEATHER - DAYS WITH] 9 = BLOWING SNOW
X = TORNADO
MAX 32 OR BELOW: 0 0.01 INCH OR MORE: 11
MAX 90 OR ABOVE: 0 0.10 INCH OR MORE: 7
MIN 32 OR BELOW: 0 0.50 INCH OR MORE: 5
MIN 0 OR BELOW: 0 1.00 INCH OR MORE: 3
[HDD (BASE 65) ]
TOTAL THIS MO. 138 CLEAR (SCALE 0-3) 18
DPTR FM NORMAL -76 PTCLDY (SCALE 4-7) 9
TOTAL FM JUL 1 146 CLOUDY (SCALE 8-10) 4
DPTR FM NORMAL -100
[CDD (BASE 65) ]
TOTAL THIS MO. 67
DPTR FM NORMAL 27 [PRESSURE DATA]
TOTAL FM JAN 1 1673 HIGHEST SLP M ON M
DPTR FM NORMAL 117 LOWEST SLP 29.34 ON 28
[REMARKS]
#FINAL-10-21#