000
CXUS54 KFWD 310730
CF60F2
PRELIMINARY LOCAL CLIMATOLOGICAL DATA (WS FORM: F-6)

                                          STATION:   BOWIE
                                          MONTH:     JULY
                                          YEAR:      2014
                                          LATITUDE:   33 36 N
                                          LONGITUDE:  97 47 W

  TEMPERATURE IN F:       :PCPN:    SNOW:  WIND      :SUNSHINE: SKY     :PK WND
================================================================================
1   2   3   4   5  6A  6B    7    8   9   10  11  12  13   14  15   16   17  18
                                     12Z  AVG MX 2MIN
DY MAX MIN AVG DEP HDD CDD  WTR  SNW DPTH SPD SPD DIR MIN PSBL S-S WX    SPD DR
================================================================================

 1  92  73  83   2   0  18 0.06  0.0    0  6.6 12 170   M    M   1        21 160
 2  83  69  76  -5   0  11 0.67  0.0    0  3.2 10 360   M    M   3 3      22  80
 3  80  67  74  -7   0   9 1.24  0.0    0  3.9  8 100   M    M   4 3       M  M
 4  90  69  80  -1   0  15 0.00  0.0    0  3.3  9 150   M    M   1         M  M
 5  91  72  82   1   0  17 0.00  0.0    0  7.2 12 160   M    M   1        18 180
 6  92  71  82   1   0  17 0.00  0.0    0  6.3 10 210   M    M   1        16 190
 7  95  72  84   3   0  19 0.00  0.0    0  6.4 12 210   M    M   0        20 170
 8  94  73  84   2   0  19 0.00  0.0    0  4.5  8 220   M    M   0         M  M
 9  92  71  82   0   0  17 0.00  0.0    0  3.0  8  60   M    M   0         M  M
10  94  72  83   1   0  18 0.00  0.0    0  7.5 14 190   M    M   0        20 190
11  92  71  82   0   0  17 0.00  0.0    0  9.1 16 180   M    M   0        23 170
12  95  67  81  -1   0  16 0.00  0.0    0  6.9 14 210   M    M   0        21 180
13  97  68  83   1   0  18 0.00  0.0    0  4.8  9 240   M    M   0         M  M
14  93  73  83   1   0  18    M  0.0    0  3.6 12 310   M    M   3        17 260
15  87  70  79  -3   0  14 0.00  0.0    0  5.4 10  30   M    M   3        20  30
16  88  64  76  -6   0  11 0.14  0.0    0  5.4  9 100   M    M   4 3       M  M
17  69  64  67 -15   0   2 2.63  0.0    0  5.7 10  90   M    M  10 13     21 110
18  71  63  67 -15   0   2 0.00  0.0    0  2.6  7  20   M    M  10 1       M  M
19  80  65  73  -9   0   8 0.00  0.0    0  2.0  6 130   M    M   6         M  M
20  91  64  78  -4   0  13 0.00  0.0    0  4.9 13 150   M    M   1 1      17 150
21  94  73  84   1   0  19 0.00  0.0    0  4.4  9 150   M    M   2 18      M  M
22  94  74  84   1   0  19 0.00  0.0    0  3.3  7 150   M    M   1 1       M  M
23  94  71  83   0   0  18 0.00  0.0    0  1.6  6 100   M    M   1 1       M  M
24  94  72  83   0   0  18 0.00  0.0    0  2.4  8 160   M    M   1         M  M
25  96  69  83   0   0  18 0.00  0.0    0  4.4 12 190   M    M   0        17 190
26  97  72  85   2   0  20 0.00  0.0    0  6.1 10 190   M    M   0 1       M  M
27  99  75  87   4   0  22 0.00  0.0    0  4.8  8 180   M    M   1         M  M
28  82  70  76  -7   0  11 0.08  0.0    0  4.5 12  10   M    M   3        18  10
29  77  70  74  -9   0   9 0.02  0.0    0  1.6  7 170   M    M   6         M  M
30  85  67  76  -7   0  11 0.44  0.0    0  5.5 13 140   M    M   6 3      25 120
================================================================================
SM 2678 2091         0 444  5.28     0.0 140.9          M       69
================================================================================
AV 89.3 69.7                               4.7 FASTST   M    M   2    MAX(MPH)
                                 MISC ---->    16   M                 25    M
================================================================================
NOTES:
# LAST OF SEVERAL OCCURRENCES

COLUMN 17 PEAK WIND IN M.P.H.

PRELIMINARY LOCAL CLIMATOLOGICAL DATA (WS FORM: F-6) , PAGE 2

                                          STATION:  BOWIE
                                          MONTH:    JULY
                                          YEAR:     2014
                                          LATITUDE:   33 36 N
                                          LONGITUDE:  97 47 W

[TEMPERATURE DATA]      [PRECIPITATION DATA]       SYMBOLS USED IN COLUMN 16

AVERAGE MONTHLY: 79.5   TOTAL FOR MONTH:   5.28    1 = FOG OR MIST
DPTR FM NORMAL:  -2.6   DPTR FM NORMAL:    3.36    2 = FOG REDUCING VISIBILITY
HIGHEST:    99 ON 27    GRTST 24HR  2.63 ON 17-17      TO 1/4 MILE OR LESS
LOWEST:     63 ON 18                               3 = THUNDER
                        SNOW, ICE PELLETS, HAIL    4 = ICE PELLETS
                        TOTAL MONTH:   0.0 INCH    5 = HAIL
                        GRTST 24HR     0.0         6 = FREEZING RAIN OR DRIZZLE
                        GRTST DEPTH:   0           7 = DUSTSTORM OR SANDSTORM:
                                                       VSBY 1/2 MILE OR LESS
                                                   8 = SMOKE OR HAZE
[NO. OF DAYS WITH]      [WEATHER - DAYS WITH]      9 = BLOWING SNOW
                                                   X = TORNADO
MAX 32 OR BELOW:   0    0.01 INCH OR MORE:   8
MAX 90 OR ABOVE:  20    0.10 INCH OR MORE:   5
MIN 32 OR BELOW:   0    0.50 INCH OR MORE:   3
MIN  0 OR BELOW:   0    1.00 INCH OR MORE:   2

[HDD (BASE 65) ]
TOTAL THIS MO.     0    CLEAR  (SCALE 0-3)  23
DPTR FM NORMAL     0    PTCLDY (SCALE 4-7)   5
TOTAL FM JUL 1     0    CLOUDY (SCALE 8-10)  2
DPTR FM NORMAL     0

[CDD (BASE 65) ]
TOTAL THIS MO.   444
DPTR FM NORMAL   -69    [PRESSURE DATA]
TOTAL FM JAN 1  1220    HIGHEST SLP M ON M
DPTR FM NORMAL    82    LOWEST  SLP M ON M

[REMARKS]
