000
CXUS54 KHGX 301415
CF611R
PRELIMINARY LOCAL CLIMATOLOGICAL DATA (WS FORM: F-6)

                                          STATION:   BRENHAM
                                          MONTH:     OCTOBER
                                          YEAR:      2014
                                          LATITUDE:   30 13 N
                                          LONGITUDE:  96 22 W

  TEMPERATURE IN F:       :PCPN:    SNOW:  WIND      :SUNSHINE: SKY     :PK WND
================================================================================
1   2   3   4   5  6A  6B    7    8   9   10  11  12  13   14  15   16   17  18
                                     12Z  AVG MX 2MIN
DY MAX MIN AVG DEP HDD CDD  WTR  SNW DPTH SPD SPD DIR MIN PSBL S-S WX    SPD DR
================================================================================

 1  94  73  84   M   0  19 0.00  0.0    0  4.8 10 160   M    M   4 1       M  M
 2  95  71  83   M   0  18 0.73  0.0    0 10.2 18 190   M    M   5 13     23 190
 3  84  62  73   M   0   8 0.00  0.0    0  6.0 14 350   M    M   0 3      23 350
 4  79  58  69   M   0   4 0.00  0.0    0  3.8  8  60   M    M   0         M  M
 5  86  56  71   M   0   6 0.00  0.0    0  6.7 14 170   M    M   0 8      22 170
 6  85  68  77   M   0  12 0.05  0.0    0  4.7 17 110   M    M   2 18     21  70
 7  91  68  80   M   0  15 0.00  0.0    0  4.7 10 190   M    M   4 12      M  M
 8  92  73  83   M   0  18 0.00  0.0    0  3.9  9 120   M    M   5 12      M  M
 9  92  73  83   M   0  18 0.00  0.0    0  6.5 14 140   M    M   4 1      18 140
10  92  74  83   M   0  18 0.00  0.0    0  8.4 17 210   M    M   4 1      23 210
11  77  64  71   M   0   6 0.12  0.0    0  6.7 15 340   M    M   7 1      17 310
12  85  65  75   M   0  10 0.32  0.0    0  5.5 12 150   M    M   7 13     16 160
13  81  60  71   M   0   6 0.35  0.0    0 13.7 22 300   M    M   3 3      33 300
14  78  53  66   M   0   1 0.00  0.0    0  7.3 17 320   M    M   0        23 320
15  86  50  68   M   0   3 0.00  0.0    0  1.7  8 270   M    M   0         M  M
16  88  60  74   M   0   9 0.00  0.0    0  6.7 15 160   M    M   0        21 160
17  87  63  75   M   0  10 0.00  0.0    0  5.1 13 220   M    M   0        10 160
18  87  63  75   M   0  10 0.00  0.0    0  1.0  7 120   M    M   1 1       M  M
19  83  64  74   M   0   9 0.00  0.0    0  3.6  8 100   M    M   0         M  M
20  83  60  72   M   0   7 0.00  0.0    0  1.9  6  70   M    M   0         M  M
21  84  55  70   M   0   5 0.00  0.0    0  2.2  9  90   M    M   0         M  M
22  83  59  71   M   0   6 0.00  0.0    0  2.7 10 110   M    M   0         M  M
23  82  61  72   M   0   7 0.00  0.0    0  2.3  7 110   M    M   0         M  M
24  83  56  70   M   0   5 0.00  0.0    0  0.6  4 350   M    M   0         M  M
25  87  58  73   M   0   8 0.00  0.0    0  0.9  5 260   M    M   0 1       M  M
26  86  58  72   M   0   7 0.00  0.0    0  5.1 13 150   M    M   0 12     17 210
27  87  64  76   M   0  11 0.00  0.0    0  8.4 18 180   M    M   0        24 180
28  85  63  74   M   0   9 0.00  0.0    0  2.0  8 210   M    M   1         M  M
29  76  65  71   M   0   6 0.00  0.0    0  3.5  8  10   M    M   5 12      M  M
================================================================================
SM 2478 1817         0 271  1.57     0.0 140.6          M       52
================================================================================
AV 85.4 62.7                               4.8 FASTST   M    M   2    MAX(MPH)
                                 MISC ---->    22   M                 33    M
================================================================================
NOTES:
# LAST OF SEVERAL OCCURRENCES

COLUMN 17 PEAK WIND IN M.P.H.

PRELIMINARY LOCAL CLIMATOLOGICAL DATA (WS FORM: F-6) , PAGE 2

                                          STATION:  BRENHAM
                                          MONTH:    OCTOBER
                                          YEAR:     2014
                                          LATITUDE:   30 13 N
                                          LONGITUDE:  96 22 W

[TEMPERATURE DATA]      [PRECIPITATION DATA]       SYMBOLS USED IN COLUMN 16

AVERAGE MONTHLY: 74.1   TOTAL FOR MONTH:   1.57    1 = FOG OR MIST
DPTR FM NORMAL:     M   DPTR FM NORMAL:       M    2 = FOG REDUCING VISIBILITY
HIGHEST:    95 ON  2    GRTST 24HR  0.73 ON  2- 2      TO 1/4 MILE OR LESS
LOWEST:     50 ON 15                               3 = THUNDER
                        SNOW, ICE PELLETS, HAIL    4 = ICE PELLETS
                        TOTAL MONTH:   0.0 INCH    5 = HAIL
                        GRTST 24HR     0.0         6 = FREEZING RAIN OR DRIZZLE
                        GRTST DEPTH:   0           7 = DUSTSTORM OR SANDSTORM:
                                                       VSBY 1/2 MILE OR LESS
                                                   8 = SMOKE OR HAZE
[NO. OF DAYS WITH]      [WEATHER - DAYS WITH]      9 = BLOWING SNOW
                                                   X = TORNADO
MAX 32 OR BELOW:   0    0.01 INCH OR MORE:   5
MAX 90 OR ABOVE:   6    0.10 INCH OR MORE:   4
MIN 32 OR BELOW:   0    0.50 INCH OR MORE:   1
MIN  0 OR BELOW:   0    1.00 INCH OR MORE:   0

[HDD (BASE 65) ]
TOTAL THIS MO.     0    CLEAR  (SCALE 0-3)  19
DPTR FM NORMAL     M    PTCLDY (SCALE 4-7)  10
TOTAL FM JUL 1     0    CLOUDY (SCALE 8-10)  0
DPTR FM NORMAL     M

[CDD (BASE 65) ]
TOTAL THIS MO.   271
DPTR FM NORMAL     M    [PRESSURE DATA]
TOTAL FM JAN 1  2964    HIGHEST SLP M ON M
DPTR FM NORMAL     M    LOWEST  SLP M ON M

[REMARKS]
