620
CXUS54 KHGX 291415
CF611R
PRELIMINARY LOCAL CLIMATOLOGICAL DATA (WS FORM: F-6)

                                          STATION:   BRENHAM
                                          MONTH:     MAY
                                          YEAR:      2016
                                          LATITUDE:   30 13 N
                                          LONGITUDE:  96 22 W

  TEMPERATURE IN F:       :PCPN:    SNOW:  WIND      :SUNSHINE: SKY     :PK WND
================================================================================
1   2   3   4   5  6A  6B    7    8   9   10  11  12  13   14  15   16   17  18
                                     12Z  AVG MX 2MIN
DY MAX MIN AVG DEP HDD CDD  WTR  SNW DPTH SPD SPD DIR MIN PSBL S-S WX    SPD DR
================================================================================

 1  83  70  77   M   0  12 0.00  0.0    0  6.4 10 350   M    M   7 3      16  20
 2  71  59  65   M   0   0 0.00  0.0    0 10.9 17 360   M    M   9        28 360
 3  76  56  66   M   0   1 0.00  0.0    0  6.8 15 360   M    M   2        24 360
 4  85  52  69   M   0   4 0.00  0.0    0  4.0 12 320   M    M   0        29 320
 5  86  57  72   M   0   7 0.00  0.0    0  3.8 13 340   M    M   0        16 340
 6  85  54  70   M   0   5 0.00  0.0    0  2.9  7 120   M    M   0         M  M
 7  85  58  72   M   0   7 0.00  0.0    0  6.6 14 150   M    M   0        23 140
 8  80  65  73   M   0   8 0.00  0.0    0  8.8 18 140   M    M   3        28 140
 9  86  71  79   M   0  14 0.00  0.0    0 11.5 18 180   M    M   4        27 210
10  91  70  81   M   0  16 0.04  0.0    0  9.0 15 180   M    M   8 13     21 150
11  89  67  78   M   0  13 0.01  0.0    0  8.6 16 180   M    M   4        22 170
12  87  71  79   M   0  14 0.00  0.0    0  3.5 10  10   M    M   5 1       M  M
13  89  70  80   M   0  15 0.00  0.0    0  2.0  6  60   M    M   3         M  M
14  86  68  77   M   0  12 0.94  0.0    0  3.1 15 310   M    M   6 13     20 310
15  78  68  73   M   0   8 0.41  0.0    0  2.6  6  50   M    M   9 1       M  M
16  79  67  73   M   0   8 0.15  0.0    0  5.7 12 110   M    M   8 1      16 120
17  85  66  76   M   0  11 0.00  0.0    0  4.2 10  10   M    M   6 13     16  10
18  76  67  72   M   0   7 0.21  0.0    0  7.3 15 350   M    M   9 3      21 350
19  72  63  68   M   0   3 1.56  0.0    0  5.9 20  60   M    M   9 13     27  60
20  82  60  71   M   0   6 0.00  0.0    0  2.9  8 350   M    M   5 12      M  M
21  83  68  76   M   0  11 0.21  0.0    0  3.5  9  90   M    M   7 3       M  M
22  89  71  80   M   0  15 0.02  0.0    0  4.4  9 120   M    M   7 12      M  M
23  85  71  78   M   0  13 0.00  0.0    0  6.7 12 130   M    M   7 1      17 130
24  91  74  83   M   0  18 0.00  0.0    0  7.7 14 150   M    M   7        21 150
25  90  78  84   M   0  19 0.00  0.0    0  9.2 13 160   M    M   7        20 170
26  82  69  76   M   0  1116.62  0.0    0 10.0 23 330   M    M   9 13     35 110
27  73  65  69   M   0   4 1.94  0.0    0  6.6 15  50   M    M   8 13     24  20
28  91  63  77   M   0  12 0.00  0.0    0  5.1 10 170   M    M   5 1      16 170
================================================================================
SM 2335 1838         0 274 22.11     0.0 169.7          M      154
================================================================================
AV 83.4 65.6                               6.1 FASTST   M    M   6    MAX(MPH)
                                 MISC ---->  # 23 330               # 35  110
================================================================================
NOTES:
# LAST OF SEVERAL OCCURRENCES

COLUMN 17 PEAK WIND IN M.P.H.

PRELIMINARY LOCAL CLIMATOLOGICAL DATA (WS FORM: F-6) , PAGE 2

                                          STATION:  BRENHAM
                                          MONTH:    MAY
                                          YEAR:     2016
                                          LATITUDE:   30 13 N
                                          LONGITUDE:  96 22 W

[TEMPERATURE DATA]      [PRECIPITATION DATA]       SYMBOLS USED IN COLUMN 16

AVERAGE MONTHLY: 74.5   TOTAL FOR MONTH:  22.11    1 = FOG OR MIST
DPTR FM NORMAL:     M   DPTR FM NORMAL:       M    2 = FOG REDUCING VISIBILITY
HIGHEST:    91 ON 28,24 GRTST 24HR 16.62 ON 26-26      TO 1/4 MILE OR LESS
LOWEST:     52 ON  4                               3 = THUNDER
                        SNOW, ICE PELLETS, HAIL    4 = ICE PELLETS
                        TOTAL MONTH:   0.0 INCH    5 = HAIL
                        GRTST 24HR     0.0         6 = FREEZING RAIN OR DRIZZLE
                        GRTST DEPTH:   0           7 = DUSTSTORM OR SANDSTORM:
                                                       VSBY 1/2 MILE OR LESS
                                                   8 = SMOKE OR HAZE
[NO. OF DAYS WITH]      [WEATHER - DAYS WITH]      9 = BLOWING SNOW
                                                   X = TORNADO
MAX 32 OR BELOW:   0    0.01 INCH OR MORE:  11
MAX 90 OR ABOVE:   4    0.10 INCH OR MORE:   8
MIN 32 OR BELOW:   0    0.50 INCH OR MORE:   4
MIN  0 OR BELOW:   0    1.00 INCH OR MORE:   3

[HDD (BASE 65) ]
TOTAL THIS MO.     0    CLEAR  (SCALE 0-3)   7
DPTR FM NORMAL     M    PTCLDY (SCALE 4-7)  14
TOTAL FM JUL 1  1050    CLOUDY (SCALE 8-10)  7
DPTR FM NORMAL     M

[CDD (BASE 65) ]
TOTAL THIS MO.   274
DPTR FM NORMAL     M    [PRESSURE DATA]
TOTAL FM JAN 1   619    HIGHEST SLP M ON M
DPTR FM NORMAL     M    LOWEST  SLP M ON M

[REMARKS]
