000
CXUS56 KMFR 311000
CF6AAT
PRELIMINARY LOCAL CLIMATOLOGICAL DATA (WS FORM: F-6)

                                          STATION:   ALTURAS CA
                                          MONTH:     OCTOBER
                                          YEAR:      2014
                                          LATITUDE:   41 29 N
                                          LONGITUDE: 120 34 W

  TEMPERATURE IN F:       :PCPN:    SNOW:  WIND      :SUNSHINE: SKY     :PK WND
================================================================================
1   2   3   4   5  6A  6B    7    8   9   10  11  12  13   14  15   16   17  18
                                     12Z  AVG MX 2MIN
DY MAX MIN AVG DEP HDD CDD  WTR  SNW DPTH SPD SPD DIR MIN PSBL S-S WX    SPD DR
================================================================================

 1  67  31  49  -3  16   0 0.00    M    M  2.3 12  20   M    M   0        16  20
 2  77  25  51   0  14   0 0.00    M    M  1.4  7 120   M    M   0        11 280
 3  84  29  57   6   8   0 0.00    M    M  2.7 12 150   M    M   0        14 120
 4  85  31  58   7   7   0 0.00    M    M  2.0 12 280   M    M   0        15 270
 5  85  32  59   9   6   0 0.00    M    M  1.0  7 140   M    M   0        10 130
 6  88  31  60  10   5   0 0.00    M    M  1.9 22 290   M    M   0        23 280
 7  86  31  59   9   6   0 0.00    M    M  3.4 17 280   M    M   0        21 270
 8  78  29  54   5  11   0 0.00    M    M  2.8 13 330   M    M   0        18 250
 9  76  31  54   5  11   0 0.00    M    M  2.7 14 330   M    M   0        16 330
10  76  28  52   3  13   0 0.00    M    M  2.1 10 330   M    M   0        15 320
11  74  38  56   8   9   0 0.00    M    M  6.1 23 320   M    M   0        29 320
12  70  25  48   0  17   0 0.00    M    M  1.3  8  90   M    M   0        10  60
13  83  29  56   8   9   0 0.00    M    M  7.6 20 240   M    M   0        36 200
14  76  49  63  15   2   0 0.00    M    M 14.4 38 200   M    M   0        52 200
15  55  38  47   0  18   0 0.15    M    M 10.2 31 250   M    M   5 1      45 260
16  66  36  51   4  14   0 0.00    M    M  3.5 14 280   M    M   4        16 280
17  61  33  47   1  18   0 0.00    M    M  3.2 13 280   M    M   0        16 220
18  72  28  50   4  15   0 0.00    M    M  1.6 12 200   M    M   0 1      14 200
19  75  27  51   5  14   0 0.00    M    M  4.8 22 170   M    M   0        29 170
20  68  35  52   6  13   0 0.25    M    M 10.0 31 190   M    M   4 18     42 180
21  54  35  45   0  20   0 0.03    M    M  2.0  8 160   M    M   4 18     12 160
22  58  32  45   0  20   0    T    M    M  3.8 14 250   M    M   5        18 250
23  55  46  51   7  14   0 0.21    M    M  6.1 18 180   M    M  10 1      22 190
24  72  42  57  13   8   0 0.00    M    M  9.2 26 210   M    M   3 1      33 220
25  61  42  52   8  13   0 0.41    M    M 15.5 36 210   M    M   5 1      46 210
26  52  30  41  -2  24   0 0.02    M    M  5.0 15 310   M    M   2        18 310
27  57  27  42  -1  23   0 0.00    M    M  1.1  8 160   M    M   1 18     12 150
28  67  25  46   3  19   0 0.00    M    M  2.6 16 240   M    M   2 18     19 240
29  72  36  54  12  11   0 0.00    M    M  3.5 15 170   M    M   5 18     18 150
30  69  34  52  10  13   0 0.00    M    M  4.7 20 170   M    M   1        23 170
================================================================================
SM 2119  985       391   0  1.07    M    138.5          M       51
================================================================================
AV 70.6 32.8                               4.6 FASTST   M    M   2    MAX(MPH)
                                 MISC ---->  # 38 200               # 52  200
================================================================================
NOTES:
# LAST OF SEVERAL OCCURRENCES

COLUMN 17 PEAK WIND IN M.P.H.

PRELIMINARY LOCAL CLIMATOLOGICAL DATA (WS FORM: F-6) , PAGE 2

                                          STATION:  ALTURAS CA
                                          MONTH:    OCTOBER
                                          YEAR:     2014
                                          LATITUDE:   41 29 N
                                          LONGITUDE: 120 34 W

[TEMPERATURE DATA]      [PRECIPITATION DATA]       SYMBOLS USED IN COLUMN 16

AVERAGE MONTHLY: 51.7   TOTAL FOR MONTH:   1.07    1 = FOG OR MIST
DPTR FM NORMAL:   4.8   DPTR FM NORMAL:    0.11    2 = FOG REDUCING VISIBILITY
HIGHEST:    88 ON  6    GRTST 24HR  0.43 ON 25-26      TO 1/4 MILE OR LESS
LOWEST:     25 ON 28,12                            3 = THUNDER
                        SNOW, ICE PELLETS, HAIL    4 = ICE PELLETS
                        TOTAL MONTH:    M          5 = HAIL
                        GRTST 24HR    M  ON   M    6 = FREEZING RAIN OR DRIZZLE
                        GRTST DEPTH:  M  ON   M    7 = DUSTSTORM OR SANDSTORM:
                                                       VSBY 1/2 MILE OR LESS
                                                   8 = SMOKE OR HAZE
[NO. OF DAYS WITH]      [WEATHER - DAYS WITH]      9 = BLOWING SNOW
                                                   X = TORNADO
MAX 32 OR BELOW:   0    0.01 INCH OR MORE:   6
MAX 90 OR ABOVE:   0    0.10 INCH OR MORE:   4
MIN 32 OR BELOW:  18    0.50 INCH OR MORE:   0
MIN  0 OR BELOW:   0    1.00 INCH OR MORE:   0

[HDD (BASE 65) ]
TOTAL THIS MO.   391    CLEAR  (SCALE 0-3)  21
DPTR FM NORMAL  -152    PTCLDY (SCALE 4-7)   8
TOTAL FM JUL 1   532    CLOUDY (SCALE 8-10)  1
DPTR FM NORMAL  -388

[CDD (BASE 65) ]
TOTAL THIS MO.     0
DPTR FM NORMAL     0    [PRESSURE DATA]
TOTAL FM JAN 1   380    HIGHEST SLP M ON M
DPTR FM NORMAL   224    LOWEST  SLP 29.58 ON 25

[REMARKS]
