000
CXUS56 KMFR 251000
CF6AAT
PRELIMINARY LOCAL CLIMATOLOGICAL DATA (WS FORM: F-6)

                                          STATION:   ALTURAS CA
                                          MONTH:     MAY
                                          YEAR:      2016
                                          LATITUDE:   41 29 N
                                          LONGITUDE: 120 34 W

  TEMPERATURE IN F:       :PCPN:    SNOW:  WIND      :SUNSHINE: SKY     :PK WND
================================================================================
1   2   3   4   5  6A  6B    7    8   9   10  11  12  13   14  15   16   17  18
                                     12Z  AVG MX 2MIN
DY MAX MIN AVG DEP HDD CDD  WTR  SNW DPTH SPD SPD DIR MIN PSBL S-S WX    SPD DR
================================================================================

 1  69  34  52   4  13   0    T    M    M  5.9 17 100   M    M   2        24  80
 2  69  37  53   5  12   0 0.00    M    M  3.1 20 270   M    M   5        24 270
 3  73  34  54   6  11   0    T    M    M  5.5 26 240   M    M   4        33 240
 4  66  47  57   9   8   0 0.08    M    M  5.3 33 240   M    M   4 38     41 230
 5  61  44  53   4  12   0 0.04    M    M  3.7 16  50   M    M   7        22  60
 6  58  40  49   0  16   0 0.58    M    M  4.2 15 360   M    M   6 1      19 350
 7   M   M   M   M   M   M 0.01    M    M  6.2 15 360   M    M   8 13     23 360
 8   M   M   M   M   M   M 0.00    M    M 10.0 17 280   M    M   3        23 300
 9  66  45  56   6   9   0 0.00    M    M  8.8 15 310   M    M   2        23 350
10  65  33  49  -1  16   0 0.00    M    M  5.2 16  50   M    M   0        21  40
11  74  30  52   2  13   0 0.00    M    M  3.7 15 170   M    M   0        22 200
12  80  34  57   6   8   0 0.00    M    M  5.1 21 230   M    M   0        27 220
13  81  38  60   9   5   0 0.00    M    M  7.9 23 220   M    M   2        34 190
14  67  45  56   5   9   0    T    M    M 10.4 30 320   M    M   3        36 330
15  64  36  50  -2  15   0    T    M    M  8.2 21 290   M    M   8        30 260
16  63  41  52   0  13   0 0.01    M    M  5.9 20  20   M    M   7        26  10
17  73  37  55   3  10   0 0.00    M    M  5.1 12 350   M    M   0        17 360
18  80  37  59   7   6   0    T    M    M  3.9 29 330   M    M   0 3      36 330
19  62  40  51  -2  14   0    T    M    M 11.1 20 310   M    M   3        33 330
20  50  35  43 -10  22   0 0.32    M    M  8.2 22 310   M    M   9 1      27 290
21  55  38  47  -6  18   0 0.01    M    M 11.4 26 260   M    M   7        31 250
22  57  39  48  -5  17   0 0.06    M    M  8.6 21 260   M    M   7 1      27 270
23  58  39  49  -5  16   0    T    M    M  4.0 16 330   M    M   8        20 320
24  66  32  49  -5  16   0 0.04    M    M  5.8 21 280   M    M   4 1      26 270
================================================================================
SM 1457  835       279   0  1.15    M    157.2          M       99
================================================================================
AV 66.2 38.0                               6.6 FASTST   M    M   4    MAX(MPH)
                                 MISC ---->  # 33 240               # 41  230
================================================================================
NOTES:
# LAST OF SEVERAL OCCURRENCES

COLUMN 17 PEAK WIND IN M.P.H.

PRELIMINARY LOCAL CLIMATOLOGICAL DATA (WS FORM: F-6) , PAGE 2

                                          STATION:  ALTURAS CA
                                          MONTH:    MAY
                                          YEAR:     2016
                                          LATITUDE:   41 29 N
                                          LONGITUDE: 120 34 W

[TEMPERATURE DATA]      [PRECIPITATION DATA]       SYMBOLS USED IN COLUMN 16

AVERAGE MONTHLY: 52.1   TOTAL FOR MONTH:   1.15    1 = FOG OR MIST
DPTR FM NORMAL:   1.3   DPTR FM NORMAL:    0.07    2 = FOG REDUCING VISIBILITY
HIGHEST:    81 ON 13    GRTST 24HR  0.58 ON  5- 6      TO 1/4 MILE OR LESS
LOWEST:     30 ON 11                               3 = THUNDER
                        SNOW, ICE PELLETS, HAIL    4 = ICE PELLETS
                        TOTAL MONTH:    M          5 = HAIL
                        GRTST 24HR    M  ON   M    6 = FREEZING RAIN OR DRIZZLE
                        GRTST DEPTH:  M  ON   M    7 = DUSTSTORM OR SANDSTORM:
                                                       VSBY 1/2 MILE OR LESS
                                                   8 = SMOKE OR HAZE
[NO. OF DAYS WITH]      [WEATHER - DAYS WITH]      9 = BLOWING SNOW
                                                   X = TORNADO
MAX 32 OR BELOW:   0    0.01 INCH OR MORE:   9
MAX 90 OR ABOVE:   0    0.10 INCH OR MORE:   2
MIN 32 OR BELOW:   2    0.50 INCH OR MORE:   1
MIN  0 OR BELOW:   0    1.00 INCH OR MORE:   0

[HDD (BASE 65) ]
TOTAL THIS MO.   279    CLEAR  (SCALE 0-3)  11
DPTR FM NORMAL   -60    PTCLDY (SCALE 4-7)  11
TOTAL FM JUL 1  5810    CLOUDY (SCALE 8-10)  2
DPTR FM NORMAL  -873

[CDD (BASE 65) ]
TOTAL THIS MO.     0
DPTR FM NORMAL     0    [PRESSURE DATA]
TOTAL FM JAN 1     0    HIGHEST SLP M ON M
DPTR FM NORMAL     0    LOWEST  SLP 29.73 ON 20

[REMARKS]
