000
CXUS51 KPHI 220800
CF6ABE
PRELIMINARY LOCAL CLIMATOLOGICAL DATA (WS FORM: F-6)

                                          STATION:   ALLENTOWN PA
                                          MONTH:     OCTOBER
                                          YEAR:      2014
                                          LATITUDE:   40 39 N
                                          LONGITUDE:  75 26 W

  TEMPERATURE IN F:       :PCPN:    SNOW:  WIND      :SUNSHINE: SKY     :PK WND
================================================================================
1   2   3   4   5  6A  6B    7    8   9   10  11  12  13   14  15   16   17  18
                                     12Z  AVG MX 2MIN
DY MAX MIN AVG DEP HDD CDD  WTR  SNW DPTH SPD SPD DIR MIN PSBL S-S WX    SPD DR
================================================================================

 1  74  57  66   8   0   1 0.00  0.0    0  5.5 15  50   M    M   7 1      20  80
 2  72  57  65   8   0   0 0.00  0.0    0  4.6 14  60   M    M   9        17  60
 3  73  56  65   8   0   0 0.08  0.0    0  7.1 15 150   M    M   9 1      23 140
 4  67  44  56  -1   9   0 0.29    M    0  7.6 17 290   M    M   7 1      25 290
 5  58  33  46 -10  19   0 0.00  0.0    0  5.4 18 270   M    M   4        24 260
 6  72  38  55  -1  10   0 0.00  0.0    0  9.2 22 170   M    M   2        28 170
 7  72  58  65  10   0   0 0.07  0.0    0  9.1 21 180   M    M   5        28 190
 8  73  49  61   6   4   0    T  0.0    0 10.0 24 250   M    M   2        37 240
 9  68  41  55   0  10   0 0.00  0.0    0  8.4 24 260   M    M   0        31 270
10  59  42  51  -3  14   0    T  0.0    0  1.2  7 230   M    M   6        10 210
11  56  41  49  -5  16   0 0.27  0.0    0  3.4  9 360   M    M   8 12     13 360
12  64  34  49  -5  16   0 0.00  0.0    0  1.8  8 160   M    M   3 12     16 140
13  62  50  56   3   9   0 0.09  0.0    0  3.0  9 150   M    M  10 18     13 140
14  79  61  70  17   0   5 0.00  0.0    0  8.6 18 160   M    M   9 1      28 160
15  75  67  71  18   0   6 0.75  0.0    0  9.2 17 160   M    M  10 18     25 170
16  71  53  62  10   3   0 0.67  0.0    0  6.9 16 220   M    M   6 1      23 130
17  71  51  61   9   4   0 0.00  0.0    0  7.6 21 240   M    M   3 128    25 240
18  69  49  59   7   6   0 0.00  0.0    0  8.1 23 270   M    M   7 1      35 290
19  53  36  45  -6  20   0 0.00  0.0    0 10.0 24 340   M    M   4        32 300
20  61  32  47  -4  18   0 0.02  0.0    0  4.0 15 180   M    M   1        21 210
21  67  48  58   7   7   0 0.02    M    0  2.8  9  30   M    M   8        12  40
================================================================================
SM 1416  997       165  12  2.26     0.0 133.5          M      120
================================================================================
AV 67.4 47.5                               6.4 FASTST   M    M   6    MAX(MPH)
                                 MISC ---->  # 24 250               # 37  240
================================================================================
NOTES:
# LAST OF SEVERAL OCCURRENCES

COLUMN 17 PEAK WIND IN M.P.H.

PRELIMINARY LOCAL CLIMATOLOGICAL DATA (WS FORM: F-6) , PAGE 2

                                          STATION:  ALLENTOWN PA
                                          MONTH:    OCTOBER
                                          YEAR:     2014
                                          LATITUDE:   40 39 N
                                          LONGITUDE:  75 26 W

[TEMPERATURE DATA]      [PRECIPITATION DATA]       SYMBOLS USED IN COLUMN 16

AVERAGE MONTHLY: 57.5   TOTAL FOR MONTH:   2.26    1 = FOG OR MIST
DPTR FM NORMAL:   3.4   DPTR FM NORMAL:   -0.53    2 = FOG REDUCING VISIBILITY
HIGHEST:    79 ON 14    GRTST 24HR  1.42 ON 15-16      TO 1/4 MILE OR LESS
LOWEST:     32 ON 20                               3 = THUNDER
                        SNOW, ICE PELLETS, HAIL    4 = ICE PELLETS
                        TOTAL MONTH:   0.0 INCH    5 = HAIL
                        GRTST 24HR     0.0         6 = FREEZING RAIN OR DRIZZLE
                        GRTST DEPTH:   0           7 = DUSTSTORM OR SANDSTORM:
                                                       VSBY 1/2 MILE OR LESS
                                                   8 = SMOKE OR HAZE
[NO. OF DAYS WITH]      [WEATHER - DAYS WITH]      9 = BLOWING SNOW
                                                   X = TORNADO
MAX 32 OR BELOW:   0    0.01 INCH OR MORE:   9
MAX 90 OR ABOVE:   0    0.10 INCH OR MORE:   4
MIN 32 OR BELOW:   1    0.50 INCH OR MORE:   2
MIN  0 OR BELOW:   0    1.00 INCH OR MORE:   0

[HDD (BASE 65) ]
TOTAL THIS MO.   165    CLEAR  (SCALE 0-3)   5
DPTR FM NORMAL   -71    PTCLDY (SCALE 4-7)  11
TOTAL FM JUL 1   244    CLOUDY (SCALE 8-10)  5
DPTR FM NORMAL  -107

[CDD (BASE 65) ]
TOTAL THIS MO.    12
DPTR FM NORMAL     9    [PRESSURE DATA]
TOTAL FM JAN 1   807    HIGHEST SLP M ON M
DPTR FM NORMAL    54    LOWEST  SLP 29.54 ON  4

[REMARKS]
