000
CXUS55 KABQ 181000
CF6ABQ
PRELIMINARY LOCAL CLIMATOLOGICAL DATA (WS FORM: F-6)

                                          STATION:   ALBUQUERQUE  NM
                                          MONTH:     APRIL
                                          YEAR:      2014
                                          LATITUDE:   35  2 N
                                          LONGITUDE: 106 37 W

  TEMPERATURE IN F:       :PCPN:    SNOW:  WIND      :SUNSHINE: SKY     :PK WND
================================================================================
1   2   3   4   5  6A  6B    7    8   9   10  11  12  13   14  15   16   17  18
                                     12Z  AVG MX 2MIN
DY MAX MIN AVG DEP HDD CDD  WTR  SNW DPTH SPD SPD DIR MIN PSBL S-S WX    SPD DR
================================================================================

 1  75  41  58   6   7   0 0.00  0.0    0 12.4 31 220   M    M   1        40 200
 2  71  38  55   3  10   0 0.00  0.0    0 17.5 38 230   M    M   2        46 240
 3  55  36  46  -6  19   0 0.00  0.0    0 12.8 30 320   M    M   5        37 260
 4  62  33  48  -4  17   0 0.00  0.0    0  7.9 21 170   M    M   3        25 180
 5  63  37  50  -3  15   0 0.00  0.0    0  9.9 37 290   M    M   8        44 310
 6  63  34  49  -4  16   0 0.00  0.0    0 11.5 30 320   M    M   5        38 310
 7  66  39  53   0  12   0 0.00  0.0    0 11.9 30 300   M    M   1        39 300
 8  73  39  56   2   9   0 0.00  0.0    0  5.9 16 270   M    M   0        23 280
 9  81  44  63   9   2   0 0.00  0.0    0  6.1 22 260   M    M   3        38 280
10  81  47  64  10   1   0 0.00  0.0    0  8.0 24 280   M    M   3        29 290
11  78  46  62   8   3   0 0.00  0.0    0  6.2 25 260   M    M   6        30 250
12  74  50  62   7   3   0 0.00  0.0    0  9.3 28 220   M    M   7        36 210
13  76  47  62   7   3   0 0.00  0.0    0 14.4 40 320   M    M   5 78     55 320
14  56  39  48  -7  17   0 0.00  0.0    0  8.3 29 310   M    M   3        35 300
15  68  33  51  -5  14   0 0.00  0.0    0  9.5 22 190   M    M   3        28 200
16  73  40  57   1   8   0 0.00  0.0    0  8.6 32 300   M    M   5        39 300
17  69  47  58   2   7   0 0.00  0.0    0  9.8 21  80   M    M   4        25  70
================================================================================
SM 1184  690       163   0  0.00     0.0 170.0          M       64
================================================================================
AV 69.6 40.6                              10.0 FASTST   M    M   4    MAX(MPH)
                                 MISC ---->  # 40 320               # 55  320
================================================================================
NOTES:
# LAST OF SEVERAL OCCURRENCES

COLUMN 17 PEAK WIND IN M.P.H.

PRELIMINARY LOCAL CLIMATOLOGICAL DATA (WS FORM: F-6) , PAGE 2

                                          STATION:  ALBUQUERQUE  NM
                                          MONTH:    APRIL
                                          YEAR:     2014
                                          LATITUDE:   35  2 N
                                          LONGITUDE: 106 37 W

[TEMPERATURE DATA]      [PRECIPITATION DATA]       SYMBOLS USED IN COLUMN 16

AVERAGE MONTHLY: 55.1   TOTAL FOR MONTH:   0.00    1 = FOG OR MIST
DPTR FM NORMAL:   1.2   DPTR FM NORMAL:   -0.37    2 = FOG REDUCING VISIBILITY
HIGHEST:    81 ON 10, 9 GRTST 24HR  0.00 ON 17-17      TO 1/4 MILE OR LESS
LOWEST:     33 ON 15, 4                            3 = THUNDER
                        SNOW, ICE PELLETS, HAIL    4 = ICE PELLETS
                        TOTAL MONTH:   0.0 INCH    5 = HAIL
                        GRTST 24HR     0.0         6 = FREEZING RAIN OR DRIZZLE
                        GRTST DEPTH:   0           7 = DUSTSTORM OR SANDSTORM:
                                                       VSBY 1/2 MILE OR LESS
                                                   8 = SMOKE OR HAZE
[NO. OF DAYS WITH]      [WEATHER - DAYS WITH]      9 = BLOWING SNOW
                                                   X = TORNADO
MAX 32 OR BELOW:   0    0.01 INCH OR MORE:   0
MAX 90 OR ABOVE:   0    0.10 INCH OR MORE:   0
MIN 32 OR BELOW:   0    0.50 INCH OR MORE:   0
MIN  0 OR BELOW:   0    1.00 INCH OR MORE:   0

[HDD (BASE 65) ]
TOTAL THIS MO.   163    CLEAR  (SCALE 0-3)   7
DPTR FM NORMAL   -26    PTCLDY (SCALE 4-7)  10
TOTAL FM JUL 1  3776    CLOUDY (SCALE 8-10)  0
DPTR FM NORMAL  -240

[CDD (BASE 65) ]
TOTAL THIS MO.     0
DPTR FM NORMAL     0    [PRESSURE DATA]
TOTAL FM JAN 1     0    HIGHEST SLP M ON M
DPTR FM NORMAL     0    LOWEST  SLP 29.41 ON 13

[REMARKS]
