000
CXUS55 KABR 301400
CF6ABR
PRELIMINARY LOCAL CLIMATOLOGICAL DATA (WS FORM: F-6)

                                          STATION:   ABERDEEN SD
                                          MONTH:     JULY
                                          YEAR:      2016
                                          LATITUDE:   45 27 N
                                          LONGITUDE:  98 26 W

  TEMPERATURE IN F:       :PCPN:    SNOW:  WIND      :SUNSHINE: SKY     :PK WND
================================================================================
1   2   3   4   5  6A  6B    7    8   9   10  11  12  13   14  15   16   17  18
                                     12Z  AVG MX 2MIN
DY MAX MIN AVG DEP HDD CDD  WTR  SNW DPTH SPD SPD DIR MIN PSBL S-S WX    SPD DR
================================================================================

 1  79  42  61  -9   4   0 0.00  0.0    0  3.9 13 150   M    M   0 1      16 160
 2  83  50  67  -3   0   2 0.00  0.0    0  7.1 16 180   M    M   1        20 150
 3  83  54  69  -1   0   4 0.00  0.0    0 12.1 22 160   M    M   1        29 150
 4  96  62  79   9   0  14 0.00  0.0    0  9.7 16 360   M    M   2        22 360
 5  83  56  70   0   0   5 0.07  0.0    0  9.1 26 300   M    M   3 13     34  10
 6  84  56  70  -1   0   5 0.23  0.0    0  5.8 38 110   M    M   1 3      47 110
 7  80  58  69  -2   0   4 0.14  0.0    0  7.7 18 300   M    M   3 13     23 300
 8  83  52  68  -3   0   3 0.00  0.0    0  7.5 13 340   M    M   0        17 350
 9  89  58  74   3   0   9 0.11  0.0    0 12.8 29 150   M    M   1 13     37 170
10  86  64  75   4   0  10 0.28  0.0    0 12.9 35 320   M    M   3 13     42 330
11  81  59  70  -1   0   5 1.14  0.0    0 12.1 29  70   M    M   7 13     37  90
12  86  56  71   0   0   6 0.00  0.0    0 13.3 28 250   M    M   0        39 250
13  85  55  70  -1   0   5 0.00  0.0    0 14.3 28 300   M    M   1        36 300
14  73  51  62 -10   3   0    T  0.0    0 10.3 23 330   M    M   4        28 330
15  78  49  64  -8   1   0 0.00  0.0    0  3.0  8 140   M    M   3        13 160
16  80  53  67  -5   0   2 0.73  0.0    0 12.1 38 300   M    M   1 13     73 270
17  82  60  71  -1   0   6    T  0.0    0  8.2 25 330   M    M   2        33 320
18  86  55  71  -1   0   6 0.00  0.0    0  7.6 17 140   M    M   0        22 150
19  92  67  80   8   0  15 0.00  0.0    0 10.2 17 160   M    M   1        22 160
20  96  72  84  12   0  19 0.00  0.0    0  7.2 14 150   M    M   0 1      17 160
21  91  73  82  10   0  17 0.00  0.0    0  8.6 17 360   M    M   0        22 360
22  91  70  81   9   0  16 0.12  0.0    0  6.5 25 310   M    M   1 3      32 290
23  92  64  78   6   0  13    T  0.0    0  8.9 21 310   M    M   3 1      28 300
24  86  60  73   1   0   8 0.00  0.0    0  9.9 20 330   M    M   0 1      25 330
25  93  56  75   3   0  10 0.00  0.0    0  9.5 20 180   M    M   1        24 190
26  79  63  71  -1   0   6 0.87  0.0    0  9.0 22 150   M    M   3 138    31 150
27  81  65  73   1   0   8 0.00  0.0    0  9.5 21  60   M    M   4        26  50
28  79  61  70  -2   0   5    T  0.0    0  5.2 12  70   M    M   3        15  70
29  82  62  72   0   0   7 0.00  0.0    0  4.8 12 190   M    M   6        15 180
================================================================================
SM 2459 1703         8 210  3.69     0.0 258.8          M       55
================================================================================
AV 84.8 58.7                               8.9 FASTST   M    M   2    MAX(MPH)
                                 MISC ---->  # 38 110               # 73  270
================================================================================
NOTES:
# LAST OF SEVERAL OCCURRENCES

COLUMN 17 PEAK WIND IN M.P.H.

PRELIMINARY LOCAL CLIMATOLOGICAL DATA (WS FORM: F-6) , PAGE 2

                                          STATION:  ABERDEEN SD
                                          MONTH:    JULY
                                          YEAR:     2016
                                          LATITUDE:   45 27 N
                                          LONGITUDE:  98 26 W

[TEMPERATURE DATA]      [PRECIPITATION DATA]       SYMBOLS USED IN COLUMN 16

AVERAGE MONTHLY: 71.8   TOTAL FOR MONTH:   3.69    1 = FOG OR MIST
DPTR FM NORMAL:   0.4   DPTR FM NORMAL:    0.83    2 = FOG REDUCING VISIBILITY
HIGHEST:    96 ON 20, 4 GRTST 24HR  1.20 ON 10-11      TO 1/4 MILE OR LESS
LOWEST:     42 ON  1                               3 = THUNDER
                        SNOW, ICE PELLETS, HAIL    4 = ICE PELLETS
                        TOTAL MONTH:   0.0 INCH    5 = HAIL
                        GRTST 24HR     0.0         6 = FREEZING RAIN OR DRIZZLE
                        GRTST DEPTH:   0           7 = DUSTSTORM OR SANDSTORM:
                                                       VSBY 1/2 MILE OR LESS
                                                   8 = SMOKE OR HAZE
[NO. OF DAYS WITH]      [WEATHER - DAYS WITH]      9 = BLOWING SNOW
                                                   X = TORNADO
MAX 32 OR BELOW:   0    0.01 INCH OR MORE:   9
MAX 90 OR ABOVE:   7    0.10 INCH OR MORE:   8
MIN 32 OR BELOW:   0    0.50 INCH OR MORE:   3
MIN  0 OR BELOW:   0    1.00 INCH OR MORE:   1

[HDD (BASE 65) ]
TOTAL THIS MO.     8    CLEAR  (SCALE 0-3)  23
DPTR FM NORMAL     0    PTCLDY (SCALE 4-7)   6
TOTAL FM JUL 1     8    CLOUDY (SCALE 8-10)  0
DPTR FM NORMAL     0

[CDD (BASE 65) ]
TOTAL THIS MO.   210
DPTR FM NORMAL    16    [PRESSURE DATA]
TOTAL FM JAN 1   435    HIGHEST SLP M ON M
DPTR FM NORMAL   126    LOWEST  SLP 29.46 ON 11

[REMARKS]
