000
CXUS51 KPHI 190800
CF6ACY
PRELIMINARY LOCAL CLIMATOLOGICAL DATA (WS FORM: F-6)

                                          STATION:   ATLANTIC CITY NJ
                                          MONTH:     OCTOBER
                                          YEAR:      2014
                                          LATITUDE:   39 27 N
                                          LONGITUDE:  74 34 W

  TEMPERATURE IN F:       :PCPN:    SNOW:  WIND      :SUNSHINE: SKY     :PK WND
================================================================================
1   2   3   4   5  6A  6B    7    8   9   10  11  12  13   14  15   16   17  18
                                     12Z  AVG MX 2MIN
DY MAX MIN AVG DEP HDD CDD  WTR  SNW DPTH SPD SPD DIR MIN PSBL S-S WX    SPD DR
================================================================================

 1  70  61  66   5   0   1 0.01  0.0    0  8.6 16  20   M    M   9 18     19  20
 2  67  58  63   2   2   0 0.00  0.0    0  6.1 14  10   M    M   9        17  10
 3  70  52  61   1   4   0 0.00  0.0    0  6.5 14 110   M    M   6 1      17 100
 4  72  48  60   0   5   0 0.37    M    0 10.9 20 300   M    M   8 1      24 280
 5  62  39  51  -9  14   0 0.00  0.0    0  6.2 18 290   M    M   0        25 280
 6  69  39  54  -5  11   0 0.00  0.0    0  9.6 21 180   M    M   0        28 180
 7  74  61  68   9   0   3 0.10  0.0    0 11.6 18 190   M    M   3 1      27 210
 8  76  55  66   7   0   1 0.27  0.0    0 10.7 29 220   M    M   2 1      41 220
 9  70  48  59   1   6   0 0.00  0.0    0  6.5 16 220   M    M   0        22 280
10  61  47  54  -4  11   0 0.05  0.0    0  3.4  8  40   M    M   8 1      11  80
11  59  51  55  -3  10   0 0.64  0.0    0  8.3 18  20   M    M   9 1      23  10
12  63  43  53  -4  12   0 0.00  0.0    0  4.8 13  40   M    M   1 1      16  40
13  67  50  59   2   6   0 0.10  0.0    0  6.1 12 140   M    M  10 1      18 130
14  76  60  68  11   0   3 0.00  0.0    0 10.5 21 170   M    M   5 1      26 140
15  75  69  72  16   0   7 0.06  0.0    0 13.4 22 150   M    M   8 18     28 160
16  72  56  64   8   1   0 0.56  0.0    0  7.0 18 150   M    M   4 1      27 150
17  72  54  63   7   2   0 0.00  0.0    0  7.2 15 220   M    M   1 1      21 210
18  73  51  62   7   3   0 0.00  0.0    0 10.2 21 300   M    M   4        27 300
================================================================================
SM 1248  942        87  15  2.16     0.0 147.6          M       87
================================================================================
AV 69.3 52.3                               8.2 FASTST   M    M   5    MAX(MPH)
                                 MISC ---->  # 29 220               # 41  220
================================================================================
NOTES:
# LAST OF SEVERAL OCCURRENCES

COLUMN 17 PEAK WIND IN M.P.H.

PRELIMINARY LOCAL CLIMATOLOGICAL DATA (WS FORM: F-6) , PAGE 2

                                          STATION:  ATLANTIC CITY NJ
                                          MONTH:    OCTOBER
                                          YEAR:     2014
                                          LATITUDE:   39 27 N
                                          LONGITUDE:  74 34 W

[TEMPERATURE DATA]      [PRECIPITATION DATA]       SYMBOLS USED IN COLUMN 16

AVERAGE MONTHLY: 60.8   TOTAL FOR MONTH:   2.16    1 = FOG OR MIST
DPTR FM NORMAL:   2.7   DPTR FM NORMAL:    0.18    2 = FOG REDUCING VISIBILITY
HIGHEST:    76 ON 14, 8 GRTST 24HR  0.69 ON 10-11      TO 1/4 MILE OR LESS
LOWEST:     39 ON  6, 5                            3 = THUNDER
                        SNOW, ICE PELLETS, HAIL    4 = ICE PELLETS
                        TOTAL MONTH:   0.0 INCH    5 = HAIL
                        GRTST 24HR     0.0         6 = FREEZING RAIN OR DRIZZLE
                        GRTST DEPTH:   0           7 = DUSTSTORM OR SANDSTORM:
                                                       VSBY 1/2 MILE OR LESS
                                                   8 = SMOKE OR HAZE
[NO. OF DAYS WITH]      [WEATHER - DAYS WITH]      9 = BLOWING SNOW
                                                   X = TORNADO
MAX 32 OR BELOW:   0    0.01 INCH OR MORE:   9
MAX 90 OR ABOVE:   0    0.10 INCH OR MORE:   6
MIN 32 OR BELOW:   0    0.50 INCH OR MORE:   2
MIN  0 OR BELOW:   0    1.00 INCH OR MORE:   0

[HDD (BASE 65) ]
TOTAL THIS MO.    87    CLEAR  (SCALE 0-3)   7
DPTR FM NORMAL   -52    PTCLDY (SCALE 4-7)   6
TOTAL FM JUL 1   125    CLOUDY (SCALE 8-10)  5
DPTR FM NORMAL   -76

[CDD (BASE 65) ]
TOTAL THIS MO.    15
DPTR FM NORMAL    -1    [PRESSURE DATA]
TOTAL FM JAN 1   857    HIGHEST SLP M ON M
DPTR FM NORMAL  -193    LOWEST  SLP 29.54 ON  4

[REMARKS]
