000
CXUS51 KPHI 010800
CF6ACY
PRELIMINARY LOCAL CLIMATOLOGICAL DATA (WS FORM: F-6)

                                          STATION:   ATLANTIC CITY NJ
                                          MONTH:     FEBRUARY
                                          YEAR:      2015
                                          LATITUDE:   39 27 N
                                          LONGITUDE:  74 34 W

  TEMPERATURE IN F:       :PCPN:    SNOW:  WIND      :SUNSHINE: SKY     :PK WND
================================================================================
1   2   3   4   5  6A  6B    7    8   9   10  11  12  13   14  15   16   17  18
                                     12Z  AVG MX 2MIN
DY MAX MIN AVG DEP HDD CDD  WTR  SNW DPTH SPD SPD DIR MIN PSBL S-S WX    SPD DR
================================================================================

 1  41  19  30  -3  35   0    T    T    0  5.6 12 260   M    M   6 1      15 250
 2  49  22  36   2  29   0 1.10  0.0    0 16.4 36 310   M    M   9 1      50 310
 3  30  17  24 -10  41   0 0.00  0.0    0  9.3 29 320   M    M   0        36 320
 4  44  17  31  -3  34   0 0.00  0.0    0  8.5 18 200   M    M   2        25 210
 5  42  15  29  -5  36   0 0.00  0.0    0 15.9 33 330   M    M   3        43 340
 6  35  12  24 -10  41   0 0.00  0.0    0  8.5 22 260   M    M   1        28 250
 7  43  16  30  -4  35   0 0.00  0.0    0  4.5 17 190   M    M   2        23 210
 8  59  33  46  12  19   0 0.00  0.0    0  4.2 13  50   M    M   1 1      16  40
 9  40  29  35   1  30   0    T  0.0    0 14.0 23  50   M    M  10 16     30  40
10  41  28  35   1  30   0 0.00  0.0    0 14.9 24  30   M    M   8        31 350
11  38  20  29  -6  36   0 0.00  0.0    0  9.0 18  10   M    M   1        23  50
12  39  22  31  -4  34   0 0.00  0.0    0 10.0 28 300   M    M   6        36 300
13  25   9  17 -18  48   0 0.00  0.0    0 14.6 32 310   M    M   0        40 330
14  35   7  21 -14  44   0 0.15  1.5    0  9.4 35 310   M    M   8 12     45 300
15  25   8  17 -18  48   0 0.02  0.8    1 25.9 43 310   M    M   3 1289   52 300
16  17   2  10 -25  55   0 0.02  0.2    0 12.9 30 300   M    M   3 1      36 310
17  27  12  20 -16  45   0 0.38  3.7    4  6.8 16 350   M    M   7 18     19 350
18  34   5  20 -16  45   0    T    T    3  5.6 23 280   M    M   2 18     28 280
19  22   7  15 -21  50   0 0.00  0.0    3 18.3 29 280   M    M   3        39 280
20  17  -1   8 -28  57   0 0.00  0.0    1 13.6 29 290   M    M   0        36 310
21  35  -6  15 -21  50   0 0.51  1.0    1  6.8 21 200   M    M   5 16     26 210
22  44  29  37   0  28   0 0.43  0.0    T  3.7  9 340   M    M   6 1      14 250
23  35  11  23 -14  42   0 0.00  0.0    0 13.6 24 310   M    M   5        30 330
24  24   4  14 -23  51   0    T    T    0  5.3 14 150   M    M   2 1      19 140
25  39  12  26 -11  39   0 0.00  0.0    0  7.4 20 290   M    M   0        25 280
26  32  16  24 -14  41   0 0.17  2.6    2  9.3 25  30   M    M   6 12     32 330
27  33  10  22 -16  43   0 0.00  0.0    2  6.6 14 310   M    M   3        17 280
28  32  13  23 -15  42   0 0.00  0.0    T  5.4 16 360   M    M   0        20  10
================================================================================
SM  977  388      1128   0  2.78     9.8 286.0          M      102
================================================================================
AV 34.9 13.9                              10.2 FASTST   M    M   4    MAX(MPH)
                                 MISC ---->  # 43 310               # 52  300
================================================================================
NOTES:
# LAST OF SEVERAL OCCURRENCES

COLUMN 17 PEAK WIND IN M.P.H.

PRELIMINARY LOCAL CLIMATOLOGICAL DATA (WS FORM: F-6) , PAGE 2

                                          STATION:  ATLANTIC CITY NJ
                                          MONTH:    FEBRUARY
                                          YEAR:     2015
                                          LATITUDE:   39 27 N
                                          LONGITUDE:  74 34 W

[TEMPERATURE DATA]      [PRECIPITATION DATA]       SYMBOLS USED IN COLUMN 16

AVERAGE MONTHLY: 24.4   TOTAL FOR MONTH:   2.78    1 = FOG OR MIST
DPTR FM NORMAL: -10.9   DPTR FM NORMAL:   -0.09    2 = FOG REDUCING VISIBILITY
HIGHEST:    59 ON  8    GRTST 24HR  1.10 ON  2- 2      TO 1/4 MILE OR LESS
LOWEST:     -6 ON 21                               3 = THUNDER
                        SNOW, ICE PELLETS, HAIL    4 = ICE PELLETS
                        TOTAL MONTH:   9.8 INCHES  5 = HAIL
                        GRTST 24HR   3.7 ON   M    6 = FREEZING RAIN OR DRIZZLE
                        GRTST DEPTH:   4 ON 17     7 = DUSTSTORM OR SANDSTORM:
                                                       VSBY 1/2 MILE OR LESS
                                                   8 = SMOKE OR HAZE
[NO. OF DAYS WITH]      [WEATHER - DAYS WITH]      9 = BLOWING SNOW
                                                   X = TORNADO
MAX 32 OR BELOW:  10    0.01 INCH OR MORE:   8
MAX 90 OR ABOVE:   0    0.10 INCH OR MORE:   6
MIN 32 OR BELOW:  27    0.50 INCH OR MORE:   2
MIN  0 OR BELOW:   2    1.00 INCH OR MORE:   1

[HDD (BASE 65) ]
TOTAL THIS MO.  1128    CLEAR  (SCALE 0-3)  16
DPTR FM NORMAL   298    PTCLDY (SCALE 4-7)   9
TOTAL FM JUL 1  3875    CLOUDY (SCALE 8-10)  3
DPTR FM NORMAL   284

[CDD (BASE 65) ]
TOTAL THIS MO.     0
DPTR FM NORMAL     0    [PRESSURE DATA]
TOTAL FM JAN 1     0    HIGHEST SLP 30.84 ON 28
DPTR FM NORMAL     0    LOWEST  SLP 29.36 ON  2

[REMARKS]
#FINAL-02-15#
