000
CXUS51 KPHI 250800
CF6ACY
PRELIMINARY LOCAL CLIMATOLOGICAL DATA (WS FORM: F-6)

                                          STATION:   ATLANTIC CITY NJ
                                          MONTH:     JULY
                                          YEAR:      2016
                                          LATITUDE:   39 27 N
                                          LONGITUDE:  74 34 W

  TEMPERATURE IN F:       :PCPN:    SNOW:  WIND      :SUNSHINE: SKY     :PK WND
================================================================================
1   2   3   4   5  6A  6B    7    8   9   10  11  12  13   14  15   16   17  18
                                     12Z  AVG MX 2MIN
DY MAX MIN AVG DEP HDD CDD  WTR  SNW DPTH SPD SPD DIR MIN PSBL S-S WX    SPD DR
================================================================================

 1  84  67  76   1   0  11 0.87  0.0    0  6.9 24 290   M    M   6 13     34 250
 2  81  65  73  -2   0   8 0.00  0.0    0  7.4 17 310   M    M   1        23 310
 3  77  61  69  -6   0   4    T  0.0    0  5.3 13 200   M    M   2        17 200
 4  79  62  71  -5   0   6 0.53  0.0    0  7.7 16 190   M    M   6 1      20 180
 5  88  73  81   5   0  16 0.72  0.0    0  7.8 20 310   M    M   6 1      25 310
 6  92  71  82   6   0  17 0.00  0.0    0  4.7 15 200   M    M   0        22 130
 7  93  73  83   7   0  18    T  0.0    0  6.9 17 230   M    M   1 18     24 230
 8  88  72  80   4   0  15 3.47  0.0    0  7.8 21 360   M    M   2 13     27 360
 9  77  71  74  -2   0   9 0.13  0.0    0  7.3 13 110   M    M  10 1      17  80
10  85  66  76   0   0  11    T  0.0    0  8.9 17 290   M    M   3 12     23 280
11  78  60  69  -7   0   4 0.00  0.0    0999.0  M   M   M    M   M         M  M
12  80  62  71  -5   0   6 0.00  0.0    0   M   M   M   M    M   M         M  M
13  81  68  75  -1   0  10 0.00  0.0    0   M   M   M   M    M   M         M  M
14  92  75  84   8   0  19 0.00  0.0    0   M   M   M   M    M   M         M  M
15  93  77  85   9   0  20 0.00  0.0    0   M   M   M   M    M   M         M  M
16  94  70  82   6   0  17 0.06  0.0    0  6.5 17 320   M    M   1        24 190
17  90  70  80   3   0  15 0.00  0.0    0  6.5 15 200   M    M   1        20 190
18  93  73  83   6   0  18 0.74  0.0    0  8.0 32 320   M    M   2 18     49 320
19  88  67  78   1   0  13 0.00  0.0    0  6.5 17 280   M    M   2        21 290
20  81  66  74  -3   0   9 0.00  0.0    0  6.3 16  70   M    M   2        24  60
21  85  63  74  -2   0   9 0.00  0.0    0  5.5 15 150   M    M   2 12     20 180
22  91  71  81   5   0  16 0.00  0.0    0  8.9 18 220   M    M   0        24 220
23  95  73  84   8   0  19 0.04  0.0    0  7.3 33  10   M    M   1 138    46  10
24  89  69  79   3   0  14 0.00  0.0    0  6.4 15 180   M    M   0        20 170
================================================================================
SM 2074 1645         0 304  6.56     0.0 1131.6         M       48
================================================================================
AV 86.4 68.5                              56.6 FASTST   M    M   3    MAX(MPH)
                                 MISC ---->  # 33  10               # 49  320
================================================================================
NOTES:
# LAST OF SEVERAL OCCURRENCES

COLUMN 17 PEAK WIND IN M.P.H.

PRELIMINARY LOCAL CLIMATOLOGICAL DATA (WS FORM: F-6) , PAGE 2

                                          STATION:  ATLANTIC CITY NJ
                                          MONTH:    JULY
                                          YEAR:     2016
                                          LATITUDE:   39 27 N
                                          LONGITUDE:  74 34 W

[TEMPERATURE DATA]      [PRECIPITATION DATA]       SYMBOLS USED IN COLUMN 16

AVERAGE MONTHLY: 77.5   TOTAL FOR MONTH:   6.56    1 = FOG OR MIST
DPTR FM NORMAL:   1.4   DPTR FM NORMAL:    3.72    2 = FOG REDUCING VISIBILITY
HIGHEST:    95 ON 23    GRTST 24HR  3.59 ON  8- 9      TO 1/4 MILE OR LESS
LOWEST:     60 ON 11                               3 = THUNDER
                        SNOW, ICE PELLETS, HAIL    4 = ICE PELLETS
                        TOTAL MONTH:   0.0 INCH    5 = HAIL
                        GRTST 24HR     0.0         6 = FREEZING RAIN OR DRIZZLE
                        GRTST DEPTH:   0           7 = DUSTSTORM OR SANDSTORM:
                                                       VSBY 1/2 MILE OR LESS
                                                   8 = SMOKE OR HAZE
[NO. OF DAYS WITH]      [WEATHER - DAYS WITH]      9 = BLOWING SNOW
                                                   X = TORNADO
MAX 32 OR BELOW:   0    0.01 INCH OR MORE:   8
MAX 90 OR ABOVE:   9    0.10 INCH OR MORE:   6
MIN 32 OR BELOW:   0    0.50 INCH OR MORE:   5
MIN  0 OR BELOW:   0    1.00 INCH OR MORE:   1

[HDD (BASE 65) ]
TOTAL THIS MO.     0    CLEAR  (SCALE 0-3)  15
DPTR FM NORMAL     0    PTCLDY (SCALE 4-7)   3
TOTAL FM JUL 1     0    CLOUDY (SCALE 8-10)  1
DPTR FM NORMAL     0

[CDD (BASE 65) ]
TOTAL THIS MO.   304
DPTR FM NORMAL    35    [PRESSURE DATA]
TOTAL FM JAN 1   575    HIGHEST SLP M ON M
DPTR FM NORMAL    39    LOWEST  SLP 29.73 ON  7

[REMARKS]
