519
CXAK56 PADQ 291354
CF6ADQ

PRELIMINARY LOCAL CLIMATOLOGICAL DATA (WS FORM: F-6)

                                          STATION:   KODIAK
                                          MONTH:     07
                                          YEAR:      2016
                                          LATITUDE:   57 45 N
                                          LONGITUDE: 152 30 W

  TEMPERATURE IN F:       :PCPN:    SNOW:  WIND      :SUNSHINE: SKY     :PK WND
================================================================================
1   2   3   4   5  6A  6B    7     8   9   10  11  12  13   14  15   16  17  18
                                      12Z  AVG MX 2MIN
DY MAX MIN AVG DEP HDD CDD  WTR   SNW DPTH SPD SPD DIR MIN PSBL S-S WX   SPD DR
================================================================================

 1  59  48  54   1  11   0  0.08  0.0   0  2.8  8  290   M    M   M 1     12 360
 2  70  54  62   9   3   0     T  0.0   0  5.1 14  300   M    M   M       19  60
 3  66  50  58   5   7   0  0.00  0.0   0  5.1 14  300   M    M   M       18 300
 4  59  49  54   1  11   0  0.11  0.0   0  5.1  9   30   M    M   M 1     11  90
 5  59  54  57   4   8   0  0.11  0.0   0  3.4  9  310   M    M   M 1     11 300
 6  57  53  55   2  10   0  0.23  0.0   0  3.3  9  270   M    M   M 1     12 270
 7  70  53  62   8   3   0  0.00  0.0   0  9.6 31  270   M    M   M       24 280
 8  68  53  61   7   4   0  0.00  0.0   0  8.0 16  300   M    M   M       21 310
 9  58  54  56   2   9   0  0.09  0.0   0  6.0 14  320   M    M   M 1     19 300
10  74  55  65  11   0   0     T  0.0   0  8.0 17  270   M    M   M 1     22 270
11  72  56  64  10   1   0  0.00  0.0   0 12.2 29  270   M    M   M       37 280
12  64  54  59   5   6   0  0.03  0.0   0  4.9 10   50   M    M   M 1     15  60
13  61  56  59   5   6   0  0.01  0.0   0  8.4 14   70   M    M   M 1     18  20
14  59  55  57   2   8   0  0.42  0.0   0 11.7 22   70   M    M   M 1     26  80
15  65  48  57   2   8   0  0.00  0.0   0  5.3 12  290   M    M   M       18  10
16  66  52  59   4   6   0  0.00  0.0   0  7.4 17  290   M    M   M       22 290
17  78  54  66  11   0   1  0.00  0.0   0  8.5 21  280   M    M   M       25 270
18  77  63  70  15   0   5  0.00  0.0   0 18.8 32  280   M    M   M       39 270
19  78  63  71  16   0   6  0.00  0.0   0 18.8 31  280   M    M   M       40 290
20  80  62  71  16   0   6     T  0.0   0 12.5 30  280   M    M   M       38 280
21  74  59  67  12   0   2  0.00  0.0   0  6.7 21  290   M    M   M       26 270
22  62  57  60   5   5   0  0.03  0.0   0  7.4 26  270   M    M   M 1     39 260
23  71  57  64   9   1   0  0.00  0.0   0 16.6 35  280   M    M   M       49 290
24  63  55  59   4   6   0  0.15  0.0   0  3.9 12  220   M    M   M 1     19  30
25  57  54  56   0   9   0  0.34  0.0   0  7.5 16  100   M    M   M 1     20 100
26  57  53  55  -1  10   0  0.11  0.0   0  7.1 16   80   M    M   M 1     19  80
27  58  54  56   0   9   0  0.58  0.0   0  6.3 15  300   M    M   M 1     20 300
28  63  53  58   2   7   0  0.17  0.0   0  7.1 15  290   M    M   M 1     20 340
================================================================================
SM 1845 1528       148  20  2.46 0.0    227.5           M        M
================================================================================
AV 65.9 54.6                              8.1 FASTST  PSBL  %   M    MAX(MPH)
                                 MISC ---->     35  280                 49 290
================================================================================
NOTES:
# LAST OF SEVERAL OCCURRENCES

COLUMN 17 PEAK WIND IN M.P.H.

PRELIMINARY LOCAL CLIMATOLOGICAL DATA (WS FORM: F-6) , PAGE 2

                                          STATION:   KODIAK
                                          MONTH:     07
                                          YEAR:      2016
                                          LATITUDE:  57 45 N
                                          LONGITUDE: 152 30 W

[TEMPERATURE DATA]      [PRECIPITATION DATA]       SYMBOLS USED IN COLUMN 16

AVERAGE MONTHLY:60.2   TOTAL FOR MONTH: 2.46       1 = FOG
DPTR FM NORMAL:  5.7   DPTR FM NORMAL: -2.03       2 = FOG REDUCING VISIBILITY
HIGHEST:    80 ON 20    GRTST 24HR   0.58 ON 27        TO 1/4 MILE OR LESS
LOWEST:     48 ON 15                               3 = THUNDER
                        SNOW, ICE PELLETS, HAIL    4 = ICE PELLETS
                        TOTAL MONTH: 0.0         5 = HAIL
                        GRTST 24HR   0.0           6 = GLAZE OR RIME
                        GRTST DEPTH:    0          7 = BLOWING DUST OR SAND:
                                                       VSBY 1/2 MILE OR LESS
                                                   8 = SMOKE OR HAZE
[NO. OF DAYS WITH]      [WEATHER - DAYS WITH]      9 = BLOWING SNOW
                                                   X = TORNADO
MAX 32 OR BELOW:   0    0.01 INCH OR MORE:  14
MAX 70 OR ABOVE:  10    0.10 INCH OR MORE:   9
MIN 32 OR BELOW:   0    0.50 INCH OR MORE:   1
MIN  0 OR BELOW:   0    1.00 INCH OR MORE:   0

[HDD (BASE 65) ]
TOTAL THIS MO.   148    CLEAR  (SCALE 0-3)   M
DPTR FM NORMAL  -151    PTCLDY (SCALE 4-7)   M
SEASONAL TOTAL   148    CLOUDY (SCALE 8-10)  M
DPTR FM NORMAL  -151

[CDD (BASE 65) ]
TOTAL THIS MO.    20
DPTR FM NORMAL    20    [PRESSURE DATA]
SEASONAL TOTAL    20    HIGHEST SLP     M
DPTR FM NORMAL    20    LOWEST  SLP     M

[REMARKS]
