976
CXAK56 PAFC 201320
CF6ADQ
PRELIMINARY LOCAL CLIMATOLOGICAL DATA (WS FORM: F-6)

                                          STATION:   KODIAK
                                          MONTH:     FEBRUARY
                                          YEAR:      2017
                                          LATITUDE:   57 45 N
                                          LONGITUDE: 152 31 W

  TEMPERATURE IN F:       :PCPN:    SNOW:  WIND      :SUNSHINE: SKY     :PK WND
================================================================================
1   2   3   4   5  6A  6B    7    8   9   10  11  12  13   14  15   16   17  18
                                     12Z  AVG MX 2MIN
DY MAX MIN AVG DEP HDD CDD  WTR  SNW DPTH SPD SPD DIR MIN PSBL S-S WX    SPD DR
================================================================================

 1  38  35  37   7  28   0 0.01    M    0  8.1 15 300   M    M   8        20 320
 2  41  31  36   6  29   0 0.02  0.0    T  6.0 14 300   M    M   6        17 300
 3  40  25  33   3  32   0 0.00  0.0    T  9.1 16 310   M    M   1        22 330
 4  41  25  33   3  32   0 0.00  0.0    T  4.8 16 300   M    M   0 8      20 310
 5  43  23  33   3  32   0 0.00  0.0    0  5.6 16 300   M    M   0        21 310
 6  38  22  30   0  35   0 0.03    T    T  6.7 15 110   M    M   7 1      19 120
 7  40  33  37   7  28   0    T    M    0  1.8  7 200   M    M  10        10 230
 8  38  26  32   2  33   0 0.00  0.0    0  4.3 15 280   M    M   7        18 290
 9  32  24  28  -2  37   0    T    T    T 11.8 31 300   M    M   6        44 290
10  26   9  18 -12  47   0    T    T    T 11.3 36 270   M    M   5        43 270
11  22   9  16 -15  49   0    T    T    T  8.6 20 270   M    M   5        24 270
12  40   9  25  -6  40   0 0.77  3.5    3  9.4 29 100   M    M   8 12     34  90
13  41  36  39   8  26   0 0.27  0.0    T 10.2 24 110   M    M   9 1      28 110
14  39  20  30  -1  35   0 0.59  0.5    1  7.6 22 160   M    M   7 18     30 180
15   M   M   M   M   M   M 0.47    M    0  7.1 18 140   M    M   8 12     44 140
16  37  27  32   1  33   0 0.34  3.4    3  7.5 21 130   M    M   6 18     29 140
17  37  21  29  -2  36   0 0.00  0.0    3  4.7 12 210   M    M   5        17 210
18  36  16  26  -5  39   0 0.00  0.0    3  6.6 17 300   M    M   3        20 290
19  26  20  23  -8  42   0 0.00  0.0    3 14.2 18 290   M    M   1        24 270
================================================================================
SM  655  411       633   0  2.50     7.4 145.4          M      102
================================================================================
AV 36.4 22.8                               7.7 FASTST   M    M   5    MAX(MPH)
                                 MISC ---->  # 36 270               # 44  290
================================================================================
NOTES:
# LAST OF SEVERAL OCCURRENCES

COLUMN 17 PEAK WIND IN M.P.H.

PRELIMINARY LOCAL CLIMATOLOGICAL DATA (WS FORM: F-6) , PAGE 2

                                          STATION:  KODIAK
                                          MONTH:    FEBRUARY
                                          YEAR:     2017
                                          LATITUDE:   57 45 N
                                          LONGITUDE: 152 31 W

[TEMPERATURE DATA]      [PRECIPITATION DATA]       SYMBOLS USED IN COLUMN 16

AVERAGE MONTHLY: 29.6   TOTAL FOR MONTH:   2.50    1 = FOG OR MIST
DPTR FM NORMAL:  -0.9   DPTR FM NORMAL:   -1.78    2 = FOG REDUCING VISIBILITY
HIGHEST:    43 ON  5    GRTST 24HR  0.92 ON 12-13      TO 1/4 MILE OR LESS
LOWEST:      9 ON 12,11                            3 = THUNDER
                        SNOW, ICE PELLETS, HAIL    4 = ICE PELLETS
                        TOTAL MONTH:   7.4 INCHES  5 = HAIL
                        GRTST 24HR   3.5 ON 12-12  6 = FREEZING RAIN OR DRIZZLE
                        GRTST DEPTH:   3 ON 19,18  7 = DUSTSTORM OR SANDSTORM:
                                                       VSBY 1/2 MILE OR LESS
                                                   8 = SMOKE OR HAZE
[NO. OF DAYS WITH]      [WEATHER - DAYS WITH]      9 = BLOWING SNOW
                                                   X = TORNADO
MAX 32 OR BELOW:   4    0.01 INCH OR MORE:   8
MAX 90 OR ABOVE:   0    0.10 INCH OR MORE:   5
MIN 32 OR BELOW:  15    0.50 INCH OR MORE:   2
MIN  0 OR BELOW:   0    1.00 INCH OR MORE:   0

[HDD (BASE 65) ]
TOTAL THIS MO.   633    CLEAR  (SCALE 0-3)   5
DPTR FM NORMAL   -22    PTCLDY (SCALE 4-7)  12
TOTAL FM JUL 1  5000    CLOUDY (SCALE 8-10)  2
DPTR FM NORMAL  -569

[CDD (BASE 65) ]
TOTAL THIS MO.     0
DPTR FM NORMAL     0    [PRESSURE DATA]
TOTAL FM JAN 1     0    HIGHEST SLP M ON M
DPTR FM NORMAL     0    LOWEST  SLP 28.33 ON 14

[REMARKS]
