000
CXUS52 KFFC 301110
CF6AHN
PRELIMINARY LOCAL CLIMATOLOGICAL DATA (WS FORM: F-6)

                                          STATION:   ATHENS
                                          MONTH:     JULY
                                          YEAR:      2016
                                          LATITUDE:   33 57 N
                                          LONGITUDE:  83 19 W

  TEMPERATURE IN F:       :PCPN:    SNOW:  WIND      :SUNSHINE: SKY     :PK WND
================================================================================
1   2   3   4   5  6A  6B    7    8   9   10  11  12  13   14  15   16   17  18
                                     12Z  AVG MX 2MIN
DY MAX MIN AVG DEP HDD CDD  WTR  SNW DPTH SPD SPD DIR MIN PSBL S-S WX    SPD DR
================================================================================

 1  93  71  82   2   0  17 0.00  0.0    0  2.2  7 230   M    M   5        11 230
 2  96  69  83   3   0  18 0.00  0.0    0  1.4  7 190   M    M   1        11 220
 3  97  71  84   4   0  19 0.00  0.0    0  2.3 10 290   M    M   0        17 290
 4  97  75  86   6   0  21 0.00  0.0    0  4.3  9 210   M    M   2        17 280
 5  92  73  83   3   0  18 0.04  0.0    0  4.7 15 300   M    M   3 3      26 290
 6  91  71  81   1   0  16 0.11  0.0    0  4.0 16 290   M    M   4 13     26 290
 7  94  71  83   3   0  18 0.00  0.0    0  6.1 13 240   M    M   1        24 240
 8  98  74  86   6   0  21 0.00  0.0    0  4.3 14 280   M    M   2 3      27 310
 9  95  73  84   3   0  19 0.00  0.0    0  4.7 13 290   M    M   0        18 310
10  96  72  84   3   0  19 0.00  0.0    0  2.1 12  80   M    M   1 3      16  80
11  95  70  83   2   0  18    T  0.0    0  3.9 17 260   M    M   1 3      27 290
12  95  68  82   1   0  17 0.00  0.0    0  2.9 12 230   M    M   1 3      20 230
13  97  71  84   3   0  19 0.00  0.0    0  3.5  9 300   M    M   0        14 230
14  99  73  86   5   0  21 0.00  0.0    0  4.6 10 170   M    M   0 3      17 210
15  97  73  85   4   0  20    T  0.0    0  3.6 12 270   M    M   2        17 220
16  91  71  81   0   0  16 0.02  0.0    0  1.7  9 180   M    M   2 13     15 280
17  97  69  83   2   0  18    T  0.0    0  1.3 14 250   M    M   4 3      23 250
18  95  71  83   2   0  18 0.10  0.0    0  1.6 16 310   M    M   1 13     25 310
19  99  72  86   5   0  21    T  0.0    0  2.5 22  80   M    M   1 3      30  60
20  99  70  85   4   0  20    T  0.0    0  1.7 18  20   M    M   0 3      28  20
21  97  70  84   3   0  19 0.06  0.0    0  3.3 20 180   M    M   3 13     33 180
22  94  68  81   0   0  16 0.00  0.0    0  2.5  8 180   M    M   1 1      15 170
23  97  73  85   4   0  20 0.02  0.0    0  1.9  9 260   M    M   1 13     16 260
24 100  72  86   5   0  21 0.00  0.0    0  1.7  8 300   M    M   1 1      12 190
25 101  75  88   7   0  23 0.00  0.0    0  3.1  9 180   M    M   1        14 190
26 101  74  88   7   0  23 0.00  0.0    0  3.9  9 170   M    M   0        16 170
27  96  74  85   4   0  20 0.00  0.0    0  4.6 10 250   M    M   1        19 290
28  94  73  84   3   0  19 0.01  0.0    0  5.6 22 280   M    M   3 13     33 270
29  96  74  85   4   0  20    T  0.0    0  6.0 16 290   M    M   3 3      24 300
================================================================================
SM 2789 2081         0 555  0.36     0.0  96.0          M       45
================================================================================
AV 96.2 71.8                               3.3 FASTST   M    M   2    MAX(MPH)
                                 MISC ---->  # 22  80               # 33  180
================================================================================
NOTES:
# LAST OF SEVERAL OCCURRENCES

COLUMN 17 PEAK WIND IN M.P.H.

PRELIMINARY LOCAL CLIMATOLOGICAL DATA (WS FORM: F-6) , PAGE 2

                                          STATION:  ATHENS
                                          MONTH:    JULY
                                          YEAR:     2016
                                          LATITUDE:   33 57 N
                                          LONGITUDE:  83 19 W

[TEMPERATURE DATA]      [PRECIPITATION DATA]       SYMBOLS USED IN COLUMN 16

AVERAGE MONTHLY: 84.0   TOTAL FOR MONTH:   0.36    1 = FOG OR MIST
DPTR FM NORMAL:   3.2   DPTR FM NORMAL:   -3.83    2 = FOG REDUCING VISIBILITY
HIGHEST:   101 ON 26,25 GRTST 24HR  0.36 ON 30- 1      TO 1/4 MILE OR LESS
LOWEST:     68 ON 22,12                            3 = THUNDER
                        SNOW, ICE PELLETS, HAIL    4 = ICE PELLETS
                        TOTAL MONTH:   0.0 INCH    5 = HAIL
                        GRTST 24HR     0.0         6 = FREEZING RAIN OR DRIZZLE
                        GRTST DEPTH:   0           7 = DUSTSTORM OR SANDSTORM:
                                                       VSBY 1/2 MILE OR LESS
                                                   8 = SMOKE OR HAZE
[NO. OF DAYS WITH]      [WEATHER - DAYS WITH]      9 = BLOWING SNOW
                                                   X = TORNADO
MAX 32 OR BELOW:   0    0.01 INCH OR MORE:   7
MAX 90 OR ABOVE:  29    0.10 INCH OR MORE:   2
MIN 32 OR BELOW:   0    0.50 INCH OR MORE:   0
MIN  0 OR BELOW:   0    1.00 INCH OR MORE:   0

[HDD (BASE 65) ]
TOTAL THIS MO.     0    CLEAR  (SCALE 0-3)  25
DPTR FM NORMAL     0    PTCLDY (SCALE 4-7)   4
TOTAL FM JUL 1     0    CLOUDY (SCALE 8-10)  0
DPTR FM NORMAL     0

[CDD (BASE 65) ]
TOTAL THIS MO.   555
DPTR FM NORMAL    98    [PRESSURE DATA]
TOTAL FM JAN 1  1336    HIGHEST SLP M ON M
DPTR FM NORMAL   261    LOWEST  SLP 29.92 ON 28

[REMARKS]
