000
CXAK56 PAJK 221245
CF6AJN
PRELIMINARY LOCAL CLIMATOLOGICAL DATA (WS FORM: F-6)

                                          STATION:   JUNEAU
                                          MONTH:     AUGUST
                                          YEAR:      2014
                                          LATITUDE:   58 22 N
                                          LONGITUDE: 134 35 W

  TEMPERATURE IN F:       :PCPN:    SNOW:  WIND      :SUNSHINE: SKY     :PK WND
================================================================================
1   2   3   4   5  6A  6B    7    8   9   10  11  12  13   14  15   16   17  18
                                     12Z  AVG MX 2MIN
DY MAX MIN AVG DEP HDD CDD  WTR  SNW DPTH SPD SPD DIR MIN PSBL S-S WX    SPD DR
================================================================================

 1  75  45  60   2   5   0 0.00  0.0    0  3.7 12 240   M    M   2 1      14 230
 2  77  45  61   3   4   0 0.00  0.0    0  4.6 13 240   M    M   2 1      14 240
 3  77  51  64   6   1   0 0.00  0.0    0  7.0 18 120   M    M   8        22 120
 4  69  55  62   4   3   0 0.10  0.0    0 13.6 23 140   M    M   9 1      25 190
 5  67  55  61   4   4   0 0.03  0.0    0  5.4 17 100   M    M   8 1      20 120
 6  60  54  57   0   8   0 0.23  0.0    0  9.0 17 100   M    M   9 1      20 110
 7  65  50  58   1   7   0    T  0.0    0  5.5 13 100   M    M   8        19 100
 8  61  48  55  -2  10   0 0.15  0.0    0 12.4 21 130   M    M   9 1      27 120
 9  57  54  56  -1   9   0 0.99  0.0    0 14.6 22 110   M    M  10 1      26 120
10  60  55  58   1   7   0 1.53  0.0    0 12.7 18  90   M    M  10 1      24 120
11  60  55  58   1   7   0 0.24  0.0    0  6.6 26  80   M    M  10 1      29  90
12  67  54  61   4   4   0 0.28  0.0    0  4.6 23  80   M    M   9 1      29  80
13  57  52  55  -2  10   0 0.35  0.0    0 10.4 18 100   M    M  10 12     23 110
14  59  53  56   0   9   0 0.83  0.0    0 10.0 18 100   M    M  10 1      21  90
15  62  53  58   2   7   0 0.60  0.0    0  9.5 23  90   M    M   9 1      27  90
16  61  52  57   1   8   0 0.05  0.0    0  8.5 16  90   M    M  10 12     20  80
17  58  53  56   0   9   0 1.11  0.0    0 15.8 26 120   M    M  10 1      34 120
18  58  53  56   0   9   0 0.20  0.0    0  7.8 14 100   M    M  10 1      17  90
19  64  52  58   2   7   0 0.00  0.0    0  3.3  9 240   M    M   8 1      10 240
20  67  44  56   1   9   0 0.00  0.0    0  4.2 12 230   M    M   4 12     13 250
21  71  44  58   3   7   0 0.00  0.0    0  4.0 13 250   M    M   2 1      14 240
================================================================================
SM 1352 1077       144   0  6.69     0.0 173.2          M      167
================================================================================
AV 64.4 51.3                               8.2 FASTST   M    M   8    MAX(MPH)
                                 MISC ---->  # 26  80               # 34  120
================================================================================
NOTES:
# LAST OF SEVERAL OCCURRENCES

COLUMN 17 PEAK WIND IN M.P.H.

PRELIMINARY LOCAL CLIMATOLOGICAL DATA (WS FORM: F-6) , PAGE 2

                                          STATION:  JUNEAU
                                          MONTH:    AUGUST
                                          YEAR:     2014
                                          LATITUDE:   58 22 N
                                          LONGITUDE: 134 35 W

[TEMPERATURE DATA]      [PRECIPITATION DATA]       SYMBOLS USED IN COLUMN 16

AVERAGE MONTHLY: 57.8   TOTAL FOR MONTH:   6.69    1 = FOG OR MIST
DPTR FM NORMAL:   1.1   DPTR FM NORMAL:    3.12    2 = FOG REDUCING VISIBILITY
HIGHEST:    77 ON  3, 2 GRTST 24HR  1.91 ON  9-10      TO 1/4 MILE OR LESS
LOWEST:     44 ON 21,20                            3 = THUNDER
                        SNOW, ICE PELLETS, HAIL    4 = ICE PELLETS
                        TOTAL MONTH:   0.0 INCH    5 = HAIL
                        GRTST 24HR     0.0         6 = FREEZING RAIN OR DRIZZLE
                        GRTST DEPTH:   0           7 = DUSTSTORM OR SANDSTORM:
                                                       VSBY 1/2 MILE OR LESS
                                                   8 = SMOKE OR HAZE
[NO. OF DAYS WITH]      [WEATHER - DAYS WITH]      9 = BLOWING SNOW
                                                   X = TORNADO
MAX 32 OR BELOW:   0    0.01 INCH OR MORE:  14
MAX 90 OR ABOVE:   0    0.10 INCH OR MORE:  12
MIN 32 OR BELOW:   0    0.50 INCH OR MORE:   5
MIN  0 OR BELOW:   0    1.00 INCH OR MORE:   2

[HDD (BASE 65) ]
TOTAL THIS MO.   144    CLEAR  (SCALE 0-3)   3
DPTR FM NORMAL   -32    PTCLDY (SCALE 4-7)   3
TOTAL FM JUL 1   374    CLOUDY (SCALE 8-10) 15
DPTR FM NORMAL   -53

[CDD (BASE 65) ]
TOTAL THIS MO.     0
DPTR FM NORMAL     0    [PRESSURE DATA]
TOTAL FM JAN 1     0    HIGHEST SLP M ON M
DPTR FM NORMAL    -2    LOWEST  SLP 29.80 ON 12

[REMARKS]
