422
CXAK56 PAFC 271320
CF6AKN
PRELIMINARY LOCAL CLIMATOLOGICAL DATA (WS FORM: F-6)

                                          STATION:   KING SALMON
                                          MONTH:     JULY
                                          YEAR:      2017
                                          LATITUDE:   58 41 N
                                          LONGITUDE: 156 39 W

  TEMPERATURE IN F:       :PCPN:    SNOW:  WIND      :SUNSHINE: SKY     :PK WND
================================================================================
1   2   3   4   5  6A  6B    7    8   9   10  11  12  13   14  15   16   17  18
                                     12Z  AVG MX 2MIN
DY MAX MIN AVG DEP HDD CDD  WTR  SNW DPTH SPD SPD DIR MIN PSBL S-S WX    SPD DR
================================================================================

 1  67  49  58   4   7   0    T  0.0    0  6.9 10 280   M    M  10         M  M
 2  57  50  54  -1  11   0 0.11  0.0    0 10.1 16 230   M    M  10 1      21 210
 3  55  48  52  -3  13   0    T    M    0 10.6 14 220   M    M  10 1       M  M
 4  62  48  55   0  10   0 0.00  0.0    0  6.2  9 180   M    M  10         M  M
 5  72  45  59   4   6   0 0.00  0.0    0  5.9 13 220   M    M   6 12      M  M
 6  72  50  61   6   4   0 0.00  0.0    0  5.2 17 200   M    M   7        22 210
 7  69  53  61   6   4   0 0.00  0.0    0  4.9  9 200   M    M   8        14 210
 8  67  44  56   1   9   0    T  0.0    0  8.6 21 170   M    M   8        26 160
 9  65  48  57   2   8   0 0.06  0.0    0  8.8 21 180   M    M   7        29 170
10  67  48  58   2   7   0 0.10  0.0    0  7.6 15  90   M    M  10 1      16  70
11  69  50  60   4   5   0 0.00  0.0    0  9.5 21 270   M    M   7        27 270
12  77  49  63   7   2   0 0.00  0.0    0  8.1 16 280   M    M   8 12     19 280
13  76  49  63   7   2   0 0.00  0.0    0  7.4 13 230   M    M   5        16 260
14  62  49  56   0   9   0 0.42  0.0    0  7.0  9 210   M    M   9 1       M  M
15  56  50  53  -3  12   0 0.10  0.0    0  5.3  9 250   M    M  10 1      11 250
16  66  50  58   2   7   0 0.00  0.0    0  4.7  9 180   M    M   9         M  M
17  62  52  57   1   8   0 0.15  0.0    0 13.3 22 150   M    M   9 1      35 150
18  58  50  54  -2  11   0 0.34  0.0    0  7.6 25 170   M    M  10 1      34 160
19  56  49  53  -3  12   0 0.23  0.0    0  4.7 12  40   M    M  10 1      15  40
20  70  51  61   5   4   0 0.01  0.0    0 12.5 22  60   M    M   7        31  30
21  78  45  62   6   3   0    T  0.0    0  7.6 14 280   M    M   4         M  M
22  80  52  66  10   0   1 0.00  0.0    0  8.7 17 250   M    M   6 12     20 230
23  69  50  60   4   5   0 0.00  0.0    0 10.9 14 240   M    M   6 12     20 240
24  59  48  54  -2  11   0 0.00  0.0    0  8.2 13 250   M    M  10 12     17 260
25  59  52  56   0   9   0 0.07  0.0    0  9.7 17 210   M    M  10 1      23 200
26  65  52  59   3   6   0 0.11  0.0    0  8.4 18 290   M    M  10 18     24 290
================================================================================
SM 1715 1281       185   1  1.70     0.0 208.4          M      216
================================================================================
AV 66.0 49.3                               8.0 FASTST   M    M   8    MAX(MPH)
                                 MISC ---->  # 25 170               # 35  150
================================================================================
NOTES:
# LAST OF SEVERAL OCCURRENCES

COLUMN 17 PEAK WIND IN M.P.H.

PRELIMINARY LOCAL CLIMATOLOGICAL DATA (WS FORM: F-6) , PAGE 2

                                          STATION:  KING SALMON
                                          MONTH:    JULY
                                          YEAR:     2017
                                          LATITUDE:   58 41 N
                                          LONGITUDE: 156 39 W

[TEMPERATURE DATA]      [PRECIPITATION DATA]       SYMBOLS USED IN COLUMN 16

AVERAGE MONTHLY: 57.6   TOTAL FOR MONTH:   1.70    1 = FOG OR MIST
DPTR FM NORMAL:   2.0   DPTR FM NORMAL:   -0.17    2 = FOG REDUCING VISIBILITY
HIGHEST:    80 ON 22    GRTST 24HR  0.42 ON 14-14      TO 1/4 MILE OR LESS
LOWEST:     44 ON  8                               3 = THUNDER
                        SNOW, ICE PELLETS, HAIL    4 = ICE PELLETS
                        TOTAL MONTH:   0.0 INCH    5 = HAIL
                        GRTST 24HR     0.0         6 = FREEZING RAIN OR DRIZZLE
                        GRTST DEPTH:   0           7 = DUSTSTORM OR SANDSTORM:
                                                       VSBY 1/2 MILE OR LESS
                                                   8 = SMOKE OR HAZE
[NO. OF DAYS WITH]      [WEATHER - DAYS WITH]      9 = BLOWING SNOW
                                                   X = TORNADO
MAX 32 OR BELOW:   0    0.01 INCH OR MORE:  11
MAX 90 OR ABOVE:   0    0.10 INCH OR MORE:   8
MIN 32 OR BELOW:   0    0.50 INCH OR MORE:   0
MIN  0 OR BELOW:   0    1.00 INCH OR MORE:   0

[HDD (BASE 65) ]
TOTAL THIS MO.   185    CLEAR  (SCALE 0-3)   0
DPTR FM NORMAL   -60    PTCLDY (SCALE 4-7)  10
TOTAL FM JUL 1   185    CLOUDY (SCALE 8-10) 16
DPTR FM NORMAL   -60

[CDD (BASE 65) ]
TOTAL THIS MO.     1
DPTR FM NORMAL     1    [PRESSURE DATA]
TOTAL FM JAN 1     1    HIGHEST SLP M ON M
DPTR FM NORMAL     1    LOWEST  SLP 29.63 ON 19

[REMARKS]
