000
CXUS55 KBOU 011223
CF6AKO
PRELIMINARY LOCAL CLIMATOLOGICAL DATA (WS FORM: F-6)

                                          STATION:   AKRON CO
                                          MONTH:     JUNE
                                          YEAR:      2015
                                          LATITUDE:   40 10 N
                                          LONGITUDE: 103 13 W

  TEMPERATURE IN F:       :PCPN:    SNOW:  WIND      :SUNSHINE: SKY     :PK WND
================================================================================
1   2   3   4   5  6A  6B    7    8   9   10  11  12  13   14  15   16   17  18
                                     12Z  AVG MX 2MIN
DY MAX MIN AVG DEP HDD CDD  WTR  SNW DPTH SPD SPD DIR MIN PSBL S-S WX    SPD DR
================================================================================

 1  86  53  70   8   0   5    T    M    M  9.4 29 340   M    M   1 3      36 220
 2  87  55  71   9   0   6    T    M    M 10.6 26 150   M    M   0 13     35 150
 3  76  56  66   3   0   1 0.00    M    M 11.2 23  80   M    M   5 1      30  80
 4  76  59  68   5   0   3 0.00    M    M 11.4 22  90   M    M   7 12     29  70
 5  75  57  66   2   0   1 0.48    M    M 14.1 33  50   M    M   7 123    41  50
 6  79  57  68   4   0   3 0.00    M    M  8.3 18 150   M    M   1        23 160
 7  78  53  66   2   0   1    T    M    M  8.2 22  20   M    M   2 3      26  20
 8  81  52  67   2   0   2 0.00    M    M  7.9 14 280   M    M   0        17 280
 9  88  58  73   8   0   8 0.00    M    M  8.3 18 260   M    M   0        22 260
10  78  59  69   4   0   4 0.35    M    M 10.5 22 260   M    M   4 13     27 260
11  70  56  63  -3   2   0 0.00    M    M  7.5 12  20   M    M   8 13      M  M
12   M   M   M   M   M   M 0.00    M    M   M   M   M   M    M   0         M  M
13   M   M   M   M   M   M 0.00    M    M   M   M   M   M    M   0         M  M
14   M   M   M   M   M   M 0.00    M    M   M   M   M   M    M   0 3       M  M
15   M   M   M   M   M   M 0.00    M    M   M   M   M   M    M   0         M  M
16   M   M   M   M   M   M    T    M    M  8.3 10 180   M    M   1 3      20 180
17  82  52  67  -1   0   2 0.00    M    M  9.6 20 140   M    M   0        25 140
18  81  61  71   3   0   6 0.00    M    M 13.8 23  40   M    M   1 1      35  30
19  63  62  63  -6   2   0 0.00    M    M 18.8 20 130   M    M  10 1       M  M
20   M   M   M   M   M   M    M    M    M   M   M   M   M    M   M         M  M
21   M   M   M   M   M   M    M    M    M   M   M   M   M    M   M         M  M
22  82  59  71   1   0   6 0.00    M    M  8.8 23 160   M    M   0 1      30 160
23  85  57  71   1   0   6 0.00    M    M 17.3 29 140   M    M   2 3      37 140
24  88  62  75   5   0  10 0.00    M    M 10.4 25 340   M    M   0 8      32 340
25  84  59  72   1   0   7 0.18    M    M 11.6 25  20   M    M   3 13     34  70
26  78  57  68  -3   0   3 0.00    M    M  9.6 17  10   M    M   3 1      23 360
27  86  59  73   2   0   8 0.00    M    M  7.3 16 210   M    M   1        18 200
28  90  58  74   2   0   9 0.00    M    M  6.0 14 190   M    M   0        20 190
29  88  61  75   3   0  10 0.04    M    M  8.2 20 320   M    M   1 3      26 350
30  93  64  79   7   0  14 0.00    M    M 10.2 32 330   M    M   0        45 300
================================================================================
SM 1874 1326         4 115  1.05    M    247.3          M       57
================================================================================
AV 81.5 57.7                              10.3 FASTST   M    M   2    MAX(MPH)
                                 MISC ---->  # 33  50               # 45  300
================================================================================
NOTES:
# LAST OF SEVERAL OCCURRENCES

COLUMN 17 PEAK WIND IN M.P.H.

PRELIMINARY LOCAL CLIMATOLOGICAL DATA (WS FORM: F-6) , PAGE 2

                                          STATION:  AKRON CO
                                          MONTH:    JUNE
                                          YEAR:     2015
                                          LATITUDE:   40 10 N
                                          LONGITUDE: 103 13 W

[TEMPERATURE DATA]      [PRECIPITATION DATA]       SYMBOLS USED IN COLUMN 16

AVERAGE MONTHLY: 69.6   TOTAL FOR MONTH:   1.05    1 = FOG OR MIST
DPTR FM NORMAL:   2.4   DPTR FM NORMAL:   -1.41    2 = FOG REDUCING VISIBILITY
HIGHEST:    93 ON 30    GRTST 24HR  0.48 ON  5- 5      TO 1/4 MILE OR LESS
LOWEST:     52 ON 17, 8                            3 = THUNDER
                        SNOW, ICE PELLETS, HAIL    4 = ICE PELLETS
                        TOTAL MONTH:    M          5 = HAIL
                        GRTST 24HR    M  ON   M    6 = FREEZING RAIN OR DRIZZLE
                        GRTST DEPTH:  M  ON   M    7 = DUSTSTORM OR SANDSTORM:
                                                       VSBY 1/2 MILE OR LESS
                                                   8 = SMOKE OR HAZE
[NO. OF DAYS WITH]      [WEATHER - DAYS WITH]      9 = BLOWING SNOW
                                                   X = TORNADO
MAX 32 OR BELOW:   0    0.01 INCH OR MORE:   4
MAX 90 OR ABOVE:   2    0.10 INCH OR MORE:   3
MIN 32 OR BELOW:   0    0.50 INCH OR MORE:   0
MIN  0 OR BELOW:   0    1.00 INCH OR MORE:   0

[HDD (BASE 65) ]
TOTAL THIS MO.     4    CLEAR  (SCALE 0-3)  22
DPTR FM NORMAL   -59    PTCLDY (SCALE 4-7)   5
TOTAL FM JUL 1  5949    CLOUDY (SCALE 8-10)  1
DPTR FM NORMAL  -373

[CDD (BASE 65) ]
TOTAL THIS MO.   115
DPTR FM NORMAL   -15    [PRESSURE DATA]
TOTAL FM JAN 1   116    HIGHEST SLP M ON M
DPTR FM NORMAL   -37    LOWEST  SLP 29.64 ON M

[REMARKS]
