000
CXUS55 KBOU 240757
CF6AKO
PRELIMINARY LOCAL CLIMATOLOGICAL DATA (WS FORM: F-6)

                                          STATION:   AKRON CO
                                          MONTH:     JULY
                                          YEAR:      2015
                                          LATITUDE:   40 10 N
                                          LONGITUDE: 103 13 W

  TEMPERATURE IN F:       :PCPN:    SNOW:  WIND      :SUNSHINE: SKY     :PK WND
================================================================================
1   2   3   4   5  6A  6B    7    8   9   10  11  12  13   14  15   16   17  18
                                     12Z  AVG MX 2MIN
DY MAX MIN AVG DEP HDD CDD  WTR  SNW DPTH SPD SPD DIR MIN PSBL S-S WX    SPD DR
================================================================================

 1  92  64  78   6   0  13    T    M    M 11.3 25 230   M    M   0 3      33 250
 2  83  58  71  -2   0   6 0.12    M    M 11.0 35  30   M    M   2 13     44  40
 3  84  58  71  -2   0   6 0.36    M    M  7.5 22  40   M    M   3 13     31  30
 4  93  62  78   5   0  13 0.00    M    M 12.0 24 130   M    M   0        30 220
 5  94  62  78   5   0  13 0.03    M    M 12.0 28 330   M    M   1 3      37 330
 6  69  59  64  -9   1   0 0.01    M    M 13.9 24  10   M    M  10 18     28  10
 7  75  57  66  -8   0   1 0.00    M    M 15.5 25 140   M    M   8 8      32 130
 8  69  54  62 -12   3   0 0.06    M    M 11.6 23  80   M    M   9 18     28  70
 9  79  52  66  -8   0   1 0.00    M    M  9.8 23 130   M    M   6 123    28 130
10  85  57  71  -3   0   6 0.16    M    M  6.1 25 200   M    M   2 13     33 200
11  90  59  75   1   0  10    T    M    M  7.5 23 300   M    M   2 3      29 290
12  93  58  76   2   0  11 0.00    M    M  8.5 20 290   M    M   0        24 290
13  93  62  78   4   0  13 0.01    M    M  8.1 31 350   M    M   2        40 340
14  91  60  76   2   0  11 0.14    M    M  9.6 29 320   M    M   4 13     35 310
15  86  57  72  -2   0   7    T    M    M  7.4 24 330   M    M   2 3      30 300
16  92  54  73  -1   0   8    T    M    M 10.3 22 220   M    M   1        28 210
17  96  59  78   3   0  13 0.00    M    M 10.8 28 320   M    M   0        36 320
18  90  56  73  -2   0   8 0.13    M    M  8.3 33 320   M    M   0 13     44 310
19  85  56  71  -4   0   6 0.00    M    M  8.1 21 160   M    M   2 1      24 150
20  86  56  71  -4   0   6 0.00    M    M 10.8 16  20   M    M   1        21  20
21  77  59  68  -7   0   3 0.50    M    M 13.8 29 140   M    M   5 13     35 150
22  87  54  71  -4   0   6 0.00    M    M  7.3 24  30   M    M   1 8      28  40
23  94  61  78   4   0  13 0.00    M    M 10.1 17 250   M    M   0        21 170
================================================================================
SM 1983 1334         4 174  1.52    M    231.3          M       61
================================================================================
AV 86.2 58.0                              10.1 FASTST   M    M   3    MAX(MPH)
                                 MISC ---->  # 35  30               # 44   40
================================================================================
NOTES:
# LAST OF SEVERAL OCCURRENCES

COLUMN 17 PEAK WIND IN M.P.H.

PRELIMINARY LOCAL CLIMATOLOGICAL DATA (WS FORM: F-6) , PAGE 2

                                          STATION:  AKRON CO
                                          MONTH:    JULY
                                          YEAR:     2015
                                          LATITUDE:   40 10 N
                                          LONGITUDE: 103 13 W

[TEMPERATURE DATA]      [PRECIPITATION DATA]       SYMBOLS USED IN COLUMN 16

AVERAGE MONTHLY: 72.1   TOTAL FOR MONTH:   1.52    1 = FOG OR MIST
DPTR FM NORMAL:  -1.8   DPTR FM NORMAL:   -0.31    2 = FOG REDUCING VISIBILITY
HIGHEST:    96 ON 17    GRTST 24HR  0.50 ON 21-21      TO 1/4 MILE OR LESS
LOWEST:     52 ON  9                               3 = THUNDER
                        SNOW, ICE PELLETS, HAIL    4 = ICE PELLETS
                        TOTAL MONTH:    M          5 = HAIL
                        GRTST 24HR    M  ON   M    6 = FREEZING RAIN OR DRIZZLE
                        GRTST DEPTH:  M  ON   M    7 = DUSTSTORM OR SANDSTORM:
                                                       VSBY 1/2 MILE OR LESS
                                                   8 = SMOKE OR HAZE
[NO. OF DAYS WITH]      [WEATHER - DAYS WITH]      9 = BLOWING SNOW
                                                   X = TORNADO
MAX 32 OR BELOW:   0    0.01 INCH OR MORE:  10
MAX 90 OR ABOVE:  11    0.10 INCH OR MORE:   6
MIN 32 OR BELOW:   0    0.50 INCH OR MORE:   1
MIN  0 OR BELOW:   0    1.00 INCH OR MORE:   0

[HDD (BASE 65) ]
TOTAL THIS MO.     4    CLEAR  (SCALE 0-3)  17
DPTR FM NORMAL     4    PTCLDY (SCALE 4-7)   4
TOTAL FM JUL 1     4    CLOUDY (SCALE 8-10)  2
DPTR FM NORMAL     4

[CDD (BASE 65) ]
TOTAL THIS MO.   174
DPTR FM NORMAL   -40    [PRESSURE DATA]
TOTAL FM JAN 1   290    HIGHEST SLP M ON M
DPTR FM NORMAL   -77    LOWEST  SLP 29.63 ON 17

[REMARKS]
