000
CXUS54 KCRP 011300
CF6ALI
PRELIMINARY LOCAL CLIMATOLOGICAL DATA (WS FORM: F-6)

                                          STATION:   ALICE
                                          MONTH:     SEPTEMBER
                                          YEAR:      2014
                                          LATITUDE:   27 44 N
                                          LONGITUDE:  98  1 W

  TEMPERATURE IN F:       :PCPN:    SNOW:  WIND      :SUNSHINE: SKY     :PK WND
================================================================================
1   2   3   4   5  6A  6B    7    8   9   10  11  12  13   14  15   16   17  18
                                     12Z  AVG MX 2MIN
DY MAX MIN AVG DEP HDD CDD  WTR  SNW DPTH SPD SPD DIR MIN PSBL S-S WX    SPD DR
================================================================================

 1 100  75  88   4   0  23    T  0.0    0  9.9 23 150   M    M   5 1      29 130
 2  98  76  87   3   0  22    T  0.0    0 11.0 29 120   M    M   4        36 130
 3  92  74  83  -1   0  18 0.40  0.0    0  6.1 25 200   M    M   3 138    34 200
 4  92  76  84   0   0  19    T  0.0    0  8.9 18 170   M    M   1 1      24 120
 5  99  77  88   5   0  23 0.00  0.0    0  8.4 24 230   M    M   2 3      30 230
 6  97  72  85   2   0  20 0.04  0.0    0  7.4 21 140   M    M   4 123    31 140
 7  97  71  84   1   0  19 0.00  0.0    0  6.3 18 100   M    M   2 1      30  50
 8  96  72  84   1   0  19 0.00  0.0    0  6.0 18 130   M    M   3        24 120
 9  99  71  85   3   0  20 0.00  0.0    0 10.7 20 150   M    M   1 1      26 150
10 100  73  87   5   0  22 0.00  0.0    0 11.6 22 140   M    M   2 1      27 160
11 100  75  88   6   0  23 0.00  0.0    0  9.2 23 130   M    M   2        33 120
12  88  72  80  -2   0  15 1.47  0.0    0  5.2 18  80   M    M   5 13     25  80
13  77  67  72 -10   0   7 1.25  0.0    0 13.1 22  30   M    M   9 18     36  30
14  86  68  77  -4   0  12 0.00  0.0    0 10.1 18  40   M    M   9 1      23  40
15  91  69  80  -1   0  15 0.00  0.0    0  4.9 12  30   M    M   2        19 110
16  90  78  84   3   0  19 0.27  0.0    0  6.8 15 230   M    M   4 13     49 320
17  95  76  86   6   0  21 0.00  0.0    0  8.3 15 150   M    M   3        27 190
18  95  75  85   5   0  20 0.00  0.0    0  8.5 18 130   M    M   1 1      31  90
19  96  76  86   6   0  21 0.00  0.0    0  6.3 24 110   M    M   3 1      30 100
20  92  76  84   4   0  19    T  0.0    0  6.5 18 140   M    M   4 13     24 140
21  90  74  82   2   0  17 0.20  0.0    0 10.1 21  60   M    M   3 1      26  90
22  93  72  83   4   0  18 0.00  0.0    0  8.9 18  80   M    M   0 1      32 120
23  92  71  82   3   0  17 0.00  0.0    0  7.4 18  70   M    M   3 8      25  80
24  90  67  79   0   0  14 0.00  0.0    0  7.9 15  80   M    M   1        20  80
25  92  70  81   2   0  16    T  0.0    0  8.3 22  90   M    M   3 3      29  90
26  82  72  77  -1   0  12 0.06  0.0    0  8.9 21 110   M    M   6 1      29  90
27  80  68  74  -4   0   9 1.60  0.0    0  9.7 22 350   M    M   9 13     27 340
28  87  68  78   0   0  13 0.00  0.0    0  8.7 17  50   M    M   7        29 280
29  88  71  80   2   0  15 0.01  0.0    0  5.8 15  30   M    M   8 1      18  40
30  90  72  81   3   0  16    T  0.0    0  5.6 15 150   M    M   4 1      30  60
================================================================================
SM 2764 2174         0 524  5.30     0.0 246.4          M      113
================================================================================
AV 92.1 72.5                               8.2 FASTST   M    M   4    MAX(MPH)
                                 MISC ---->  # 29 120               # 49  320
================================================================================
NOTES:
# LAST OF SEVERAL OCCURRENCES

COLUMN 17 PEAK WIND IN M.P.H.

PRELIMINARY LOCAL CLIMATOLOGICAL DATA (WS FORM: F-6) , PAGE 2

                                          STATION:  ALICE
                                          MONTH:    SEPTEMBER
                                          YEAR:     2014
                                          LATITUDE:   27 44 N
                                          LONGITUDE:  98  1 W

[TEMPERATURE DATA]      [PRECIPITATION DATA]       SYMBOLS USED IN COLUMN 16

AVERAGE MONTHLY: 82.3   TOTAL FOR MONTH:   5.30    1 = FOG OR MIST
DPTR FM NORMAL:   1.4   DPTR FM NORMAL:    1.36    2 = FOG REDUCING VISIBILITY
HIGHEST:   100 ON 11,10 GRTST 24HR  2.18 ON 12-13      TO 1/4 MILE OR LESS
LOWEST:     67 ON 24,13                            3 = THUNDER
                        SNOW, ICE PELLETS, HAIL    4 = ICE PELLETS
                        TOTAL MONTH:   0.0 INCH    5 = HAIL
                        GRTST 24HR     0.0         6 = FREEZING RAIN OR DRIZZLE
                        GRTST DEPTH:   0           7 = DUSTSTORM OR SANDSTORM:
                                                       VSBY 1/2 MILE OR LESS
                                                   8 = SMOKE OR HAZE
[NO. OF DAYS WITH]      [WEATHER - DAYS WITH]      9 = BLOWING SNOW
                                                   X = TORNADO
MAX 32 OR BELOW:   0    0.01 INCH OR MORE:   9
MAX 90 OR ABOVE:  23    0.10 INCH OR MORE:   6
MIN 32 OR BELOW:   0    0.50 INCH OR MORE:   3
MIN  0 OR BELOW:   0    1.00 INCH OR MORE:   3

[HDD (BASE 65) ]
TOTAL THIS MO.     0    CLEAR  (SCALE 0-3)  15
DPTR FM NORMAL     0    PTCLDY (SCALE 4-7)  12
TOTAL FM JUL 1     0    CLOUDY (SCALE 8-10)  3
DPTR FM NORMAL     0

[CDD (BASE 65) ]
TOTAL THIS MO.   524
DPTR FM NORMAL    47    [PRESSURE DATA]
TOTAL FM JAN 1  3293    HIGHEST SLP 30.15 ON 14
DPTR FM NORMAL    46    LOWEST  SLP 29.74 ON 30

[REMARKS]
#FINAL-09-14#
