000
CXUS54 KEPZ 181200
CF6ALM
PRELIMINARY LOCAL CLIMATOLOGICAL DATA (WS FORM: F-6)

                                          STATION:   ALAMOGORDO
                                          MONTH:     SEPTEMBER
                                          YEAR:      2014
                                          LATITUDE:   32 49 N
                                          LONGITUDE: 106  0 W

  TEMPERATURE IN F:       :PCPN:    SNOW:  WIND      :SUNSHINE: SKY     :PK WND
================================================================================
1   2   3   4   5  6A  6B    7    8   9   10  11  12  13   14  15   16   17  18
                                     12Z  AVG MX 2MIN
DY MAX MIN AVG DEP HDD CDD  WTR  SNW DPTH SPD SPD DIR MIN PSBL S-S WX    SPD DR
================================================================================

 1  95  61  78   M   0  13 0.00  0.0    0  4.7 10 250   M    M   0        21 280
 2  99  61  80   M   0  15 0.00  0.0    0  3.7  9 210   M    M   0        17 210
 3  99  63  81   M   0  16 0.00  0.0    0  8.5 17 170   M    M   0        24 240
 4  93  63  78   M   0  13 0.53  0.0    0 11.8 22 170   M    M   3 3      29 170
 5  81  63  72   M   0   7 0.00  0.0    0  3.5  8 230   M    M   4         M  M
 6  82  63  73   M   0   8 0.00  0.0    0  6.3 14 330   M    M   4        20 330
 7  79  64  72   M   0   7 0.00  0.0    0  5.2 12 200   M    M   6        17 190
 8  84  63  74   M   0   9 0.00  0.0    0  5.9 10 180   M    M   4         M  M
 9  90   M   M   M   M   M 0.00  0.0    0 10.4 15 170   M    M   1        21 170
10  88  63  76   M   0  11 0.00  0.0    0  5.1 13  10   M    M   1        18 350
11  82  64  73   M   0   8 0.00  0.0    0  6.6 18 180   M    M   1        28 180
12  79  59  69   M   0   4 0.00  0.0    0  6.9 15 180   M    M   1 3      23 180
13  75  57  66   M   0   1 0.00  0.0    0  4.9 14 190   M    M   5         M  M
14  77  59  68   M   0   3 0.00  0.0    0  6.4 17 180   M    M   2        23 180
15  82  59  71   M   0   6 0.00  0.0    0  6.6 16 180   M    M   3 3      23 190
16  72  64  68   M   0   3 0.06  0.0    0  4.3 12  10   M    M   7         M  M
17  81  64  73   M   0   8 0.11  0.0    0  4.4 10 310   M    M   6 13      M  M
================================================================================
SM 1438  990         0 132  0.70     0.0 105.2          M       48
================================================================================
AV 84.6 61.9                               6.2 FASTST   M    M   3    MAX(MPH)
                                 MISC ---->    22   M                 29    M
================================================================================
NOTES:
# LAST OF SEVERAL OCCURRENCES

COLUMN 17 PEAK WIND IN M.P.H.

PRELIMINARY LOCAL CLIMATOLOGICAL DATA (WS FORM: F-6) , PAGE 2

                                          STATION:  ALAMOGORDO
                                          MONTH:    SEPTEMBER
                                          YEAR:     2014
                                          LATITUDE:   32 49 N
                                          LONGITUDE: 106  0 W

[TEMPERATURE DATA]      [PRECIPITATION DATA]       SYMBOLS USED IN COLUMN 16

AVERAGE MONTHLY: 73.2   TOTAL FOR MONTH:   0.70    1 = FOG OR MIST
DPTR FM NORMAL:     M   DPTR FM NORMAL:       M    2 = FOG REDUCING VISIBILITY
HIGHEST:    99 ON  3, 2 GRTST 24HR  0.53 ON  4- 4      TO 1/4 MILE OR LESS
LOWEST:     57 ON 13                               3 = THUNDER
                        SNOW, ICE PELLETS, HAIL    4 = ICE PELLETS
                        TOTAL MONTH:   0.0 INCH    5 = HAIL
                        GRTST 24HR     0.0         6 = FREEZING RAIN OR DRIZZLE
                        GRTST DEPTH:   0           7 = DUSTSTORM OR SANDSTORM:
                                                       VSBY 1/2 MILE OR LESS
                                                   8 = SMOKE OR HAZE
[NO. OF DAYS WITH]      [WEATHER - DAYS WITH]      9 = BLOWING SNOW
                                                   X = TORNADO
MAX 32 OR BELOW:   0    0.01 INCH OR MORE:   3
MAX 90 OR ABOVE:   5    0.10 INCH OR MORE:   2
MIN 32 OR BELOW:   0    0.50 INCH OR MORE:   1
MIN  0 OR BELOW:   0    1.00 INCH OR MORE:   0

[HDD (BASE 65) ]
TOTAL THIS MO.     0    CLEAR  (SCALE 0-3)   9
DPTR FM NORMAL     M    PTCLDY (SCALE 4-7)   8
TOTAL FM JUL 1     0    CLOUDY (SCALE 8-10)  0
DPTR FM NORMAL     M

[CDD (BASE 65) ]
TOTAL THIS MO.   132
DPTR FM NORMAL     M    [PRESSURE DATA]
TOTAL FM JAN 1  1674    HIGHEST SLP M ON M
DPTR FM NORMAL     M    LOWEST  SLP M ON M

[REMARKS]
