000
CXUS55 KPUB 201059
CF6ALS
PRELIMINARY LOCAL CLIMATOLOGICAL DATA (WS FORM: F-6)

                                          STATION:   ALAMOSA CO
                                          MONTH:     AUGUST
                                          YEAR:      2017
                                          LATITUDE:   37 27 N
                                          LONGITUDE: 105 52 W

  TEMPERATURE IN F:       :PCPN:    SNOW:  WIND      :SUNSHINE: SKY     :PK WND
================================================================================
1   2   3   4   5  6A  6B    7    8   9   10  11  12  13   14  15   16   17  18
                                     12Z  AVG MX 2MIN
DY MAX MIN AVG DEP HDD CDD  WTR  SNW DPTH SPD SPD DIR MIN PSBL S-S WX    SPD DR
================================================================================

 1  79  46  63  -1   2   0 0.00  0.0    0  5.7 15 150   M    M   1 12     23 110
 2  82  45  64   0   1   0 0.01  0.0    0  5.8 29  20   M    M   2 3      37 350
 3  73  50  62  -2   3   0 0.06  0.0    0  7.2 32 320   M    M   3 13     44 330
 4  75  42  59  -5   6   0    T  0.0    0  6.6 28 340   M    M   1 123    41 350
 5  74  50  62  -2   3   0 0.00  0.0    0  6.7 23 270   M    M   4        27 240
 6  76  44  60  -4   5   0 0.04  0.0    0  6.9 23 250   M    M   5        28 310
 7  75  48  62  -2   3   0 0.42  0.0    0  6.3 35 340   M    M   4 13     45 340
 8  75  47  61  -3   4   0 0.01  0.0    0  5.3 24 330   M    M   4 3      30 330
 9  78  46  62  -2   3   0    T  0.0    0  4.7 33 270   M    M   3 3      41 260
10  84  45  65   1   0   0    T  0.0    0  8.5 30 340   M    M   2 38     37 340
11  71  49  60  -4   5   0    T  0.0    0  6.9 22 290   M    M   5 3      28 280
12  78  46  62  -1   3   0 0.00  0.0    0  5.9 25 280   M    M   2 1      31 280
13  77  45  61  -2   4   0    T  0.0    0  4.5 16 260   M    M   2        18 260
14  81  46  64   1   1   0 0.00  0.0    0  5.5 25 310   M    M   2        35 300
15  78  43  61  -2   4   0 0.00  0.0    0  6.3 26 230   M    M   0        33 240
16  77  40  59  -4   6   0 0.00  0.0    0  4.4 14 240   M    M   2        20 220
17  80  39  60  -3   5   0    T  0.0    0  5.3 23 320   M    M   2        38 300
18  81  39  60  -3   5   0 0.00  0.0    0  3.5 15 210   M    M   0        19 210
19  85  45  65   3   0   0 0.00  0.0    0  4.6 28 240   M    M   1        39 240
================================================================================
SM 1479  855        63   0  0.54     0.0 110.6          M       45
================================================================================
AV 77.8 45.0                               5.8 FASTST   M    M   2    MAX(MPH)
                                 MISC ---->  # 35 340               # 45  340
================================================================================
NOTES:
# LAST OF SEVERAL OCCURRENCES

COLUMN 17 PEAK WIND IN M.P.H.

PRELIMINARY LOCAL CLIMATOLOGICAL DATA (WS FORM: F-6) , PAGE 2

                                          STATION:  ALAMOSA CO
                                          MONTH:    AUGUST
                                          YEAR:     2017
                                          LATITUDE:   37 27 N
                                          LONGITUDE: 105 52 W

[TEMPERATURE DATA]      [PRECIPITATION DATA]       SYMBOLS USED IN COLUMN 16

AVERAGE MONTHLY: 61.4   TOTAL FOR MONTH:   0.54    1 = FOG OR MIST
DPTR FM NORMAL:  -2.1   DPTR FM NORMAL:   -0.24    2 = FOG REDUCING VISIBILITY
HIGHEST:    85 ON 19    GRTST 24HR  0.42 ON  7- 7      TO 1/4 MILE OR LESS
LOWEST:     39 ON 18,17                            3 = THUNDER
                        SNOW, ICE PELLETS, HAIL    4 = ICE PELLETS
                        TOTAL MONTH:   0.0 INCH    5 = HAIL
                        GRTST 24HR     0.0         6 = FREEZING RAIN OR DRIZZLE
                        GRTST DEPTH:   0           7 = DUSTSTORM OR SANDSTORM:
                                                       VSBY 1/2 MILE OR LESS
                                                   8 = SMOKE OR HAZE
[NO. OF DAYS WITH]      [WEATHER - DAYS WITH]      9 = BLOWING SNOW
                                                   X = TORNADO
MAX 32 OR BELOW:   0    0.01 INCH OR MORE:   5
MAX 90 OR ABOVE:   0    0.10 INCH OR MORE:   1
MIN 32 OR BELOW:   0    0.50 INCH OR MORE:   0
MIN  0 OR BELOW:   0    1.00 INCH OR MORE:   0

[HDD (BASE 65) ]
TOTAL THIS MO.    63    CLEAR  (SCALE 0-3)  14
DPTR FM NORMAL    25    PTCLDY (SCALE 4-7)   5
TOTAL FM JUL 1    72    CLOUDY (SCALE 8-10)  0
DPTR FM NORMAL   -11

[CDD (BASE 65) ]
TOTAL THIS MO.     0
DPTR FM NORMAL   -12    [PRESSURE DATA]
TOTAL FM JAN 1    76    HIGHEST SLP M ON M
DPTR FM NORMAL    26    LOWEST  SLP 29.79 ON 14

[REMARKS]
