000
CXUS52 KJAX 210800
CF6AMG
PRELIMINARY LOCAL CLIMATOLOGICAL DATA (WS FORM: F-6)

                                          STATION:   ALMA GA
                                          MONTH:     FEBRUARY
                                          YEAR:      2017
                                          LATITUDE:   31 32 N
                                          LONGITUDE:  82 30 W

  TEMPERATURE IN F:       :PCPN:    SNOW:  WIND      :SUNSHINE: SKY     :PK WND
================================================================================
1   2   3   4   5  6A  6B    7    8   9   10  11  12  13   14  15   16   17  18
                                     12Z  AVG MX 2MIN
DY MAX MIN AVG DEP HDD CDD  WTR  SNW DPTH SPD SPD DIR MIN PSBL S-S WX    SPD DR
================================================================================

 1  73  44  59   7   6   0 0.00  0.0    0  4.7 14 210   M    M   2 12     20 220
 2  74  47  61   9   4   0 0.00  0.0    0  2.8 13 310   M    M   4 12     17 320
 3  75  49  62  10   3   0    T  0.0    0  6.0 16 330   M    M   6 12     21 320
 4  57  42  50  -2  15   0 0.00  0.0    0  6.2 15 360   M    M   9        23  90
 5  65  35  50  -3  15   0 0.00  0.0    0  2.5 12 320   M    M   5        16 330
 6  73  45  59   6   6   0 0.00  0.0    0  1.7  7 290   M    M   1 1      10 300
 7  79  53  66  13   0   1 0.46  0.0    0  7.5 26 250   M    M   2 13     35 250
 8  76  55  66  13   0   1    T  0.0    0  6.4 18 230   M    M   6 18     24 260
 9  71  41  56   3   9   0 0.00  0.0    0 12.8 25 310   M    M   3        32 300
10  62  33  48  -5  17   0 0.00  0.0    0  2.5  9 140   M    M   0        13 150
11  78  41  60   6   5   0 0.00  0.0    0  5.3 15 240   M    M   0        21 240
12  79  60  70  16   0   5 0.00  0.0    0  7.1 17 240   M    M   8        23 270
13  74  45  60   6   5   0 0.00  0.0    0  4.0 14 320   M    M   0        18 330
14  77  40  59   5   6   0 0.00  0.0    0  4.0 15 190   M    M   1 1      19 190
15  79  54  67  13   0   2 0.02  0.0    0 12.3 31 290   M    M   4 18     45 290
16  65  39  52  -2  13   0 0.00  0.0    0  5.4 14 310   M    M   0        19 320
17  72  35  54  -1  11   0 0.00  0.0    0  2.4 10 240   M    M   0 18     14 270
18  68  46  57   2   8   0    T  0.0    0  2.2 15 150   M    M   3 18     20 160
19  77  50  64   9   1   0 0.00  0.0    0  5.0 14 310   M    M   5 12     18 260
20  79  47  63   8   2   0 0.00  0.0    0  3.4 10  90   M    M   0 1      14 110
================================================================================
SM 1453  901       126   9  0.48     0.0 104.2          M       59
================================================================================
AV 72.7 45.1                               5.2 FASTST   M    M   3    MAX(MPH)
                                 MISC ---->  # 31 290               # 45  290
================================================================================
NOTES:
# LAST OF SEVERAL OCCURRENCES

COLUMN 17 PEAK WIND IN M.P.H.

PRELIMINARY LOCAL CLIMATOLOGICAL DATA (WS FORM: F-6) , PAGE 2

                                          STATION:  ALMA GA
                                          MONTH:    FEBRUARY
                                          YEAR:     2017
                                          LATITUDE:   31 32 N
                                          LONGITUDE:  82 30 W

[TEMPERATURE DATA]      [PRECIPITATION DATA]       SYMBOLS USED IN COLUMN 16

AVERAGE MONTHLY: 58.9   TOTAL FOR MONTH:   0.48    1 = FOG OR MIST
DPTR FM NORMAL:   5.3   DPTR FM NORMAL:   -2.20    2 = FOG REDUCING VISIBILITY
HIGHEST:    79 ON 20,15 GRTST 24HR  0.46 ON  7- 7      TO 1/4 MILE OR LESS
LOWEST:     33 ON 10                               3 = THUNDER
                        SNOW, ICE PELLETS, HAIL    4 = ICE PELLETS
                        TOTAL MONTH:   0.0 INCH    5 = HAIL
                        GRTST 24HR     0.0         6 = FREEZING RAIN OR DRIZZLE
                        GRTST DEPTH:   0           7 = DUSTSTORM OR SANDSTORM:
                                                       VSBY 1/2 MILE OR LESS
                                                   8 = SMOKE OR HAZE
[NO. OF DAYS WITH]      [WEATHER - DAYS WITH]      9 = BLOWING SNOW
                                                   X = TORNADO
MAX 32 OR BELOW:   0    0.01 INCH OR MORE:   2
MAX 90 OR ABOVE:   0    0.10 INCH OR MORE:   1
MIN 32 OR BELOW:   0    0.50 INCH OR MORE:   0
MIN  0 OR BELOW:   0    1.00 INCH OR MORE:   0

[HDD (BASE 65) ]
TOTAL THIS MO.   126    CLEAR  (SCALE 0-3)  12
DPTR FM NORMAL  -110    PTCLDY (SCALE 4-7)   7
TOTAL FM JUL 1   835    CLOUDY (SCALE 8-10)  1
DPTR FM NORMAL  -490

[CDD (BASE 65) ]
TOTAL THIS MO.     9
DPTR FM NORMAL     9    [PRESSURE DATA]
TOTAL FM JAN 1    35    HIGHEST SLP M ON M
DPTR FM NORMAL    30    LOWEST  SLP 29.60 ON 15

[REMARKS]
