000
CXUS53 KDMX 270920
CF6AMW
PRELIMINARY LOCAL CLIMATOLOGICAL DATA (WS FORM: F-6)

                                          STATION:   AMES IA
                                          MONTH:     AUGUST
                                          YEAR:      2016
                                          LATITUDE:   41 59 N
                                          LONGITUDE:  93 37 W

  TEMPERATURE IN F:       :PCPN:    SNOW:  WIND      :SUNSHINE: SKY     :PK WND
================================================================================
1   2   3   4   5  6A  6B    7    8   9   10  11  12  13   14  15   16   17  18
                                     12Z  AVG MX 2MIN
DY MAX MIN AVG DEP HDD CDD  WTR  SNW DPTH SPD SPD DIR MIN PSBL S-S WX    SPD DR
================================================================================

 1  78  68  73   0   0   8 0.02  0.0    0  6.5 18 140   M    M   2 13     24 140
 2  83  64  74   1   0   9 0.25  0.0    0  4.2 14 170   M    M   3 123    19 180
 3  86  63  75   2   0  10 0.00  0.0    0  4.7 13 140   M    M   4 12     17 160
 4  91  71  81   8   0  16 0.47  0.0    0  7.9 25 300   M    M   3 13     41 310
 5  80  59  70  -3   0   5 0.00  0.0    0  9.8 18 350   M    M   0        23 350
 6  81  58  70  -2   0   5 0.00  0.0    0  3.4 12  30   M    M   1        16  10
 7  78  58  68  -4   0   3    T  0.0    0  2.5 10 120   M    M   3        13 120
 8  78  57  68  -4   0   3 0.00  0.0    0  4.3 13 170   M    M   7 12     16 160
 9  86  63  75   3   0  10 0.00  0.0    0  3.7 10 180   M    M   3 1      13 180
10  91  66  79   7   0  14 0.07  0.0    0  7.5 23 180   M    M   4 123    29 190
11  89  69  79   7   0  14 3.94  0.0    0 10.3 28 350   M    M   7 13     40 360
12  81  67  74   2   0   9 0.18  0.0    0  8.5 23 360   M    M   7 1      29 340
13  83  64  74   2   0   9 0.00  0.0    0  6.6 17 340   M    M   1        22 350
14  84  60  72   0   0   7 0.00  0.0    0  3.1 10  20   M    M   1 1      14  30
15  81  59  70  -1   0   5 0.00  0.0    0  2.1 10 120   M    M   0 1      14 100
16  85  61  73   2   0   8 0.00  0.0    0  5.4 13 190   M    M   2 12     16 200
17  86  65  76   5   0  11 0.15  0.0    0  4.7 20  10   M    M   3 13     24  10
18  91  64  78   7   0  13 0.00  0.0    0  6.7 16 220   M    M   3 12     21 210
19  86  66  76   5   0  11 0.93  0.0    0  8.6 36 350   M    M   5 13     48 350
20  73  57  65  -6   0   0 0.09  0.0    0 10.5 22 320   M    M   7 1      27 330
21  76  54  65  -5   0   0 0.00  0.0    0  5.9 15 310   M    M   1        19 330
22  81  54  68  -2   0   3 0.00  0.0    0 10.0 24 190   M    M   1        29 190
23  82  59  71   1   0   6 0.00  0.0    0 12.0 23 170   M    M   3        29 170
24  81  66  74   4   0   9 0.08  0.0    0  6.3 25 230   M    M   4 3      36 220
25  77  57  67  -3   0   2 0.00  0.0    0  3.4  9 310   M    M   3        11 310
26  72  56  64  -5   1   0 0.27  0.0    0  5.2 14  40   M    M   5 1      18  40
================================================================================
SM 2140 1605         1 190  6.45     0.0 163.8          M       83
================================================================================
AV 82.3 61.7                               6.3 FASTST   M    M   3    MAX(MPH)
                                 MISC ---->  # 36 350               # 48  350
================================================================================
NOTES:
# LAST OF SEVERAL OCCURRENCES

COLUMN 17 PEAK WIND IN M.P.H.

PRELIMINARY LOCAL CLIMATOLOGICAL DATA (WS FORM: F-6) , PAGE 2

                                          STATION:  AMES IA
                                          MONTH:    AUGUST
                                          YEAR:     2016
                                          LATITUDE:   41 59 N
                                          LONGITUDE:  93 37 W

[TEMPERATURE DATA]      [PRECIPITATION DATA]       SYMBOLS USED IN COLUMN 16

AVERAGE MONTHLY: 72.0   TOTAL FOR MONTH:   6.45    1 = FOG OR MIST
DPTR FM NORMAL:   0.6   DPTR FM NORMAL:    2.70    2 = FOG REDUCING VISIBILITY
HIGHEST:    91 ON 18,10 GRTST 24HR  4.11 ON 11-12      TO 1/4 MILE OR LESS
LOWEST:     54 ON 22,21                            3 = THUNDER
                        SNOW, ICE PELLETS, HAIL    4 = ICE PELLETS
                        TOTAL MONTH:   0.0 INCH    5 = HAIL
                        GRTST 24HR     0.0         6 = FREEZING RAIN OR DRIZZLE
                        GRTST DEPTH:   0           7 = DUSTSTORM OR SANDSTORM:
                                                       VSBY 1/2 MILE OR LESS
                                                   8 = SMOKE OR HAZE
[NO. OF DAYS WITH]      [WEATHER - DAYS WITH]      9 = BLOWING SNOW
                                                   X = TORNADO
MAX 32 OR BELOW:   0    0.01 INCH OR MORE:  11
MAX 90 OR ABOVE:   3    0.10 INCH OR MORE:   7
MIN 32 OR BELOW:   0    0.50 INCH OR MORE:   2
MIN  0 OR BELOW:   0    1.00 INCH OR MORE:   1

[HDD (BASE 65) ]
TOTAL THIS MO.     1    CLEAR  (SCALE 0-3)  13
DPTR FM NORMAL    -1    PTCLDY (SCALE 4-7)  13
TOTAL FM JUL 1     3    CLOUDY (SCALE 8-10)  0
DPTR FM NORMAL    -3

[CDD (BASE 65) ]
TOTAL THIS MO.   190
DPTR FM NORMAL    14    [PRESSURE DATA]
TOTAL FM JAN 1   792    HIGHEST SLP M ON M
DPTR FM NORMAL   130    LOWEST  SLP 29.70 ON 20

[REMARKS]
