000
CXUS53 KDMX 300920
CF6AMW
PRELIMINARY LOCAL CLIMATOLOGICAL DATA (WS FORM: F-6)

                                          STATION:   AMES IA
                                          MONTH:     MAY
                                          YEAR:      2017
                                          LATITUDE:   41 59 N
                                          LONGITUDE:  93 37 W

  TEMPERATURE IN F:       :PCPN:    SNOW:  WIND      :SUNSHINE: SKY     :PK WND
================================================================================
1   2   3   4   5  6A  6B    7    8   9   10  11  12  13   14  15   16   17  18
                                     12Z  AVG MX 2MIN
DY MAX MIN AVG DEP HDD CDD  WTR  SNW DPTH SPD SPD DIR MIN PSBL S-S WX    SPD DR
================================================================================

 1  46  41  44 -11  21   0 0.55  0.0    0 13.6 30 300   M    M   9 1      37 300
 2  63  36  50  -6  15   0 0.00  0.0    0 10.6 25 320   M    M   0        32 320
 3  60  35  48  -8  17   0 0.00  0.0    0  5.6 17 160   M    M   0        21 170
 4  69  34  52  -4  13   0 0.00  0.0    0  9.0 25  20   M    M   2        33  10
 5  77  41  59   2   6   0 0.00  0.0    0  9.0 20 360   M    M   0        24 360
 6  72  48  60   3   5   0 0.00  0.0    0  9.1 32 310   M    M   0        44 310
 7  77  40  59   2   6   0 0.00  0.0    0  5.5 13 110   M    M   0        16 120
 8  83  53  68  10   0   3    T  0.0    0 11.0 22 220   M    M   1        27 210
 9  80  58  69  11   0   4 0.00  0.0    0  8.0 21 340   M    M   1        25 340
10  72  54  63   5   2   0 1.07  0.0    0  8.2 20 330   M    M   8 13     24  30
11  71  49  60   1   5   0 0.00  0.0    0  8.5 20 350   M    M   1 1      24 340
12  75  43  59   0   6   0 0.00  0.0    0  7.2 15  20   M    M   0        24 360
13  81  49  65   6   0   0 0.00  0.0    0  9.3 20 190   M    M   0        29 220
14  83  56  70  10   0   5 0.00  0.0    0 10.4 21 180   M    M   1        29 160
15  88  62  75  15   0  10 0.00  0.0    0 10.0 25 210   M    M   1 3      33 200
16  86  62  74  14   0   9 0.69  0.0    0 16.0 35 280   M    M   1 13     43 280
17  78  59  69   8   0   4 0.71  0.0    0 14.4 38 210   M    M   7 13     51 210
18  62  51  57  -4   8   0 0.10  0.0    0 15.5 28 260   M    M  10 13     34 260
19  51  46  49 -13  16   0 0.85  0.0    0 12.5 21 100   M    M   9 13     30 100
20  64  46  55  -7  10   0 0.28  0.0    0 13.3 23 240   M    M  10 1      30 230
21  55  45  50 -12  15   0 0.08  0.0    0 15.4 26 280   M    M   8 1      35 290
22  72  44  58  -5   7   0 0.12  0.0    0 12.1 29 250   M    M   3 13     37 250
23  61  49  55  -8  10   0 0.23  0.0    0  9.3 20 310   M    M   6 1      24 310
24  64  47  56  -7   9   0 0.14  0.0    0  8.5 16  10   M    M   8 1      20 340
25  72  41  57  -7   8   0 0.00  0.0    0  5.9 15 120   M    M   1 12     20 110
26  81  53  67   3   0   2 0.00  0.0    0  2.8 12 140   M    M   3 1      14 130
27  71  52  62  -2   3   0 0.58  0.0    0  4.3 22 230   M    M   7 123    27 220
28  79  52  66   1   0   1 0.00  0.0    0 10.8 26 280   M    M   1        37 270
29  75  48  62  -3   3   0 0.00  0.0    0 12.8 26 290   M    M   4        34 310
================================================================================
SM 2068 1394       185  38  5.40     0.0 288.6          M      102
================================================================================
AV 71.3 48.1                              10.0 FASTST   M    M   4    MAX(MPH)
                                 MISC ---->  # 38 210               # 51  210
================================================================================
NOTES:
# LAST OF SEVERAL OCCURRENCES

COLUMN 17 PEAK WIND IN M.P.H.

PRELIMINARY LOCAL CLIMATOLOGICAL DATA (WS FORM: F-6) , PAGE 2

                                          STATION:  AMES IA
                                          MONTH:    MAY
                                          YEAR:     2017
                                          LATITUDE:   41 59 N
                                          LONGITUDE:  93 37 W

[TEMPERATURE DATA]      [PRECIPITATION DATA]       SYMBOLS USED IN COLUMN 16

AVERAGE MONTHLY: 59.7   TOTAL FOR MONTH:   5.40    1 = FOG OR MIST
DPTR FM NORMAL:  -0.4   DPTR FM NORMAL:    1.10    2 = FOG REDUCING VISIBILITY
HIGHEST:    88 ON 15    GRTST 24HR  1.43 ON 30- 1      TO 1/4 MILE OR LESS
LOWEST:     34 ON  4                               3 = THUNDER
                        SNOW, ICE PELLETS, HAIL    4 = ICE PELLETS
                        TOTAL MONTH:   0.0 INCH    5 = HAIL
                        GRTST 24HR     0.0         6 = FREEZING RAIN OR DRIZZLE
                        GRTST DEPTH:   0           7 = DUSTSTORM OR SANDSTORM:
                                                       VSBY 1/2 MILE OR LESS
                                                   8 = SMOKE OR HAZE
[NO. OF DAYS WITH]      [WEATHER - DAYS WITH]      9 = BLOWING SNOW
                                                   X = TORNADO
MAX 32 OR BELOW:   0    0.01 INCH OR MORE:  12
MAX 90 OR ABOVE:   0    0.10 INCH OR MORE:  11
MIN 32 OR BELOW:   0    0.50 INCH OR MORE:   6
MIN  0 OR BELOW:   0    1.00 INCH OR MORE:   1

[HDD (BASE 65) ]
TOTAL THIS MO.   185    CLEAR  (SCALE 0-3)  17
DPTR FM NORMAL     4    PTCLDY (SCALE 4-7)   8
TOTAL FM JUL 1  5613    CLOUDY (SCALE 8-10)  4
DPTR FM NORMAL -1190

[CDD (BASE 65) ]
TOTAL THIS MO.    38
DPTR FM NORMAL    -2    [PRESSURE DATA]
TOTAL FM JAN 1    41    HIGHEST SLP M ON M
DPTR FM NORMAL    -2    LOWEST  SLP 29.31 ON 17

[REMARKS]
