000
CXUS54 KBMX 271216
CF6ANB
PRELIMINARY LOCAL CLIMATOLOGICAL DATA (WS FORM: F-6)

                                          STATION:   ANNISTON
                                          MONTH:     MARCH
                                          YEAR:      2015
                                          LATITUDE:   33 35 N
                                          LONGITUDE:  85 51 W

  TEMPERATURE IN F:       :PCPN:    SNOW:  WIND      :SUNSHINE: SKY     :PK WND
================================================================================
1   2   3   4   5  6A  6B    7    8   9   10  11  12  13   14  15   16   17  18
                                     12Z  AVG MX 2MIN
DY MAX MIN AVG DEP HDD CDD  WTR  SNW DPTH SPD SPD DIR MIN PSBL S-S WX    SPD DR
================================================================================

 1  56  44  50  -1  15   0    T  0.0    0  7.2 15  90   M    M   9        20  80
 2  57  49  53   2  12   0 0.29  0.0    0  2.8  9  20   M    M  10 1      12  10
 3  67  51  59   8   6   0 0.08  0.0    0  5.1 12 190   M    M   9 12     18 190
 4  79  59  69  17   0   4 0.15  0.0    0  7.4 22 230   M    M   9 1      31 230
 5  70  27  49  -3  16   0 0.12    T    0  7.5 18 350   M    M  10 1      27 350
 6  49  22  36 -16  29   0 0.00  0.0    0  4.1 12  20   M    M   4        22 140
 7  62  24  43  -9  22   0 0.00  0.0    0  1.7  9 230   M    M   0        13 260
 8  71  30  51  -2  14   0    T  0.0    0  3.2 17 360   M    M   3        26 360
 9  65  50  58   5   7   0 0.03  0.0    0  5.8 13  70   M    M   9 1      17  70
10  77  56  67  14   0   2 0.22  0.0    0  6.9 15 200   M    M  10 1      22 200
11  72  55  64  11   1   0 0.29  0.0    0  1.5  7 340   M    M   7 12      9 240
12  70  54  62   8   3   0 0.02  0.0    0  7.4 15  80   M    M   9 12     22 100
13  60  50  55   1  10   0 0.25  0.0    0 11.4 21  90   M    M   8 1      33  60
14  69  50  60   6   5   0    T  0.0    0  6.6 14  60   M    M   9 1      20  50
15  75  45  60   6   5   0 0.00  0.0    0  4.0 13 350   M    M   2 1      15 350
16  82  40  61   6   4   0 0.00  0.0    0  2.5 13 360   M    M   0 8      17 330
17  80  48  64   9   1   0 0.00  0.0    0  7.1 16 360   M    M   1 18     21 270
18  78  56  67  12   0   2 0.06  0.0    0  4.4 10 260   M    M   1 1      13  30
19  73  53  63   8   2   0 0.60  0.0    0  6.2 14  80   M    M  10 138    17  60
20  73  51  62   6   3   0 0.03  0.0    0  4.7 12 330   M    M  10 1      16 330
21  67  54  61   5   4   0 0.08  0.0    0  3.4 10  10   M    M   7        14  10
22  57  53  55  -1  10   0 0.89  0.0    0  6.9 13  70   M    M  10 1      17  70
23  67  48  58   2   7   0    T    M    0  5.3 15  50   M    M   8 18     21  50
24  72  45  59   3   6   0 0.00  0.0    0  3.3 12 150   M    M   3 18     15 150
25  80  50  65   8   0   0 0.00  0.0    0  4.5 13 150   M    M   4        16 140
26  74  53  64   7   1   0 0.65  0.0    M  6.9 14 220   M    M   7 13     19 250
================================================================================
SM 1802 1217       183   8  3.76    T    137.8          M      169
================================================================================
AV 69.3 46.8                               5.3 FASTST   M    M   7    MAX(MPH)
                                 MISC ---->  # 22 230               # 33   60
================================================================================
NOTES:
# LAST OF SEVERAL OCCURRENCES

COLUMN 17 PEAK WIND IN M.P.H.

PRELIMINARY LOCAL CLIMATOLOGICAL DATA (WS FORM: F-6) , PAGE 2

                                          STATION:  ANNISTON
                                          MONTH:    MARCH
                                          YEAR:     2015
                                          LATITUDE:   33 35 N
                                          LONGITUDE:  85 51 W

[TEMPERATURE DATA]      [PRECIPITATION DATA]       SYMBOLS USED IN COLUMN 16

AVERAGE MONTHLY: 58.1   TOTAL FOR MONTH:   3.76    1 = FOG OR MIST
DPTR FM NORMAL:   4.1   DPTR FM NORMAL:   -0.45    2 = FOG REDUCING VISIBILITY
HIGHEST:    82 ON 16    GRTST 24HR  0.89 ON 22-22      TO 1/4 MILE OR LESS
LOWEST:     22 ON  6                               3 = THUNDER
                        SNOW, ICE PELLETS, HAIL    4 = ICE PELLETS
                        TOTAL MONTH:    T          5 = HAIL
                        GRTST 24HR    T  ON  5- 5  6 = FREEZING RAIN OR DRIZZLE
                        GRTST DEPTH:   0           7 = DUSTSTORM OR SANDSTORM:
                                                       VSBY 1/2 MILE OR LESS
                                                   8 = SMOKE OR HAZE
[NO. OF DAYS WITH]      [WEATHER - DAYS WITH]      9 = BLOWING SNOW
                                                   X = TORNADO
MAX 32 OR BELOW:   0    0.01 INCH OR MORE:  15
MAX 90 OR ABOVE:   0    0.10 INCH OR MORE:   9
MIN 32 OR BELOW:   4    0.50 INCH OR MORE:   3
MIN  0 OR BELOW:   0    1.00 INCH OR MORE:   0

[HDD (BASE 65) ]
TOTAL THIS MO.   183    CLEAR  (SCALE 0-3)   7
DPTR FM NORMAL  -113    PTCLDY (SCALE 4-7)   7
TOTAL FM JUL 1  2704    CLOUDY (SCALE 8-10) 12
DPTR FM NORMAL   136

[CDD (BASE 65) ]
TOTAL THIS MO.     8
DPTR FM NORMAL     5    [PRESSURE DATA]
TOTAL FM JAN 1     8    HIGHEST SLP M ON M
DPTR FM NORMAL     4    LOWEST  SLP 29.76 ON 26

[REMARKS]
