047
CXUS54 KBMX 221216
CF6ANB
PRELIMINARY LOCAL CLIMATOLOGICAL DATA (WS FORM: F-6)

                                          STATION:   ANNISTON
                                          MONTH:     APRIL
                                          YEAR:      2017
                                          LATITUDE:   33 35 N
                                          LONGITUDE:  85 51 W

  TEMPERATURE IN F:       :PCPN:    SNOW:  WIND      :SUNSHINE: SKY     :PK WND
================================================================================
1   2   3   4   5  6A  6B    7    8   9   10  11  12  13   14  15   16   17  18
                                     12Z  AVG MX 2MIN
DY MAX MIN AVG DEP HDD CDD  WTR  SNW DPTH SPD SPD DIR MIN PSBL S-S WX    SPD DR
================================================================================

 1  79  46  63   5   2   0 0.00  0.0    0  3.3 13 360   M    M   0        16  10
 2  86  50  68  10   0   3 0.00  0.0    0  4.2 13 120   M    M   0        17 110
 3  74  59  67   8   0   2 0.88  0.0    0  8.3 21 220   M    M   6 13     32 310
 4  81  56  69  10   0   4 0.00  0.0    0  4.6 15 240   M    M   1 128    19 220
 5  75  56  66   7   0   1 3.46  0.0    0  6.2 31 250   M    M   7 1238   39 240
 6  60  44  52  -7  13   0    T  0.0    0 12.8 26 260   M    M   7        37 260
 7  66  40  53  -7  12   0 0.00  0.0    0  8.3 21 270   M    M   0        28 290
 8  72  36  54  -6  11   0 0.00  0.0    0  2.5  9  20   M    M   0 1      14  30
 9  79  40  60   0   5   0 0.00  0.0    0  3.0 15 180   M    M   0        23 170
10  81  47  64   4   1   0 0.00  0.0    0  4.0 16 250   M    M   0        23 180
11  82  53  68   7   0   3 0.00  0.0    0  3.0 13 230   M    M   2        19 240
12  80  54  67   6   0   2    T  0.0    0  2.4 16 360   M    M   2        22  40
13  87  52  70   9   0   5 0.00  0.0    0  1.5  8  80   M    M   3        10 280
14  84  56  70   9   0   5 0.00  0.0    0  3.0 14 180   M    M   1 8      30 150
15  82  59  71   9   0   6 0.00  0.0    0  4.6 15 140   M    M   1        21 160
16  82  56  69   7   0   4 0.00  0.0    0  4.1 16 190   M    M   2        21 220
17  82  55  69   7   0   4 0.12  0.0    0  3.3 13 270   M    M   5 13     17 280
18  83  61  72  10   0   7    T  0.0    0  3.5 10 110   M    M   5 1238   13 120
19  84  64  74  11   0   9 0.03  0.0    0  4.9 13  70   M    M   4 3      16  60
20  85  63  74  11   0   9 0.00  0.0    0  4.7 15 240   M    M   3        18 250
21  86  59  73  10   0   8 0.00  0.0    0  4.0 17 240   M    M   1        22 240
================================================================================
SM 1670 1106        44  72  4.49     0.0  96.2          M       50
================================================================================
AV 79.5 52.7                               4.6 FASTST   M    M   2    MAX(MPH)
                                 MISC ---->  # 31 250               # 39  240
================================================================================
NOTES:
# LAST OF SEVERAL OCCURRENCES

COLUMN 17 PEAK WIND IN M.P.H.

PRELIMINARY LOCAL CLIMATOLOGICAL DATA (WS FORM: F-6) , PAGE 2

                                          STATION:  ANNISTON
                                          MONTH:    APRIL
                                          YEAR:     2017
                                          LATITUDE:   33 35 N
                                          LONGITUDE:  85 51 W

[TEMPERATURE DATA]      [PRECIPITATION DATA]       SYMBOLS USED IN COLUMN 16

AVERAGE MONTHLY: 66.1   TOTAL FOR MONTH:   4.49    1 = FOG OR MIST
DPTR FM NORMAL:   5.5   DPTR FM NORMAL:    1.59    2 = FOG REDUCING VISIBILITY
HIGHEST:    87 ON 13    GRTST 24HR  3.46 ON  5- 5      TO 1/4 MILE OR LESS
LOWEST:     36 ON  8                               3 = THUNDER
                        SNOW, ICE PELLETS, HAIL    4 = ICE PELLETS
                        TOTAL MONTH:   0.0 INCH    5 = HAIL
                        GRTST 24HR     0.0         6 = FREEZING RAIN OR DRIZZLE
                        GRTST DEPTH:   0           7 = DUSTSTORM OR SANDSTORM:
                                                       VSBY 1/2 MILE OR LESS
                                                   8 = SMOKE OR HAZE
[NO. OF DAYS WITH]      [WEATHER - DAYS WITH]      9 = BLOWING SNOW
                                                   X = TORNADO
MAX 32 OR BELOW:   0    0.01 INCH OR MORE:   4
MAX 90 OR ABOVE:   0    0.10 INCH OR MORE:   3
MIN 32 OR BELOW:   0    0.50 INCH OR MORE:   2
MIN  0 OR BELOW:   0    1.00 INCH OR MORE:   1

[HDD (BASE 65) ]
TOTAL THIS MO.    44    CLEAR  (SCALE 0-3)  15
DPTR FM NORMAL   -76    PTCLDY (SCALE 4-7)   6
TOTAL FM JUL 1  1792    CLOUDY (SCALE 8-10)  0
DPTR FM NORMAL  -936

[CDD (BASE 65) ]
TOTAL THIS MO.    72
DPTR FM NORMAL    44    [PRESSURE DATA]
TOTAL FM JAN 1   117    HIGHEST SLP M ON M
DPTR FM NORMAL    76    LOWEST  SLP 29.64 ON  3

[REMARKS]
