000
CXAK56 PAFC 241320
CF6ANC
PRELIMINARY LOCAL CLIMATOLOGICAL DATA (WS FORM: F-6)

                                          STATION:   ANCHORAGE AK
                                          MONTH:     JANUARY
                                          YEAR:      2017
                                          LATITUDE:   61 10 N
                                          LONGITUDE: 150  2 W

  TEMPERATURE IN F:       :PCPN:    SNOW:  WIND      :SUNSHINE: SKY     :PK WND
================================================================================
1   2   3   4   5  6A  6B    7    8   9   10  11  12  13   14  15   16   17  18
                                     12Z  AVG MX 2MIN
DY MAX MIN AVG DEP HDD CDD  WTR  SNW DPTH SPD SPD DIR MIN PSBL S-S WX    SPD DR
================================================================================

 1  17   5  11  -7  54   0 0.00  0.0   10  1.9  8 340   M    M   5 12     10 330
 2  15   4  10  -8  55   0    T    T    9  1.9  8 120   M    M   9 12      8 100
 3  14   3   9  -9  56   0    T    T    9  1.7  6 140   M    M   9 12      7 120
 4  17   3  10  -8  55   0    T    T    9  2.2  7 280   M    M   7 12      8 340
 5  25   1  13  -4  52   0 0.00  0.0    9  4.6 15  50   M    M   2 128    23  10
 6  20  10  15  -2  50   0 0.00  0.0    9 14.4 26 350   M    M   4 1      35 360
 7  17  -1   8  -9  57   0 0.00  0.0    9  3.0 14 340   M    M   1 1      19 330
 8  14   0   7 -10  58   0 0.00  0.0    9  2.3  7 180   M    M   2 1      10 160
 9  17   2  10  -7  55   0 0.00  0.0    9  2.9  7 170   M    M   3 18     12 170
10  15   4  10  -7  55   0    T    T    9  1.3  6 150   M    M   7 12      8 120
11  13   3   8  -9  57   0    T    M    9  1.0  7  60   M    M   9 12     11  40
12  11   3   7 -10  58   0    T    T    9  3.0 10  40   M    M   9 12     16 360
13  21   2  12  -5  53   0 0.21  4.0    9  8.0 16  10   M    M   8 1      22  10
14  28  16  22   5  43   0 0.18  0.7   13 10.9 24 220   M    M   8 16     32 210
15  16   5  11  -6  54   0 0.03  0.6   13  8.1 20 350   M    M   7 19     26 210
16  18  12  15  -2  50   0 0.32  5.3   13  7.3 16 200   M    M  10 129    22 210
17  14  -7   4 -13  61   0 0.01  0.2   17  7.8 15 200   M    M   7 18     24 200
18  -1 -15  -8 -25  73   0    T    T   16  4.4 14  30   M    M   3 128    16  40
19   0 -15  -7 -24  72   0    T    T   16  3.7 12  30   M    M   9 12     14  40
20  12  -5   4 -13  61   0 0.21  2.2   18  7.3 15 350   M    M   9 1      19 350
21  15  11  13  -4  52   0 0.35 10.3   27  5.4 10 360   M    M  10 12     15 360
22  15   2   9  -8  56   0    T  0.5   25  3.2  8  50   M    M   9 1      11 340
23  21  -1  10  -7  55   0 0.04  1.7   25  6.5 15 330   M    M   8 1      19 340
================================================================================
SM  354   42      1292   0  1.35    25.5 112.8          M      155
================================================================================
AV 15.4  1.8                               4.9 FASTST   M    M   7    MAX(MPH)
                                 MISC ---->  # 26 350               # 35  360
================================================================================
NOTES:
# LAST OF SEVERAL OCCURRENCES

COLUMN 17 PEAK WIND IN M.P.H.

PRELIMINARY LOCAL CLIMATOLOGICAL DATA (WS FORM: F-6) , PAGE 2

                                          STATION:  ANCHORAGE AK
                                          MONTH:    JANUARY
                                          YEAR:     2017
                                          LATITUDE:   61 10 N
                                          LONGITUDE: 150  2 W

[TEMPERATURE DATA]      [PRECIPITATION DATA]       SYMBOLS USED IN COLUMN 16

AVERAGE MONTHLY:  8.6   TOTAL FOR MONTH:   1.35    1 = FOG OR MIST
DPTR FM NORMAL:  -8.6   DPTR FM NORMAL:    0.82    2 = FOG REDUCING VISIBILITY
HIGHEST:    28 ON 14    GRTST 24HR  0.56 ON 20-21      TO 1/4 MILE OR LESS
LOWEST:    -15 ON 19,18                            3 = THUNDER
                        SNOW, ICE PELLETS, HAIL    4 = ICE PELLETS
                        TOTAL MONTH:  25.5 INCHES  5 = HAIL
                        GRTST 24HR  10.3 ON   M    6 = FREEZING RAIN OR DRIZZLE
                        GRTST DEPTH:  27 ON 21     7 = DUSTSTORM OR SANDSTORM:
                                                       VSBY 1/2 MILE OR LESS
                                                   8 = SMOKE OR HAZE
[NO. OF DAYS WITH]      [WEATHER - DAYS WITH]      9 = BLOWING SNOW
                                                   X = TORNADO
MAX 32 OR BELOW:  23    0.01 INCH OR MORE:   8
MAX 90 OR ABOVE:   0    0.10 INCH OR MORE:   5
MIN 32 OR BELOW:  23    0.50 INCH OR MORE:   0
MIN  0 OR BELOW:   7    1.00 INCH OR MORE:   0

[HDD (BASE 65) ]
TOTAL THIS MO.  1292    CLEAR  (SCALE 0-3)   5
DPTR FM NORMAL   191    PTCLDY (SCALE 4-7)   8
TOTAL FM JUL 1  5454    CLOUDY (SCALE 8-10) 10
DPTR FM NORMAL  -237

[CDD (BASE 65) ]
TOTAL THIS MO.     0
DPTR FM NORMAL     0    [PRESSURE DATA]
TOTAL FM JAN 1     0    HIGHEST SLP M ON M
DPTR FM NORMAL     0    LOWEST  SLP 28.76 ON 16

[REMARKS]
