000
CXUS53 KAPX 011317
CF6ANJ
PRELIMINARY LOCAL CLIMATOLOGICAL DATA (WS FORM: F-6)

                                          STATION:   SAULT STE MARIE MI
                                          MONTH:     JUNE
                                          YEAR:      2015
                                          LATITUDE:   46 28 N
                                          LONGITUDE:  84 21 W

  TEMPERATURE IN F:       :PCPN:    SNOW:  WIND      :SUNSHINE: SKY     :PK WND
================================================================================
1   2   3   4   5  6A  6B    7    8   9   10  11  12  13   14  15   16   17  18
                                     12Z  AVG MX 2MIN
DY MAX MIN AVG DEP HDD CDD  WTR  SNW DPTH SPD SPD DIR MIN PSBL S-S WX    SPD DR
================================================================================

 1  67  38  53  -3  12   0 0.00  0.0    0  4.4 13 290   M    M   0        18 300
 2  71  39  55  -1  10   0 0.00  0.0    0  4.6 14 190   M    M   0        21 130
 3  73  45  59   2   6   0 0.00  0.0    0  7.2 20 150   M    M   0        23 160
 4  66  52  59   2   6   0 0.06  0.0    0  5.2 12 120   M    M   5 18     17 140
 5  71  52  62   5   3   0    T  0.0    0  6.4 16 310   M    M   5 1      21 310
 6  64  39  52  -6  13   0 0.00  0.0    0  6.2 15 140   M    M   0        20 190
 7  53  48  51  -7  14   0 0.92  0.0    0  6.3 14 120   M    M   8 1      21 100
 8  67  44  56  -2   9   0 0.00  0.0    0  7.3 14 310   M    M   4 1      17 310
 9  75  42  59   1   6   0 0.00  0.0    0  5.1 12 280   M    M   4 12     16 320
10  60  46  53  -6  12   0 0.16  0.0    0  7.9 20 300   M    M   7 13     27 300
11  63  45  54  -5  11   0 0.00  0.0    0  5.4 13 310   M    M   2        16 280
12  71  49  60   1   5   0 0.00  0.0    0  3.6 14 310   M    M   0        17 300
13  76  44  60   1   5   0 0.08  0.0    0  5.3 15 150   M    M   2 1      19 160
14  67  57  62   2   3   0 0.27  0.0    0  4.4 12 120   M    M  10 1      17 170
15  76  55  66   6   0   1 0.00  0.0    0  4.7 14 310   M    M   6 12     18 310
16  66  46  56  -4   9   0 0.00  0.0    0  9.4 15 280   M    M   1        23 320
17  74  48  61   1   4   0    T  0.0    0  4.7 13 170   M    M   5        17 180
18  65  44  55  -6  10   0 0.22  0.0    0  6.7 18 320   M    M   4 13     28 330
19  69  41  55  -6  10   0 0.00  0.0    0  4.1 13 180   M    M   1        18 190
20  70  46  58  -3   7   0 0.02  0.0    0  5.0 13 120   M    M   3        17 120
21  65  51  58  -4   7   0 0.00  0.0    0  5.9 14 310   M    M  10        19 310
22  69  49  59  -3   6   0 0.08  0.0    0  5.5 16 130   M    M   8 12     23 130
23  64  46  55  -7  10   0 0.02  0.0    0 10.4 21 290   M    M   7 12     29 280
24  74  45  60  -2   5   0 0.00  0.0    0  4.3 13 290   M    M   3 8      16 320
25  76  52  64   2   1   0 0.00  0.0    0  3.2  8 300   M    M   2 8      12 140
26  80  48  64   1   1   0 0.00  0.0    0  2.8 10 320   M    M   0 8      15 310
27  80  50  65   2   0   0 0.00  0.0    0  3.3 13 310   M    M   3 8      19 310
28  82  56  69   6   0   4 0.00  0.0    0  4.1 15 280   M    M   2        20 270
29  81  52  67   4   0   2 0.00  0.0    0  4.2 16 200   M    M   0        23 220
30  72  51  62  -2   3   0 0.90  0.0    0  4.1 14 260   M    M   8 138    18 270
================================================================================
SM 2107 1420       188   7  2.73     0.0 161.7          M      110
================================================================================
AV 70.2 47.3                               5.4 FASTST   M    M   4    MAX(MPH)
                                 MISC ---->  # 21 290               # 29  280
================================================================================
NOTES:
# LAST OF SEVERAL OCCURRENCES

COLUMN 17 PEAK WIND IN M.P.H.

PRELIMINARY LOCAL CLIMATOLOGICAL DATA (WS FORM: F-6) , PAGE 2

                                          STATION:  SAULT STE MARIE MI
                                          MONTH:    JUNE
                                          YEAR:     2015
                                          LATITUDE:   46 28 N
                                          LONGITUDE:  84 21 W

[TEMPERATURE DATA]      [PRECIPITATION DATA]       SYMBOLS USED IN COLUMN 16

AVERAGE MONTHLY: 58.8   TOTAL FOR MONTH:   2.73    1 = FOG OR MIST
DPTR FM NORMAL:  -1.2   DPTR FM NORMAL:    0.03    2 = FOG REDUCING VISIBILITY
HIGHEST:    82 ON 28    GRTST 24HR  0.92 ON  7- 7      TO 1/4 MILE OR LESS
LOWEST:     38 ON  1                               3 = THUNDER
                        SNOW, ICE PELLETS, HAIL    4 = ICE PELLETS
                        TOTAL MONTH:   0.0 INCH    5 = HAIL
                        GRTST 24HR     0.0         6 = FREEZING RAIN OR DRIZZLE
                        GRTST DEPTH:   0           7 = DUSTSTORM OR SANDSTORM:
                                                       VSBY 1/2 MILE OR LESS
                                                   8 = SMOKE OR HAZE
[NO. OF DAYS WITH]      [WEATHER - DAYS WITH]      9 = BLOWING SNOW
                                                   X = TORNADO
MAX 32 OR BELOW:   0    0.01 INCH OR MORE:  10
MAX 90 OR ABOVE:   0    0.10 INCH OR MORE:   5
MIN 32 OR BELOW:   0    0.50 INCH OR MORE:   2
MIN  0 OR BELOW:   0    1.00 INCH OR MORE:   0

[HDD (BASE 65) ]
TOTAL THIS MO.   188    CLEAR  (SCALE 0-3)  16
DPTR FM NORMAL     8    PTCLDY (SCALE 4-7)  12
TOTAL FM JUL 1  9458    CLOUDY (SCALE 8-10)  2
DPTR FM NORMAL   795

[CDD (BASE 65) ]
TOTAL THIS MO.     7
DPTR FM NORMAL   -23    [PRESSURE DATA]
TOTAL FM JAN 1     9    HIGHEST SLP M ON M
DPTR FM NORMAL   -26    LOWEST  SLP 29.49 ON 10

[REMARKS]
#FINAL-06-15#
