000
CXUS53 KAPX 280631
CF6ANJ
PRELIMINARY LOCAL CLIMATOLOGICAL DATA (WS FORM: F-6)

                                          STATION:   SAULT STE MARIE MI
                                          MONTH:     DECEMBER
                                          YEAR:      2014
                                          LATITUDE:   46 28 N
                                          LONGITUDE:  84 21 W

  TEMPERATURE IN F:       :PCPN:    SNOW:  WIND      :SUNSHINE: SKY     :PK WND
================================================================================
1   2   3   4   5  6A  6B    7    8   9   10  11  12  13   14  15   16   17  18
                                     12Z  AVG MX 2MIN
DY MAX MIN AVG DEP HDD CDD  WTR  SNW DPTH SPD SPD DIR MIN PSBL S-S WX    SPD DR
================================================================================

 1  24  10  17 -11  48   0 0.10  2.9   11 13.7 28 310   M    M   7 129    37 300
 2  26   6  16 -12  49   0 0.03  0.9   13  7.6 17 150   M    M   9 1      24 150
 3  27  20  24  -3  41   0 0.13  1.5   13 14.1 25 280   M    M  10 1      38 270
 4  22  11  17 -10  48   0 0.19  6.4   15  5.3 20 310   M    M   9        26 310
 5  31  22  27   1  38   0 0.00  0.0   16  4.2 10 150   M    M   9 1      13 140
 6  35  13  24  -2  41   0 0.00  0.0   15  7.9 18 330   M    M   3 1      26 320
 7  32  14  23  -2  42   0 0.00  0.0   14  6.9 18 140   M    M   7        24 130
 8  34  31  33   8  32   0 0.26  3.2   14  9.1 21 140   M    M   8 1      27 130
 9  34  12  23  -2  42   0 0.00  0.0   16  5.9 14 350   M    M   5 1      18 350
10  24   3  14 -10  51   0 0.00  0.0   15  4.3 10 320   M    M   0        13 290
11  35  12  24   0  41   0 0.00  0.0   15 10.7 24 310   M    M   5 1      31 320
12  36  30  33   9  32   0 0.00  0.0   14  8.4 13 310   M    M  10 1      23 310
13  36  31  34  11  31   0 0.00  0.0   13  6.8 13 270   M    M  10 12     18 280
14  38  35  37  14  28   0 0.00  0.0   11  3.8 10 270   M    M  10 1      15 270
15  38  35  37  15  28   0 0.05  0.0   10  6.1 12 120   M    M  10 12     16 110
16  40  30  35  13  30   0 0.86  0.6    8  4.6 10  40   M    M  10 12     15  40
17  30  20  25   3  40   0 0.18  2.7    9  6.8 15 360   M    M  10 1      21 360
18  26  10  18  -3  47   0 0.00  0.0   10  4.5 12 340   M    M   1        16 340
19  26   5  16  -5  49   0 0.00  0.0   10  1.3  7 170   M    M   0         9 180
20  25   9  17  -4  48   0 0.00  0.0   10  2.5  7  80   M    M   4 18      8  80
21  32  24  28   8  37   0    T    T   10  5.2 13 130   M    M  10 1      19 140
22  35  31  33  13  32   0 0.03  0.6   10 10.2 18 130   M    M  10 18     24 130
23  34  31  33  13  32   0 0.30  2.8   10  8.7 15 110   M    M  10 168    25 120
24  36  34  35  16  30   0 0.09  0.0   10  4.4 15 310   M    M  10 12     19 320
25  37  33  35  16  30   0 0.02  0.1   10 12.8 21 260   M    M  10        31 280
26  35  32  34  15  31   0 0.01  0.1    9  1.4  9 220   M    M  10 12     12 220
27  35  30  33  15  32   0 0.47  0.6    8  7.3 24 310   M    M  10 126    35 310
================================================================================
SM  863  574      1030   0  2.72    22.4 184.5          M      207
================================================================================
AV 32.0 21.3                               6.8 FASTST   M    M   8    MAX(MPH)
                                 MISC ---->  # 28 310               # 38  270
================================================================================
NOTES:
# LAST OF SEVERAL OCCURRENCES

COLUMN 17 PEAK WIND IN M.P.H.

PRELIMINARY LOCAL CLIMATOLOGICAL DATA (WS FORM: F-6) , PAGE 2

                                          STATION:  SAULT STE MARIE MI
                                          MONTH:    DECEMBER
                                          YEAR:     2014
                                          LATITUDE:   46 28 N
                                          LONGITUDE:  84 21 W

[TEMPERATURE DATA]      [PRECIPITATION DATA]       SYMBOLS USED IN COLUMN 16

AVERAGE MONTHLY: 26.6   TOTAL FOR MONTH:   2.72    1 = FOG OR MIST
DPTR FM NORMAL:   3.7   DPTR FM NORMAL:    0.24    2 = FOG REDUCING VISIBILITY
HIGHEST:    40 ON 16    GRTST 24HR  0.87 ON 15-16      TO 1/4 MILE OR LESS
LOWEST:      3 ON 10                               3 = THUNDER
                        SNOW, ICE PELLETS, HAIL    4 = ICE PELLETS
                        TOTAL MONTH:  22.4 INCHES  5 = HAIL
                        GRTST 24HR   6.4 ON   M    6 = FREEZING RAIN OR DRIZZLE
                        GRTST DEPTH:  16 ON  9, 5  7 = DUSTSTORM OR SANDSTORM:
                                                       VSBY 1/2 MILE OR LESS
                                                   8 = SMOKE OR HAZE
[NO. OF DAYS WITH]      [WEATHER - DAYS WITH]      9 = BLOWING SNOW
                                                   X = TORNADO
MAX 32 OR BELOW:  12    0.01 INCH OR MORE:  14
MAX 90 OR ABOVE:   0    0.10 INCH OR MORE:   8
MIN 32 OR BELOW:  23    0.50 INCH OR MORE:   1
MIN  0 OR BELOW:   0    1.00 INCH OR MORE:   0

[HDD (BASE 65) ]
TOTAL THIS MO.  1030    CLEAR  (SCALE 0-3)   4
DPTR FM NORMAL  -108    PTCLDY (SCALE 4-7)   5
TOTAL FM JUL 1  3192    CLOUDY (SCALE 8-10) 18
DPTR FM NORMAL   122

[CDD (BASE 65) ]
TOTAL THIS MO.     0
DPTR FM NORMAL     0    [PRESSURE DATA]
TOTAL FM JAN 1   113    HIGHEST SLP M ON M
DPTR FM NORMAL   -83    LOWEST  SLP 29.19 ON 24

[REMARKS]
