000
CXAK56 PANT 260937
CF6ANN

PRELIMINARY LOCAL CLIMATOLOGICAL DATA (WS FORM: F-6)

                                          STATION:   ANNETTE
                                          MONTH:     08
                                          YEAR:      2016
                                          LATITUDE:   55 02 N
                                          LONGITUDE: 131 34 W

  TEMPERATURE IN F:       :PCPN:    SNOW:  WIND      :SUNSHINE: SKY     :PK WND
================================================================================
1   2   3   4   5  6A  6B    7     8   9   10  11  12  13   14  15   16  17  18
                                      12Z  AVG MX 2MIN
DY MAX MIN AVG DEP HDD CDD  WTR   SNW DPTH SPD SPD DIR MIN PSBL S-S WX   SPD DR
================================================================================

 1  70  55  63   3   2   0  0.00  0.0   0  4.9  9  330   M    M   M       12 320
 2  73  54  64   4   1   0  0.00  0.0   0  7.3 16  330   M    M   M       24 330
 3  71  55  63   3   2   0  0.08  0.0   0  3.8 10  210   M    M   M 1     16 250
 4  69  53  61   1   4   0  0.01  0.0   0  5.8 12  320   M    M   M       14 320
 5  78  55  67   7   0   2  0.00  0.0   0 10.1 17  330   M    M   M       24 320
 6  81  61  71  11   0   6  0.00  0.0   0 10.9 18  320   M    M   M       24 330
 7  81  60  71  11   0   6  0.00  0.0   0 10.3 18  330   M    M   M       26 330
 8  70  56  63   3   2   0  0.64  0.0   0  5.7 12  140   M    M   M 1     18 150
 9  73  57  65   5   0   0  0.04  0.0   0  4.9 12  300   M    M   M 1     14 310
10  64  54  59  -1   6   0  0.14  0.0   0  5.9 13  140   M    M   M 1     19 150
11  62  56  59  -1   6   0     T  0.0   0  3.9  9  150   M    M   M 1     12 140
12  76  59  68   8   0   3  0.00  0.0   0  1.9  8  210   M    M   M 1     11 230
13  63  59  61   1   4   0  0.50  0.0   0  8.1 14  130   M    M   M 1     20 130
14  63  58  61   2   4   0  0.44  0.0   0  5.7 13  150   M    M   M 18    19 150
15  63  53  58  -1   7   0  0.04  0.0   0  4.9 12  130   M    M   M 1     15 140
16  72  53  63   4   2   0  0.00  0.0   0  5.1 14  310   M    M   M       19 320
17  74  54  64   5   1   0  0.00  0.0   0  7.7 16  320   M    M   M       20 310
18  77  59  68   9   0   3  0.00  0.0   0  5.1  9  300   M    M   M       12 280
19  75  60  68   9   0   3     T  0.0   0  3.4  9  230   M    M   M 1     11 280
20  69  55  62   3   3   0  0.15  0.0   0  3.0  9  290   M    M   M 1     14 290
21  73  54  64   5   1   0  0.00  0.0   0  7.5 17  320   M    M   M       23 310
22  66  53  60   2   5   0  0.00  0.0   0  2.3  9  190   M    M   M 1     12 180
23  76  56  66   8   0   1  0.00  0.0   0  4.5 14  330   M    M   M       19 340
24  80  59  70  12   0   5  0.00  0.0   0 10.7 17  320   M    M   M       26 330
25  79  61  70  12   0   5  0.00  0.0   0 10.9 20  320   M    M   M       27 330
================================================================================
SM 1798 1409        50  34  2.04 0.0    154.3           M        M
================================================================================
AV 71.9 56.4                              6.2 FASTST  PSBL  %   M    MAX(MPH)
                                 MISC ---->     20  320                 27 330
================================================================================
NOTES:
# LAST OF SEVERAL OCCURRENCES

COLUMN 17 PEAK WIND IN M.P.H.

PRELIMINARY LOCAL CLIMATOLOGICAL DATA (WS FORM: F-6) , PAGE 2

                                          STATION:   ANNETTE
                                          MONTH:     08
                                          YEAR:      2016
                                          LATITUDE:  55 02 N
                                          LONGITUDE: 131 34 W

[TEMPERATURE DATA]      [PRECIPITATION DATA]       SYMBOLS USED IN COLUMN 16

AVERAGE MONTHLY:64.1   TOTAL FOR MONTH: 2.04       1 = FOG
DPTR FM NORMAL:  4.7   DPTR FM NORMAL: -3.28       2 = FOG REDUCING VISIBILITY
HIGHEST:    81 ON  7    GRTST 24HR   0.64 ON  8        TO 1/4 MILE OR LESS
LOWEST:     53 ON 22                               3 = THUNDER
                        SNOW, ICE PELLETS, HAIL    4 = ICE PELLETS
                        TOTAL MONTH: 0.0         5 = HAIL
                        GRTST 24HR   0.0           6 = GLAZE OR RIME
                        GRTST DEPTH:    0          7 = BLOWING DUST OR SAND:
                                                       VSBY 1/2 MILE OR LESS
                                                   8 = SMOKE OR HAZE
[NO. OF DAYS WITH]      [WEATHER - DAYS WITH]      9 = BLOWING SNOW
                                                   X = TORNADO
MAX 32 OR BELOW:   0    0.01 INCH OR MORE:   9
MAX 70 OR ABOVE:  17    0.10 INCH OR MORE:   5
MIN 32 OR BELOW:   0    0.50 INCH OR MORE:   2
MIN  0 OR BELOW:   0    1.00 INCH OR MORE:   0

[HDD (BASE 65) ]
TOTAL THIS MO.    50    CLEAR  (SCALE 0-3)   M
DPTR FM NORMAL   -99    PTCLDY (SCALE 4-7)   M
SEASONAL TOTAL   171    CLOUDY (SCALE 8-10)  M
DPTR FM NORMAL  -184

[CDD (BASE 65) ]
TOTAL THIS MO.    34
DPTR FM NORMAL    34    [PRESSURE DATA]
SEASONAL TOTAL    56    HIGHEST SLP     M
DPTR FM NORMAL    56    LOWEST  SLP     M

[REMARKS]
