000
CXUS53 KIWX 200800
CF6AOH
PRELIMINARY LOCAL CLIMATOLOGICAL DATA (WS FORM: F-6)

                                          STATION:   LIMA
                                          MONTH:     NOVEMBER
                                          YEAR:      2017
                                          LATITUDE:   40 42 N
                                          LONGITUDE:  84  1 W

  TEMPERATURE IN F:       :PCPN:    SNOW:  WIND      :SUNSHINE: SKY     :PK WND
================================================================================
1   2   3   4   5  6A  6B    7    8   9   10  11  12  13   14  15   16   17  18
                                     12Z  AVG MX 2MIN
DY MAX MIN AVG DEP HDD CDD  WTR  SNW DPTH SPD SPD DIR MIN PSBL S-S WX    SPD DR
================================================================================

 1  55  34  45  -3  20   0 0.74    M    0  6.9 18 200   M    M  10 1      26 210
 2  65  55  60  12   5   0 0.02  0.0    0 12.9 21 200   M    M   9 1      28 210
 3  64  39  52   5  13   0 0.06    M    0  9.7 17 340   M    M   6 1      25 340
 4  60  37  49   2  16   0 0.02    M    0  9.0 16 160   M    M   7 1      19 150
 5  69  55  62  15   3   0 1.28  0.0    0 12.0 36 260   M    M  10 13     49 250
 6  55  40  48   2  17   0 0.04    M    0  8.4 17 350   M    M   8 1      22 360
 7  49  37  43  -3  22   0 0.00  0.0    0  8.9 16  20   M    M   7 8      23  20
 8  49  29  39  -7  26   0 0.00  0.0    0  3.0 10  10   M    M   1 8      15  20
 9  51  27  39  -6  26   0 0.00  0.0    0 12.7 26 320   M    M   2 18     32 320
10  30  20  25 -20  40   0 0.00  0.0    0  9.6 17  10   M    M   1        22  10
11  38  19  29 -15  36   0 0.00  0.0    0  6.3 15 130   M    M   2        19 120
12  45  29  37  -7  28   0 0.41    M    M  6.6 15  10   M    M   9 1      19  10
13  41  33  37  -7  28   0    T    M    M  7.0 12 340   M    M  10 1      15 360
14  48  32  40  -3  25   0 0.00  0.0    0  5.4 12 140   M    M   3 1      14 140
15  48  35  42  -1  23   0 0.24  0.0    0 14.9 23 230   M    M   7 1      28 240
16  43  34  39  -3  26   0 0.00  0.0    0 12.9 28 260   M    M   9        34 270
17  47  31  39  -3  26   0 0.04    M    0 11.8 23 170   M    M   6        30 160
18   M   M   M   M   M   M 2.27    M    0 10.6 14 140   M    M   9 13     36 280
19  58  28  43   2  22   0 0.00  0.0    M 13.4 26 270   M    M   6 13     36 280
================================================================================
SM  915  614       402   0  5.12     0.0 182.0          M      122
================================================================================
AV 50.8 34.1                               9.6 FASTST   M    M   6    MAX(MPH)
                                 MISC ---->  # 36 260               # 49  250
================================================================================
NOTES:
# LAST OF SEVERAL OCCURRENCES

COLUMN 17 PEAK WIND IN M.P.H.

PRELIMINARY LOCAL CLIMATOLOGICAL DATA (WS FORM: F-6) , PAGE 2

                                          STATION:  LIMA
                                          MONTH:    NOVEMBER
                                          YEAR:     2017
                                          LATITUDE:   40 42 N
                                          LONGITUDE:  84  1 W

[TEMPERATURE DATA]      [PRECIPITATION DATA]       SYMBOLS USED IN COLUMN 16

AVERAGE MONTHLY: 42.5   TOTAL FOR MONTH:   5.12    1 = FOG OR MIST
DPTR FM NORMAL:  -2.3   DPTR FM NORMAL:    2.92    2 = FOG REDUCING VISIBILITY
HIGHEST:    69 ON  5    GRTST 24HR  2.27 ON 18-18      TO 1/4 MILE OR LESS
LOWEST:     19 ON 11                               3 = THUNDER
                        SNOW, ICE PELLETS, HAIL    4 = ICE PELLETS
                        TOTAL MONTH:   0.0 INCH    5 = HAIL
                        GRTST 24HR     0.0         6 = FREEZING RAIN OR DRIZZLE
                        GRTST DEPTH:   0           7 = DUSTSTORM OR SANDSTORM:
                                                       VSBY 1/2 MILE OR LESS
                                                   8 = SMOKE OR HAZE
[NO. OF DAYS WITH]      [WEATHER - DAYS WITH]      9 = BLOWING SNOW
                                                   X = TORNADO
MAX 32 OR BELOW:   1    0.01 INCH OR MORE:  10
MAX 90 OR ABOVE:   0    0.10 INCH OR MORE:   5
MIN 32 OR BELOW:   8    0.50 INCH OR MORE:   3
MIN  0 OR BELOW:   0    1.00 INCH OR MORE:   2

[HDD (BASE 65) ]
TOTAL THIS MO.   402    CLEAR  (SCALE 0-3)   4
DPTR FM NORMAL    16    PTCLDY (SCALE 4-7)   8
TOTAL FM JUL 1   778    CLOUDY (SCALE 8-10)  7
DPTR FM NORMAL   -93

[CDD (BASE 65) ]
TOTAL THIS MO.     0
DPTR FM NORMAL     0    [PRESSURE DATA]
TOTAL FM JAN 1   710    HIGHEST SLP M ON M
DPTR FM NORMAL  -116    LOWEST  SLP 29.38 ON 18

[REMARKS]
