000
CXUS55 KCTP 281131
CF6AOO
PRELIMINARY LOCAL CLIMATOLOGICAL DATA (WS FORM: F-6)

                                          STATION:   ALTOONA
                                          MONTH:     NOVEMBER
                                          YEAR:      2014
                                          LATITUDE:   40 17 N
                                          LONGITUDE:  78 19 W

  TEMPERATURE IN F:       :PCPN:    SNOW:  WIND      :SUNSHINE: SKY     :PK WND
================================================================================
1   2   3   4   5  6A  6B    7    8   9   10  11  12  13   14  15   16   17  18
                                     12Z  AVG MX 2MIN
DY MAX MIN AVG DEP HDD CDD  WTR  SNW DPTH SPD SPD DIR MIN PSBL S-S WX    SPD DR
================================================================================

 1  45  35  40  -7  25   0 0.04    M    M 13.1 26 350   M    M  10 1      37 320
 2  44  34  39  -7  26   0    T    M    M 13.7 26 330   M    M   5        40 320
 3  59  31  45  -1  20   0 0.00    M    M  9.9 17 270   M    M   2        22 280
 4  66  50  58  12   7   0 0.00    M    M 12.1 21 230   M    M   0        30 240
 5  62  45  54   9  11   0    T    M    M  8.3 26 270   M    M   4 1      35 280
 6  54  43  49   4  16   0 0.51    M    M  6.9 25 290   M    M   9 18     34 290
 7  44  32  38  -7  27   0 0.02    M    M 11.5 26 300   M    M   9 1      36 300
 8  47  28  38  -6  27   0 0.00    M    M  7.5 18 210   M    M   4        22 180
 9  50  35  43  -1  22   0 0.00    M    M  7.2 15 300   M    M   6        26 280
10  62  36  49   5  16   0 0.00    M    M  5.7 17 160   M    M   3        23 160
11  66  37  52   9  13   0 0.00    M    M  5.2 17 190   M    M   0        21 200
12  56  33  45   2  20   0 0.00  0.0    0 11.3 24 290   M    M   5        32 310
13  36  29  33 -10  32   0    T    M    M  8.0 18 290   M    M  10 8      24 300
14  33  26  30 -12  35   0    T    M    M 11.5 20 300   M    M   9 1      25 280
15  37  23  30 -12  35   0 0.00  0.0    0  4.8 14 290   M    M   3 8      17 280
16  41  25  33  -9  32   0 0.02    M    M  7.2 15 220   M    M  10 18     18 220
17  41  21  31 -10  34   0 0.23    M    M 11.5 36 270   M    M  10 1      45 260
18  21  13  17 -24  48   0    T    M    M 17.1 30 260   M    M   8 1      42 290
19  29  12  21 -19  44   0    T    T    M 10.3 22 270   M    M   9 1      29 170
20  37  21  29 -11  36   0    T    T    M 15.0 25 280   M    M   7        33 290
21  27  15  21 -19  44   0    T    T    M 10.2 24 280   M    M   3        36 270
22  45  16  31  -8  34   0    T  0.0    0  4.7 13 230   M    M   4        14 230
23  60  39  50  11  15   0 0.21  0.0    0  8.1 21 140   M    M   5 1      29 150
24  68  49  59  21   6   0 0.19  0.0    M 14.4 29 230   M    M   5 1      38 230
25  51  33  42   4  23   0 0.00  0.0    0 10.3 21 260   M    M   2        27 250
26  34  29  32  -6  33   0 0.09    M    M  2.9  9  20   M    M   8 12     10  20
27  35  28  32  -5  33   0 0.25    M    M  6.9 21 300   M    M  10 1      26 310
================================================================================
SM 1250  818       714   0  1.56    T    255.3          M      160
================================================================================
AV 46.3 30.3                               9.5 FASTST   M    M   6    MAX(MPH)
                                 MISC ---->  # 36 270               # 45  260
================================================================================
NOTES:
# LAST OF SEVERAL OCCURRENCES

COLUMN 17 PEAK WIND IN M.P.H.

PRELIMINARY LOCAL CLIMATOLOGICAL DATA (WS FORM: F-6) , PAGE 2

                                          STATION:  ALTOONA
                                          MONTH:    NOVEMBER
                                          YEAR:     2014
                                          LATITUDE:   40 17 N
                                          LONGITUDE:  78 19 W

[TEMPERATURE DATA]      [PRECIPITATION DATA]       SYMBOLS USED IN COLUMN 16

AVERAGE MONTHLY: 38.3   TOTAL FOR MONTH:   1.56    1 = FOG OR MIST
DPTR FM NORMAL:  -3.9   DPTR FM NORMAL:   -1.35    2 = FOG REDUCING VISIBILITY
HIGHEST:    68 ON 24    GRTST 24HR  0.51 ON  6- 6      TO 1/4 MILE OR LESS
LOWEST:     12 ON 19                               3 = THUNDER
                        SNOW, ICE PELLETS, HAIL    4 = ICE PELLETS
                        TOTAL MONTH:    T          5 = HAIL
                        GRTST 24HR    T  ON 21-21  6 = FREEZING RAIN OR DRIZZLE
                        GRTST DEPTH:   0           7 = DUSTSTORM OR SANDSTORM:
                                                       VSBY 1/2 MILE OR LESS
                                                   8 = SMOKE OR HAZE
[NO. OF DAYS WITH]      [WEATHER - DAYS WITH]      9 = BLOWING SNOW
                                                   X = TORNADO
MAX 32 OR BELOW:   3    0.01 INCH OR MORE:   9
MAX 90 OR ABOVE:   0    0.10 INCH OR MORE:   5
MIN 32 OR BELOW:  15    0.50 INCH OR MORE:   1
MIN  0 OR BELOW:   0    1.00 INCH OR MORE:   0

[HDD (BASE 65) ]
TOTAL THIS MO.   714    CLEAR  (SCALE 0-3)   6
DPTR FM NORMAL    97    PTCLDY (SCALE 4-7)  12
TOTAL FM JUL 1  1210    CLOUDY (SCALE 8-10)  9
DPTR FM NORMAL   -14

[CDD (BASE 65) ]
TOTAL THIS MO.     0
DPTR FM NORMAL     0    [PRESSURE DATA]
TOTAL FM JAN 1   521    HIGHEST SLP M ON M
DPTR FM NORMAL    -1    LOWEST  SLP 29.44 ON 24

[REMARKS]
