000
CXUS55 KBOU 291413
CF6APA
PRELIMINARY LOCAL CLIMATOLOGICAL DATA (WS FORM: F-6)

                                          STATION:   CENTENNIAL CO
                                          MONTH:     SEPTEMBER
                                          YEAR:      2014
                                          LATITUDE:   39 33 N
                                          LONGITUDE: 104 51 W

  TEMPERATURE IN F:       :PCPN:    SNOW:  WIND      :SUNSHINE: SKY     :PK WND
================================================================================
1   2   3   4   5  6A  6B    7    8   9   10  11  12  13   14  15   16   17  18
                                     12Z  AVG MX 2MIN
DY MAX MIN AVG DEP HDD CDD  WTR  SNW DPTH SPD SPD DIR MIN PSBL S-S WX    SPD DR
================================================================================

 1  78  49  64  -3   1   0 0.00    M    M  4.2 15 360   M    M   3        18 360
 2  87  46  67   1   0   2 0.00    M    M  8.0 18 170   M    M   1        22 170
 3  92  58  75   9   0  10 0.00    M    M  8.1 18 220   M    M   2        23 210
 4  73  54  64  -2   1   0 0.24    M    M  5.5 16 350   M    M   6 13     22  10
 5  64  50  57  -9   8   0 0.19    M    M  8.8 18 150   M    M   9 1      23 150
 6  72  49  61  -4   4   0 0.00    M    M  6.1 16 200   M    M   5        21 200
 7  81  50  66   1   0   1 0.00    M    M  8.9 18 240   M    M   4        23 240
 8  83  55  69   4   0   4    T    M    M  6.4 18 320   M    M   6 3      23 340
 9  78  56  67   3   0   2 0.21    M    M  7.3 33 360   M    M   8 13     40 350
10  72  50  61  -3   4   0 0.21    M    M  7.4 21 190   M    M   5 1      28 200
11  56  35  46 -18  19   0 0.07    M    M 10.0 17  20   M    M   9 18     23  10
12  47  32  40 -23  25   0 0.02    M    M  6.1 14  30   M    M   8 1      18  30
13  78  35  57  -6   8   0 0.00    M    M  6.4 14 240   M    M   2        16  90
14  83  48  66   4   0   1 0.00    M    M  7.1 18 230   M    M   5        22 240
15  75  49  62   0   3   0 0.00    M    M  6.9 17 340   M    M   4 3      21 350
16  86  51  69   7   0   4 0.00    M    M  8.6 15 240   M    M   2        19 360
17  87  53  70   9   0   5    T    M    M  5.5 25  20   M    M   4 3      34  20
18  87  51  69   8   0   4 0.00    M    M  8.6 24 190   M    M   2        31 200
19  86  58  72  12   0   7 0.00    M    M  7.1 17 350   M    M   2        20 350
20  79  52  66   6   0   1 0.08    M    M  5.8 18 220   M    M   4 3      24  20
21  75  54  65   5   0   0 0.56    M    M  8.8 22 170   M    M   8 13     28 170
22  76  55  66   7   0   1 0.03    M    M  9.8 26 360   M    M   7 3      32 190
23  79  54  67   8   0   2    T    M    M  7.6 18 310   M    M   6        23 320
24  81  50  66   8   0   1 0.00    M    M  5.6 14 110   M    M   1        16 170
25  85  53  69  11   0   4 0.00    M    M  8.6 18 170   M    M   1        24 170
26  87  51  69  11   0   4 0.00    M    M  8.3 17 160   M    M   1        22 160
27  84  51  68  11   0   3 0.00    M    M  6.6 14  40   M    M   1        20  60
28  72  52  62   5   3   0 0.08    M    M  6.6 30 250   M    M   5 13     34 250
================================================================================
SM 2183 1401        76  56  1.69    M    204.7          M      121
================================================================================
AV 78.0 50.0                               7.3 FASTST   M    M   4    MAX(MPH)
                                 MISC ---->  # 33 360               # 40  350
================================================================================
NOTES:
# LAST OF SEVERAL OCCURRENCES

COLUMN 17 PEAK WIND IN M.P.H.

PRELIMINARY LOCAL CLIMATOLOGICAL DATA (WS FORM: F-6) , PAGE 2

                                          STATION:  CENTENNIAL CO
                                          MONTH:    SEPTEMBER
                                          YEAR:     2014
                                          LATITUDE:   39 33 N
                                          LONGITUDE: 104 51 W

[TEMPERATURE DATA]      [PRECIPITATION DATA]       SYMBOLS USED IN COLUMN 16

AVERAGE MONTHLY: 64.0   TOTAL FOR MONTH:   1.69    1 = FOG OR MIST
DPTR FM NORMAL:   1.9   DPTR FM NORMAL:    0.58    2 = FOG REDUCING VISIBILITY
HIGHEST:    92 ON  3    GRTST 24HR  0.59 ON 21-22      TO 1/4 MILE OR LESS
LOWEST:     32 ON 12                               3 = THUNDER
                        SNOW, ICE PELLETS, HAIL    4 = ICE PELLETS
                        TOTAL MONTH:    M          5 = HAIL
                        GRTST 24HR    M  ON   M    6 = FREEZING RAIN OR DRIZZLE
                        GRTST DEPTH:  M  ON   M    7 = DUSTSTORM OR SANDSTORM:
                                                       VSBY 1/2 MILE OR LESS
                                                   8 = SMOKE OR HAZE
[NO. OF DAYS WITH]      [WEATHER - DAYS WITH]      9 = BLOWING SNOW
                                                   X = TORNADO
MAX 32 OR BELOW:   0    0.01 INCH OR MORE:  10
MAX 90 OR ABOVE:   1    0.10 INCH OR MORE:   5
MIN 32 OR BELOW:   1    0.50 INCH OR MORE:   1
MIN  0 OR BELOW:   0    1.00 INCH OR MORE:   0

[HDD (BASE 65) ]
TOTAL THIS MO.    76    CLEAR  (SCALE 0-3)  11
DPTR FM NORMAL   -53    PTCLDY (SCALE 4-7)  15
TOTAL FM JUL 1    95    CLOUDY (SCALE 8-10)  2
DPTR FM NORMAL   -56

[CDD (BASE 65) ]
TOTAL THIS MO.    56
DPTR FM NORMAL     9    [PRESSURE DATA]
TOTAL FM JAN 1   507    HIGHEST SLP M ON M
DPTR FM NORMAL   -51    LOWEST  SLP 29.60 ON  3

[REMARKS]
