000
CXUS55 KBOU 280806
CF6APA
PRELIMINARY LOCAL CLIMATOLOGICAL DATA (WS FORM: F-6)

                                          STATION:   CENTENNIAL CO
                                          MONTH:     MARCH
                                          YEAR:      2015
                                          LATITUDE:   39 33 N
                                          LONGITUDE: 104 51 W

  TEMPERATURE IN F:       :PCPN:    SNOW:  WIND      :SUNSHINE: SKY     :PK WND
================================================================================
1   2   3   4   5  6A  6B    7    8   9   10  11  12  13   14  15   16   17  18
                                     12Z  AVG MX 2MIN
DY MAX MIN AVG DEP HDD CDD  WTR  SNW DPTH SPD SPD DIR MIN PSBL S-S WX    SPD DR
================================================================================

 1  26   6  16 -20  49   0    T    M    M  4.5 12 140   M    M   8 18     14 150
 2  45  12  29  -7  36   0 0.00    M    M  5.5 26 230   M    M   5 18     36 240
 3  43  16  30  -6  35   0 0.01    M    M  8.4 26 230   M    M   7 18     32 240
 4  18   6  12 -25  53   0    T    M    M  6.6 15 350   M    M   7 18     16 350
 5  44   7  26 -11  39   0 0.00    M    M  5.7 17 200   M    M   4        19 200
 6  49  22  36  -1  29   0 0.00    M    M  5.9 12 170   M    M   1        13 160
 7  50  25  38   0  27   0 0.00    M    M  8.8 25 150   M    M   1        30 160
 8  49  27  38   0  27   0 0.00    M    M  6.2 15 180   M    M   6        19  90
 9  57  29  43   5  22   0 0.00    M    M  5.4 15 180   M    M   2        19 180
10  58  29  44   6  21   0 0.00    M    M  5.8 14 360   M    M   1        18 350
11  66  33  50  12  15   0 0.00    M    M  8.4 20 170   M    M   5        24 150
12  61  37  49  10  16   0 0.00    M    M  6.3 22  30   M    M   7        27  40
13  57  39  48   9  17   0    T    M    M  7.2 18 340   M    M   9        22 340
14  68  29  49  10  16   0 0.00    M    M  9.1 22 190   M    M   4        26 200
15  77  40  59  19   6   0 0.00    M    M  9.0 18 170   M    M   6        24 170
16  78  41  60  20   5   0 0.00    M    M  9.2 23  40   M    M   3        32  40
17  56  36  46   6  19   0 0.00    M    M 13.6 29 170   M    M   5        34 170
18  65  32  49   9  16   0 0.15    M    M  6.8 17 210   M    M   8 1      22  20
19  44  33  39  -1  26   0 0.51    M    M  6.0 16 340   M    M   8 1      18 340
20  63  32  48   7  17   0 0.00    M    M  6.0 14 210   M    M   1        16 220
21  67  31  49   8  16   0 0.00    M    M  7.7 18 200   M    M   1        25 200
22  69  40  55  14  10   0 0.00    M    M  7.9 17  60   M    M   7        26  60
23  68  39  54  13  11   0    T    M    M 14.9 30 170   M    M   5        37 310
24  63  37  50   9  15   0    T    M    M  9.8 26 280   M    M   6        36 290
25  45  30  38  -4  27   0 0.14    M    M  7.5 20  10   M    M   8 128    25  10
26  59  27  43   1  22   0 0.00    M    M  8.0 20 330   M    M   6        26 320
27  67  36  52  10  13   0 0.00    M    M  8.9 22 320   M    M   5        29 340
================================================================================
SM 1512  771       605   0  0.81    M    209.1          M      136
================================================================================
AV 56.0 28.6                               7.7 FASTST   M    M   5    MAX(MPH)
                                 MISC ---->  # 30 170               # 37  310
================================================================================
NOTES:
# LAST OF SEVERAL OCCURRENCES

COLUMN 17 PEAK WIND IN M.P.H.

PRELIMINARY LOCAL CLIMATOLOGICAL DATA (WS FORM: F-6) , PAGE 2

                                          STATION:  CENTENNIAL CO
                                          MONTH:    MARCH
                                          YEAR:     2015
                                          LATITUDE:   39 33 N
                                          LONGITUDE: 104 51 W

[TEMPERATURE DATA]      [PRECIPITATION DATA]       SYMBOLS USED IN COLUMN 16

AVERAGE MONTHLY: 42.3   TOTAL FOR MONTH:   0.81    1 = FOG OR MIST
DPTR FM NORMAL:   3.1   DPTR FM NORMAL:   -0.09    2 = FOG REDUCING VISIBILITY
HIGHEST:    78 ON 16    GRTST 24HR  0.51 ON 19-19      TO 1/4 MILE OR LESS
LOWEST:      6 ON  4, 1                            3 = THUNDER
                        SNOW, ICE PELLETS, HAIL    4 = ICE PELLETS
                        TOTAL MONTH:    M          5 = HAIL
                        GRTST 24HR    M  ON   M    6 = FREEZING RAIN OR DRIZZLE
                        GRTST DEPTH:  M  ON   M    7 = DUSTSTORM OR SANDSTORM:
                                                       VSBY 1/2 MILE OR LESS
                                                   8 = SMOKE OR HAZE
[NO. OF DAYS WITH]      [WEATHER - DAYS WITH]      9 = BLOWING SNOW
                                                   X = TORNADO
MAX 32 OR BELOW:   2    0.01 INCH OR MORE:   4
MAX 90 OR ABOVE:   0    0.10 INCH OR MORE:   3
MIN 32 OR BELOW:  16    0.50 INCH OR MORE:   1
MIN  0 OR BELOW:   0    1.00 INCH OR MORE:   0

[HDD (BASE 65) ]
TOTAL THIS MO.   605    CLEAR  (SCALE 0-3)   7
DPTR FM NORMAL   -93    PTCLDY (SCALE 4-7)  19
TOTAL FM JUL 1  4819    CLOUDY (SCALE 8-10)  1
DPTR FM NORMAL  -343

[CDD (BASE 65) ]
TOTAL THIS MO.     0
DPTR FM NORMAL     0    [PRESSURE DATA]
TOTAL FM JAN 1     0    HIGHEST SLP M ON M
DPTR FM NORMAL     0    LOWEST  SLP 29.57 ON  2

[REMARKS]
