000
CXUS53 KAPX 220631
CF6APN
PRELIMINARY LOCAL CLIMATOLOGICAL DATA (WS FORM: F-6)

                                          STATION:   ALPENA MI
                                          MONTH:     NOVEMBER
                                          YEAR:      2017
                                          LATITUDE:   45  4 N
                                          LONGITUDE:  83 34 W

  TEMPERATURE IN F:       :PCPN:    SNOW:  WIND      :SUNSHINE: SKY     :PK WND
================================================================================
1   2   3   4   5  6A  6B    7    8   9   10  11  12  13   14  15   16   17  18
                                     12Z  AVG MX 2MIN
DY MAX MIN AVG DEP HDD CDD  WTR  SNW DPTH SPD SPD DIR MIN PSBL S-S WX    SPD DR
================================================================================

 1  44  30  37  -4  28   0    T    T    T  6.1 17 160   M    M   6        22 160
 2  47  36  42   2  23   0 0.15  0.0    0  3.2 10 230   M    M  10 1      13 230
 3  46  32  39  -1  26   0    T  0.0    0  6.9 21 330   M    M   6        29 330
 4  45  32  39  -1  26   0 0.22    T    0  6.3 17 130   M    M   9 1      27  90
 5  52  39  46   7  19   0 0.04  0.0    0  7.1 14 320   M    M  10 1      19 320
 6  41  30  36  -3  29   0    T  0.0    0  6.9 21 330   M    M   8        27 330
 7  42  22  32  -7  33   0 0.00  0.0    0  3.7 15 330   M    M   4        19 330
 8  45  19  32  -6  33   0 0.00  0.0    0  6.0 15 240   M    M   3        19 240
 9  38  18  28 -10  37   0 0.04    T    0 11.5 25 320   M    M   7 1      38 320
10  25   9  17 -21  48   0 0.05  0.1    T  6.5 21 330   M    M   2 128    29 320
11  32   9  21 -16  44   0 0.01  0.3    T  4.7 21 180   M    M   6 1      26 180
12  36  29  33  -4  32   0    T    T    T  3.4 12 220   M    M  10 1      15 220
13  39  33  36  -1  29   0 0.00  0.0    0  2.3  8 240   M    M  10 18     10 230
14  45  26  36   0  29   0 0.01  0.0    0  5.1 15 170   M    M   6 1      18 170
15  42  35  39   3  26   0 1.46  0.0    0 10.0 18 160   M    M  10 1      26 160
16  41  28  35  -1  30   0 0.06    T    T 11.0 22 320   M    M  10 1      29 280
17  37  28  33  -2  32   0 0.44  0.0    0  7.9 20 150   M    M   9 1      24 160
18  39  34  37   2  28   0 0.52  0.0    0  6.8 17 330   M    M  10 1      23 320
19  36  28  32  -2  33   0 0.01    T    0 10.5 23 320   M    M  10 18     30 320
20  45  28  37   3  28   0    T    T    T  7.5 15 200   M    M   5        22 210
21  49  29  39   5  26   0    T    T    0 12.5 22 320   M    M   6        31 310
================================================================================
SM  866  574       639   0  3.01     0.4 145.9          M      157
================================================================================
AV 41.2 27.3                               6.9 FASTST   M    M   7    MAX(MPH)
                                 MISC ---->  # 25 320               # 38  320
================================================================================
NOTES:
# LAST OF SEVERAL OCCURRENCES

COLUMN 17 PEAK WIND IN M.P.H.

PRELIMINARY LOCAL CLIMATOLOGICAL DATA (WS FORM: F-6) , PAGE 2

                                          STATION:  ALPENA MI
                                          MONTH:    NOVEMBER
                                          YEAR:     2017
                                          LATITUDE:   45  4 N
                                          LONGITUDE:  83 34 W

[TEMPERATURE DATA]      [PRECIPITATION DATA]       SYMBOLS USED IN COLUMN 16

AVERAGE MONTHLY: 34.3   TOTAL FOR MONTH:   3.01    1 = FOG OR MIST
DPTR FM NORMAL:  -3.0   DPTR FM NORMAL:    1.52    2 = FOG REDUCING VISIBILITY
HIGHEST:    52 ON  5    GRTST 24HR  1.46 ON 15-15      TO 1/4 MILE OR LESS
LOWEST:      9 ON 11,10                            3 = THUNDER
                        SNOW, ICE PELLETS, HAIL    4 = ICE PELLETS
                        TOTAL MONTH:   0.4 INCH    5 = HAIL
                        GRTST 24HR   0.3 ON 11-11  6 = FREEZING RAIN OR DRIZZLE
                        GRTST DEPTH:   0           7 = DUSTSTORM OR SANDSTORM:
                                                       VSBY 1/2 MILE OR LESS
                                                   8 = SMOKE OR HAZE
[NO. OF DAYS WITH]      [WEATHER - DAYS WITH]      9 = BLOWING SNOW
                                                   X = TORNADO
MAX 32 OR BELOW:   2    0.01 INCH OR MORE:  12
MAX 90 OR ABOVE:   0    0.10 INCH OR MORE:   5
MIN 32 OR BELOW:  16    0.50 INCH OR MORE:   2
MIN  0 OR BELOW:   0    1.00 INCH OR MORE:   1

[HDD (BASE 65) ]
TOTAL THIS MO.   639    CLEAR  (SCALE 0-3)   2
DPTR FM NORMAL    58    PTCLDY (SCALE 4-7)   8
TOTAL FM JUL 1  1246    CLOUDY (SCALE 8-10) 11
DPTR FM NORMAL  -279

[CDD (BASE 65) ]
TOTAL THIS MO.     0
DPTR FM NORMAL     0    [PRESSURE DATA]
TOTAL FM JAN 1   358    HIGHEST SLP M ON M
DPTR FM NORMAL    67    LOWEST  SLP 29.43 ON 21

[REMARKS]
