000
CXUS54 KEWX 201343
CF6AQO
PRELIMINARY LOCAL CLIMATOLOGICAL DATA (WS FORM: F-6)

                                          STATION:   Llano Municipal Airport
                                          MONTH:     FEBRUARY
                                          YEAR:      2017
                                          LATITUDE:   30 47 N
                                          LONGITUDE:  98 40 W

  TEMPERATURE IN F:       :PCPN:    SNOW:  WIND      :SUNSHINE: SKY     :PK WND
================================================================================
1   2   3   4   5  6A  6B    7    8   9   10  11  12  13   14  15   16   17  18
                                     12Z  AVG MX 2MIN
DY MAX MIN AVG DEP HDD CDD  WTR  SNW DPTH SPD SPD DIR MIN PSBL S-S WX    SPD DR
================================================================================

 1  82  36  59   M   6   0 0.00    M    M  2.0 15  10   M    M   0        21  10
 2  57  37  47   M  18   0 0.00    M    M  3.0 10 340   M    M   0        17 350
 3  50  37  44   M  21   0 0.00    M    M  3.4  9  60   M    M   9         M  M
 4  52  46  49   M  16   0 0.00    M    M  0.0  M   M   M    M  10 18      M  M
 5  79  52  66   M   0   1 0.00    M    M  3.9 15 200   M    M   6 1      18 220
 6  81  57  69   M   0   4 0.00    M    M  4.9 17 210   M    M   7        22 210
 7  82  48  65   M   0   0 0.00    M    M  2.0  9 270   M    M   0 1       M  M
 8  84  43  64   M   1   0 0.00    M    M  6.0 20  10   M    M   0        28  10
 9  70  37  54   M  11   0 0.00    M    M  0.1  4 120   M    M   0         M  M
10  79  43  61   M   4   0 0.00    M    M  4.2 16 210   M    M   3        23 210
11  88  48  68   M   0   3 0.00    M    M  0.9  9 200   M    M   2 12      M  M
12  75  54  65   M   0   0 0.00    M    M  6.0 15 360   M    M   7 12     18 350
13  73  48  61   M   4   0 1.02    M    M  4.7 13 260   M    M   9 138    28 260
14  52  45  49   M  16   0 0.54    M    M 10.2 20 340   M    M  10 3      25 300
15  63  37  50   M  15   0 0.00    M    M  6.9 15 340   M    M   1 3      20 330
16  70  32  51   M  14   0 0.00    M    M  0.8 10 210   M    M   0         M  M
17  77  39  58   M   7   0 0.00    M    M  3.7 14 220   M    M   0        21 220
18  84  43  64   M   1   0 0.00    M    M  0.2  5 250   M    M   0         M  M
19  81  57  69   M   0   4 0.42  0.0    0  5.4 22 320   M    M   7 138    25 320
================================================================================
SM 1379  839       134  12  1.98     0.0  68.3          M       71
================================================================================
AV 72.6 44.2                               3.6 FASTST   M    M   4    MAX(MPH)
                                 MISC ---->    22   M                 28    M
================================================================================
NOTES:
# LAST OF SEVERAL OCCURRENCES

COLUMN 17 PEAK WIND IN M.P.H.

PRELIMINARY LOCAL CLIMATOLOGICAL DATA (WS FORM: F-6) , PAGE 2

                                          STATION:  Llano Municipal Airport
                                          MONTH:    FEBRUARY
                                          YEAR:     2017
                                          LATITUDE:   30 47 N
                                          LONGITUDE:  98 40 W

[TEMPERATURE DATA]      [PRECIPITATION DATA]       SYMBOLS USED IN COLUMN 16

AVERAGE MONTHLY: 58.4   TOTAL FOR MONTH:   1.98    1 = FOG OR MIST
DPTR FM NORMAL:     M   DPTR FM NORMAL:       M    2 = FOG REDUCING VISIBILITY
HIGHEST:    88 ON 11    GRTST 24HR  1.02 ON 13-13      TO 1/4 MILE OR LESS
LOWEST:     32 ON 16                               3 = THUNDER
                        SNOW, ICE PELLETS, HAIL    4 = ICE PELLETS
                        TOTAL MONTH:   0.0 INCH    5 = HAIL
                        GRTST 24HR     0.0         6 = FREEZING RAIN OR DRIZZLE
                        GRTST DEPTH:   0           7 = DUSTSTORM OR SANDSTORM:
                                                       VSBY 1/2 MILE OR LESS
                                                   8 = SMOKE OR HAZE
[NO. OF DAYS WITH]      [WEATHER - DAYS WITH]      9 = BLOWING SNOW
                                                   X = TORNADO
MAX 32 OR BELOW:   0    0.01 INCH OR MORE:   3
MAX 90 OR ABOVE:   0    0.10 INCH OR MORE:   3
MIN 32 OR BELOW:   1    0.50 INCH OR MORE:   2
MIN  0 OR BELOW:   0    1.00 INCH OR MORE:   1

[HDD (BASE 65) ]
TOTAL THIS MO.   134    CLEAR  (SCALE 0-3)  11
DPTR FM NORMAL     M    PTCLDY (SCALE 4-7)   4
TOTAL FM JUL 1   715    CLOUDY (SCALE 8-10)  4
DPTR FM NORMAL     M

[CDD (BASE 65) ]
TOTAL THIS MO.    12
DPTR FM NORMAL     M    [PRESSURE DATA]
TOTAL FM JAN 1    21    HIGHEST SLP M ON M
DPTR FM NORMAL     M    LOWEST  SLP M ON M

[REMARKS]
