000
CXUS53 KARX 190645
CF6ARX
PRELIMINARY LOCAL CLIMATOLOGICAL DATA (WS FORM: F-6)

                                          STATION:   La Crosse Weather Office WI
                                          MONTH:     APRIL
                                          YEAR:      2014
                                          LATITUDE:   43 49 N
                                          LONGITUDE:  91 12 W

  TEMPERATURE IN F:       :PCPN:    SNOW:  WIND      :SUNSHINE: SKY     :PK WND
================================================================================
1   2   3   4   5  6A  6B    7    8   9   10  11  12  13   14  15   16   17  18
                                     12Z  AVG MX 2MIN
DY MAX MIN AVG DEP HDD CDD  WTR  SNW DPTH SPD SPD DIR MIN PSBL S-S WX    SPD DR
================================================================================

 1  36  22  29 -11  36   0    T    T    0   M   M   M   M    M   M 6      41  M
 2  50  22  36  -4  29   0 0.03  0.1    0   M   M   M   M    M   M 4      28  M
 3  38  30  34  -7  31   0 0.27    T    T   M   M   M   M    M   M 1246   32  M
 4  33  27  30 -11  35   0 0.15  1.4    T   M   M   M   M    M   M 1246    M  M
 5  49  26  38  -4  27   0 0.00  0.0    1   M   M   M   M    M   M        20  M
 6  60  40  50   8  15   0 0.01  0.0    0   M   M   M   M    M   M        30  M
 7  55  41  48   5  17   0 0.00  0.0    0   M   M   M   M    M   M        20  M
 8  55  35  45   2  20   0 0.00  0.0    0   M   M   M   M    M   M        26  M
 9  65  33  49   5  16   0 0.00  0.0    0   M   M   M   M    M   M        31  M
10  61  46  54  10  11   0 0.00  0.0    0   M   M   M   M    M   M        32  M
11  65  42  54  10  11   0    T  0.0    0   M   M   M   M    M   M        27  M
12  50  40  45   0  20   0 1.22  0.2    0   M   M   M   M    M   M 35     43  M
13  43  31  37  -9  28   0 1.20  0.2    0   M   M   M   M    M   M 12     25  M
14  31  23  27 -19  38   0 0.13  2.3    2   M   M   M   M    M   M        28  M
15  34  20  27 -19  38   0    T    T    T   M   M   M   M    M   M        19  M
16  50  28  39  -8  26   0    T    T    0   M   M   M   M    M   M        36  M
17  46  33  40  -7  25   0    T  0.0    0   M   M   M   M    M   M        34  M
18  54  28  41  -7  24   0 0.00  0.0    0   M   M   M   M    M   M        16 100
================================================================================
SM  875  567       447   0  3.01     4.2     M          M        M
================================================================================
AV 48.6 31.5                                 M FASTST   M    M   5    MAX(MPH)
                                 MISC ---->     M   M                 43    M
================================================================================
NOTES:
# LAST OF SEVERAL OCCURRENCES

COLUMN 17 PEAK WIND IN M.P.H.

PRELIMINARY LOCAL CLIMATOLOGICAL DATA (WS FORM: F-6) , PAGE 2

                                          STATION:  La Crosse Weather Office WI
                                          MONTH:    APRIL
                                          YEAR:     2014
                                          LATITUDE:   43 49 N
                                          LONGITUDE:  91 12 W

[TEMPERATURE DATA]      [PRECIPITATION DATA]       SYMBOLS USED IN COLUMN 16

AVERAGE MONTHLY: 40.1   TOTAL FOR MONTH:   3.01    1 = FOG OR MIST
DPTR FM NORMAL:  -3.8   DPTR FM NORMAL:    1.11    2 = FOG REDUCING VISIBILITY
HIGHEST:    65 ON 11, 9 GRTST 24HR  1.22 ON 12-12      TO 1/4 MILE OR LESS
LOWEST:     20 ON 15                               3 = THUNDER
                        SNOW, ICE PELLETS, HAIL    4 = ICE PELLETS
                        TOTAL MONTH:   4.2 INCHES  5 = HAIL
                        GRTST 24HR   2.3 ON   M    6 = FREEZING RAIN OR DRIZZLE
                        GRTST DEPTH:   2 ON 14     7 = DUSTSTORM OR SANDSTORM:
                                                       VSBY 1/2 MILE OR LESS
                                                   8 = SMOKE OR HAZE
[NO. OF DAYS WITH]      [WEATHER - DAYS WITH]      9 = BLOWING SNOW
                                                   X = TORNADO
MAX 32 OR BELOW:   1    0.01 INCH OR MORE:   7
MAX 90 OR ABOVE:   0    0.10 INCH OR MORE:   5
MIN 32 OR BELOW:  10    0.50 INCH OR MORE:   2
MIN  0 OR BELOW:   0    1.00 INCH OR MORE:   2

[HDD (BASE 65) ]
TOTAL THIS MO.   447    CLEAR  (SCALE 0-3)   0
DPTR FM NORMAL    66    PTCLDY (SCALE 4-7)   0
TOTAL FM JUL 1  8273    CLOUDY (SCALE 8-10)  0
DPTR FM NORMAL  1062

[CDD (BASE 65) ]
TOTAL THIS MO.     0
DPTR FM NORMAL     0    [PRESSURE DATA]
TOTAL FM JAN 1     0    HIGHEST SLP M ON M
DPTR FM NORMAL     0    LOWEST  SLP M ON M

[REMARKS]
