000
CXUS53 KARX 300930
CF6ARX
PRELIMINARY LOCAL CLIMATOLOGICAL DATA (WS FORM: F-6)

                                          STATION:   La Crosse Weather Office WI
                                          MONTH:     SEPTEMBER
                                          YEAR:      2014
                                          LATITUDE:   43 49 N
                                          LONGITUDE:  91 12 W

  TEMPERATURE IN F:       :PCPN:    SNOW:  WIND      :SUNSHINE: SKY     :PK WND
================================================================================
1   2   3   4   5  6A  6B    7    8   9   10  11  12  13   14  15   16   17  18
                                     12Z  AVG MX 2MIN
DY MAX MIN AVG DEP HDD CDD  WTR  SNW DPTH SPD SPD DIR MIN PSBL S-S WX    SPD DR
================================================================================

 1  75  62  69   3   0   4 0.57  0.0    0   M   M   M   M    M   M 3      37  M
 2  76  59  68   2   0   3 0.00  0.0    0   M   M   M   M    M   M        20  M
 3  80  59  70   4   0   5 0.00  0.0    0   M   M   M   M    M   M        31  M
 4  80  69  75   9   0  10 0.06  0.0    0   M   M   M   M    M   M 3      34 160
 5  75  53  64  -1   1   0    T  0.0    0   M   M   M   M    M   M        25 310
 6  72  48  60  -5   5   0 0.00  0.0    0   M   M   M   M    M   M        18 290
 7  75  55  65   1   0   0 0.00  0.0    0   M   M   M   M    M   M        15  M
 8  69  57  63  -1   2   0 0.21  0.0    0   M   M   M   M    M   M 3      24  M
 9  77  62  70   6   0   5 0.11  0.0    0   M   M   M   M    M   M        22  M
10  65  43  54  -9  11   0 0.58  0.0    0   M   M   M   M    M   M 1      30  M
11  55  41  48 -15  17   0 0.00  0.0    0   M   M   M   M    M   M         M  M
12  45  39  42 -21  23   0 0.21  0.0    0   M   M   M   M    M   M 1      13  M
13  57  35  46 -16  19   0 0.00  0.0    0   M   M   M   M    M   M 12     14  M
14  65  45  55  -7  10   0 0.00  0.0    0   M   M   M   M    M   M        27  M
15  58  45  52  -9  13   0 0.43  0.0    0   M   M   M   M    M   M 1      16  M
16  63  41  52  -9  13   0 0.00  0.0    0   M   M   M   M    M   M 1      14  M
17  68  48  58  -3   7   0 0.00  0.0    0   M   M   M   M    M   M        12  M
18  68  45  57  -3   8   0 0.00  0.0    0   M   M   M   M    M   M 1      22  M
19  72  52  62   2   3   0    T  0.0    0   M   M   M   M    M   M 3      36  M
20  75  53  64   5   1   0 0.50  0.0    0   M   M   M   M    M   M 13     48  M
21  64  49  57  -2   8   0    T  0.0    0   M   M   M   M    M   M        30  M
22  68  44  56  -2   9   0 0.00  0.0    0   M   M   M   M    M   M 12     18  M
23  71  51  61   3   4   0 0.00  0.0    0   M   M   M   M    M   M        18  M
24  67  56  62   4   3   0 0.02  0.0    0   M   M   M   M    M   M        23  M
25  74  58  66   9   0   1 0.00  0.0    0   M  23   M   M    M   M         M  M
26  77  59  68  11   0   3 0.00  0.0    0   M   M   M   M    M   M        22  M
27  79  60  70  14   0   5 0.00  0.0    0   M   M   M   M    M   M        19  M
28  78  58  68  12   0   3 0.00  0.0    0   M   M   M   M    M   M        18  M
29  65  43  54  -1  11   0    T  0.0    0   M   M   M   M    M   M        18  M
================================================================================
SM 2013 1489       168  39  2.69     0.0     M          M        M
================================================================================
AV 69.4 51.3                                 M FASTST   M    M   4    MAX(MPH)
                                 MISC ---->    23   M                 48    M
================================================================================
NOTES:
# LAST OF SEVERAL OCCURRENCES

COLUMN 17 PEAK WIND IN M.P.H.

PRELIMINARY LOCAL CLIMATOLOGICAL DATA (WS FORM: F-6) , PAGE 2

                                          STATION:  La Crosse Weather Office WI
                                          MONTH:    SEPTEMBER
                                          YEAR:     2014
                                          LATITUDE:   43 49 N
                                          LONGITUDE:  91 12 W

[TEMPERATURE DATA]      [PRECIPITATION DATA]       SYMBOLS USED IN COLUMN 16

AVERAGE MONTHLY: 60.4   TOTAL FOR MONTH:   2.69    1 = FOG OR MIST
DPTR FM NORMAL:  -0.8   DPTR FM NORMAL:   -0.97    2 = FOG REDUCING VISIBILITY
HIGHEST:    80 ON  4, 3 GRTST 24HR  0.58 ON 10-10      TO 1/4 MILE OR LESS
LOWEST:     35 ON 13                               3 = THUNDER
                        SNOW, ICE PELLETS, HAIL    4 = ICE PELLETS
                        TOTAL MONTH:   0.0 INCH    5 = HAIL
                        GRTST 24HR     0.0         6 = FREEZING RAIN OR DRIZZLE
                        GRTST DEPTH:   0           7 = DUSTSTORM OR SANDSTORM:
                                                       VSBY 1/2 MILE OR LESS
                                                   8 = SMOKE OR HAZE
[NO. OF DAYS WITH]      [WEATHER - DAYS WITH]      9 = BLOWING SNOW
                                                   X = TORNADO
MAX 32 OR BELOW:   0    0.01 INCH OR MORE:   9
MAX 90 OR ABOVE:   0    0.10 INCH OR MORE:   7
MIN 32 OR BELOW:   0    0.50 INCH OR MORE:   3
MIN  0 OR BELOW:   0    1.00 INCH OR MORE:   0

[HDD (BASE 65) ]
TOTAL THIS MO.   168    CLEAR  (SCALE 0-3)   0
DPTR FM NORMAL    13    PTCLDY (SCALE 4-7)   0
TOTAL FM JUL 1   203    CLOUDY (SCALE 8-10)  0
DPTR FM NORMAL    12

[CDD (BASE 65) ]
TOTAL THIS MO.    39
DPTR FM NORMAL    -5    [PRESSURE DATA]
TOTAL FM JAN 1   438    HIGHEST SLP M ON M
DPTR FM NORMAL   -62    LOWEST  SLP M ON M

[REMARKS]
