261
CXUS53 KARX 230930
CF6ARX
PRELIMINARY LOCAL CLIMATOLOGICAL DATA (WS FORM: F-6)

                                          STATION:   La Crosse Weather Office WI
                                          MONTH:     APRIL
                                          YEAR:      2017
                                          LATITUDE:   43 49 N
                                          LONGITUDE:  91 12 W

  TEMPERATURE IN F:       :PCPN:    SNOW:  WIND      :SUNSHINE: SKY     :PK WND
================================================================================
1   2   3   4   5  6A  6B    7    8   9   10  11  12  13   14  15   16   17  18
                                     12Z  AVG MX 2MIN
DY MAX MIN AVG DEP HDD CDD  WTR  SNW DPTH SPD SPD DIR MIN PSBL S-S WX    SPD DR
================================================================================

 1  61  36  49   9  16   0 0.00  0.0    0   M   M   M   M    M   M         M  M
 2  52  43  48   8  17   0    T  0.0    0   M   M   M   M    M   M         M  M
 3  45  42  44   3  21   0 1.06  0.0    0   M   M   M   M    M   M 12      M  M
 4  57  42  50   9  15   0 0.56  0.0    0   M   M   M   M    M   M         M  M
 5  48  40  44   2  21   0 0.00  0.0    0   M   M   M   M    M   M         M  M
 6  51  32  42   0  23   0 0.00  0.0    0   M   M   M   M    M   M         M  M
 7  56  33  45   2  20   0 0.00  0.0    0   M   M   M   M    M   M         M  M
 8  72  43  58  15   7   0 0.00  0.0    0   M   M   M   M    M   M         M  M
 9  72  58  65  21   0   0 0.00  0.0    0   M   M   M   M    M   M         M  M
10  66  32  49   5  16   0 0.15  0.0    0   M   M   M   M    M   M 123     M  M
11  44  31  38  -6  27   0 0.02  0.0    0   M   M   M   M    M   M         M  M
12  55  36  46   1  19   0 0.23  0.0    0   M   M   M   M    M   M         M  M
13  59  40  50   4  15   0 0.14  0.0    0   M   M   M   M    M   M         M  M
14  67  44  56  10   9   0 0.50  0.0    0   M   M   M   M    M   M 3       M  M
15  69  57  63  17   2   0 0.16  0.0    0   M   M   M   M    M   M 3       M  M
16  64  49  57  10   8   0 0.00  0.0    0   M   M   M   M    M   M         M  M
17  64  46  55   8  10   0    T  0.0    0   M   M   M   M    M   M         M  M
18  63  42  53   5  12   0 0.01  0.0    0   M   M   M   M    M   M         M  M
19  53  43  48   0  17   0 1.12  0.0    0   M   M   M   M    M   M 3       M  M
20  47  35  41  -7  24   0 0.08  0.0    0   M   M   M   M    M   M 1       M  M
21  59  32  46  -3  19   0 0.00  0.0    0   M   M   M   M    M   M         M  M
22  64  41  53   4  12   0 0.00  0.0    0   M   M   M   M    M   M         M  M
================================================================================
SM 1288  897       330   0  4.03     0.0     M          M        M
================================================================================
AV 58.6 40.8                                 M FASTST   M    M   5    MAX(MPH)
                                 MISC ---->     M   M                  M    M
================================================================================
NOTES:
# LAST OF SEVERAL OCCURRENCES

COLUMN 17 PEAK WIND IN M.P.H.

PRELIMINARY LOCAL CLIMATOLOGICAL DATA (WS FORM: F-6) , PAGE 2

                                          STATION:  La Crosse Weather Office WI
                                          MONTH:    APRIL
                                          YEAR:     2017
                                          LATITUDE:   43 49 N
                                          LONGITUDE:  91 12 W

[TEMPERATURE DATA]      [PRECIPITATION DATA]       SYMBOLS USED IN COLUMN 16

AVERAGE MONTHLY: 49.7   TOTAL FOR MONTH:   4.03    1 = FOG OR MIST
DPTR FM NORMAL:   5.0   DPTR FM NORMAL:    1.66    2 = FOG REDUCING VISIBILITY
HIGHEST:    72 ON  9, 8 GRTST 24HR  1.12 ON 19-19      TO 1/4 MILE OR LESS
LOWEST:     31 ON 11                               3 = THUNDER
                        SNOW, ICE PELLETS, HAIL    4 = ICE PELLETS
                        TOTAL MONTH:   0.0 INCH    5 = HAIL
                        GRTST 24HR     0.0         6 = FREEZING RAIN OR DRIZZLE
                        GRTST DEPTH:   0           7 = DUSTSTORM OR SANDSTORM:
                                                       VSBY 1/2 MILE OR LESS
                                                   8 = SMOKE OR HAZE
[NO. OF DAYS WITH]      [WEATHER - DAYS WITH]      9 = BLOWING SNOW
                                                   X = TORNADO
MAX 32 OR BELOW:   0    0.01 INCH OR MORE:  11
MAX 90 OR ABOVE:   0    0.10 INCH OR MORE:   8
MIN 32 OR BELOW:   4    0.50 INCH OR MORE:   4
MIN  0 OR BELOW:   0    1.00 INCH OR MORE:   2

[HDD (BASE 65) ]
TOTAL THIS MO.   330    CLEAR  (SCALE 0-3)   0
DPTR FM NORMAL  -117    PTCLDY (SCALE 4-7)   0
TOTAL FM JUL 1  6225    CLOUDY (SCALE 8-10)  0
DPTR FM NORMAL -1052

[CDD (BASE 65) ]
TOTAL THIS MO.     0
DPTR FM NORMAL     0    [PRESSURE DATA]
TOTAL FM JAN 1     0    HIGHEST SLP M ON M
DPTR FM NORMAL     0    LOWEST  SLP M ON M

[REMARKS]
