000
CXUS55 KGJT 261000
CF6ASE
PRELIMINARY LOCAL CLIMATOLOGICAL DATA (WS FORM: F-6)

                                          STATION:   ASPEN CO
                                          MONTH:     FEBRUARY
                                          YEAR:      2017
                                          LATITUDE:   39 13 N
                                          LONGITUDE: 106 52 W

  TEMPERATURE IN F:       :PCPN:    SNOW:  WIND      :SUNSHINE: SKY     :PK WND
================================================================================
1   2   3   4   5  6A  6B    7    8   9   10  11  12  13   14  15   16   17  18
                                     12Z  AVG MX 2MIN
DY MAX MIN AVG DEP HDD CDD  WTR  SNW DPTH SPD SPD DIR MIN PSBL S-S WX    SPD DR
================================================================================

 1  47  19  33  13  32   0 0.00    M    M  5.0 12 210   M    M   3        15 210
 2  39  20  30  10  35   0    T    M    M  5.7 12 350   M    M   7 8      16  20
 3  47  16  32  12  33   0 0.00    M    M  4.4 18 290   M    M   4        28 250
 4  46  22  34  14  31   0    T    M    M  6.1 16 130   M    M   6        21 130
 5  47  21  34  14  31   0 0.00    M    M  4.6 10 190   M    M   2        12 220
 6  41  24  33  12  32   0 0.00    M    M  5.1 18 260   M    M   6        26 270
 7  39  24  32  11  33   0 0.01    M    M  3.9 13 130   M    M  10 8      17 120
 8  48  34  41  20  24   0 0.02    M    M  9.0 29 350   M    M   8 1      53 350
 9  55  33  44  23  21   0 0.00    M    M  4.2 13 210   M    M   5        16 200
10  59  34  47  26  18   0    T    M    M  8.7 30 170   M    M   5        35 180
11  44  28  36  15  29   0 0.47    M    M  4.3 20 170   M    M  10 12     24 170
12  39  27  33  12  32   0    T    M    M  2.2  6 330   M    M  10 12     10 300
13  39  24  32  10  33   0 0.01    M    M  2.5  9 320   M    M   7 128    10 330
14  42  17  30   8  35   0 0.00    M    M  6.2 13 250   M    M   0        18 220
15  45  12  29   7  36   0 0.00    M    M  5.2 12 200   M    M   0        14 200
16  50  13  32  10  33   0 0.00    M    M  4.9 13 180   M    M   0        15 240
17  50  19  35  13  30   0 0.00    M    M  4.2 12 180   M    M   3        13 360
18  50  27  39  16  26   0 0.00    M    M  4.0 12 330   M    M   4        14 330
19  48  25  37  14  28   0 0.06    M    M  5.3 16 340   M    M   6 1      22 320
20  46  26  36  13  29   0    T    M    M  3.5 12 130   M    M   5        15 130
21  54  26  40  16  25   0    T    M    M  8.4 24 240   M    M   2        39 270
22  49  32  41  17  24   0    T    M    M  6.2 22 200   M    M   6        34 180
23  43  13  28   4  37   0 0.08    M    M  8.5 26 190   M    M   9 128    35 170
24  22   9  16  -8  49   0 0.02    M    M  5.4 15 330   M    M   9 18     21 320
25  22   1  12 -13  53   0 0.01    M    M  6.1 18 330   M    M   7 18     25 330
================================================================================
SM 1111  546       789   0  0.68    M    133.6          M      134
================================================================================
AV 44.4 21.8                               5.3 FASTST   M    M   5    MAX(MPH)
                                 MISC ---->  # 30 170               # 53  350
================================================================================
NOTES:
# LAST OF SEVERAL OCCURRENCES

COLUMN 17 PEAK WIND IN M.P.H.

PRELIMINARY LOCAL CLIMATOLOGICAL DATA (WS FORM: F-6) , PAGE 2

                                          STATION:  ASPEN CO
                                          MONTH:    FEBRUARY
                                          YEAR:     2017
                                          LATITUDE:   39 13 N
                                          LONGITUDE: 106 52 W

[TEMPERATURE DATA]      [PRECIPITATION DATA]       SYMBOLS USED IN COLUMN 16

AVERAGE MONTHLY: 33.1   TOTAL FOR MONTH:   0.68    1 = FOG OR MIST
DPTR FM NORMAL:  11.3   DPTR FM NORMAL:   -0.39    2 = FOG REDUCING VISIBILITY
HIGHEST:    59 ON 10    GRTST 24HR  0.47 ON 11-11      TO 1/4 MILE OR LESS
LOWEST:      1 ON 25                               3 = THUNDER
                        SNOW, ICE PELLETS, HAIL    4 = ICE PELLETS
                        TOTAL MONTH:    M          5 = HAIL
                        GRTST 24HR    M  ON   M    6 = FREEZING RAIN OR DRIZZLE
                        GRTST DEPTH:  M  ON   M    7 = DUSTSTORM OR SANDSTORM:
                                                       VSBY 1/2 MILE OR LESS
                                                   8 = SMOKE OR HAZE
[NO. OF DAYS WITH]      [WEATHER - DAYS WITH]      9 = BLOWING SNOW
                                                   X = TORNADO
MAX 32 OR BELOW:   2    0.01 INCH OR MORE:   8
MAX 90 OR ABOVE:   0    0.10 INCH OR MORE:   1
MIN 32 OR BELOW:  22    0.50 INCH OR MORE:   0
MIN  0 OR BELOW:   0    1.00 INCH OR MORE:   0

[HDD (BASE 65) ]
TOTAL THIS MO.   789    CLEAR  (SCALE 0-3)   6
DPTR FM NORMAL  -290    PTCLDY (SCALE 4-7)  13
TOTAL FM JUL 1  5256    CLOUDY (SCALE 8-10)  6
DPTR FM NORMAL  -945

[CDD (BASE 65) ]
TOTAL THIS MO.     0
DPTR FM NORMAL     0    [PRESSURE DATA]
TOTAL FM JAN 1     0    HIGHEST SLP M ON M
DPTR FM NORMAL     0    LOWEST  SLP 29.27 ON 23

[REMARKS]
