000
CXUS54 KMAF 281100
CF6ATS
PRELIMINARY LOCAL CLIMATOLOGICAL DATA (WS FORM: F-6)

                                          STATION:   Artesia
                                          MONTH:     FEBRUARY
                                          YEAR:      2015
                                          LATITUDE:   32 54 N
                                          LONGITUDE: 104 30 W

  TEMPERATURE IN F:       :PCPN:    SNOW:  WIND      :SUNSHINE: SKY     :PK WND
================================================================================
1   2   3   4   5  6A  6B    7    8   9   10  11  12  13   14  15   16   17  18
                                     12Z  AVG MX 2MIN
DY MAX MIN AVG DEP HDD CDD  WTR  SNW DPTH SPD SPD DIR MIN PSBL S-S WX    SPD DR
================================================================================

 1  50  37  44   M  21   0 0.00  0.0    0  8.1 17  10   M    M  10 12     23  10
 2  55  36  46   M  19   0 0.00  0.0    0 14.4 20 150   M    M   3        25 150
 3  68  30  49   M  16   0 0.00  0.0    0  7.6 15 170   M    M   0        20 190
 4  75  32  54   M  11   0 0.00  0.0    0 10.4 28  10   M    M   2        35  10
 5  52  30  41   M  24   0 0.00  0.0    0  7.0 13  20   M    M   4 1      17 150
 6  73  27  50   M  15   0 0.00  0.0    0  5.7 14 240   M    M   2 12     13 330
 7  81  37  59   M   6   0 0.00  0.0    0  7.5 16 240   M    M   0        18 250
 8  77  45  61   M   4   0 0.00  0.0    0  5.5 14  10   M    M   0        16  30
 9  77  37  57   M   8   0 0.00  0.0    0  9.4 18 150   M    M   0         M  M
10  79  39  59   M   6   0 0.00  0.0    0  7.5 14 230   M    M   0        13 160
11  50  37  44   M  21   0 0.06    M    0 15.6 23  10   M    M   7        31  10
12  54  36  45   M  20   0 0.08    M    0  6.6 12 350   M    M   4        13  20
13  66  32  49   M  16   0 0.00  0.0    0  4.3 10 260   M    M   0         M  M
14  70  32  51   M  14   0 0.00  0.0    0  6.9 15 160   M    M   0         M  M
15  79  36  58   M   7   0 0.00  0.0    0 11.9 25  10   M    M   0        33  10
16  48  30  39   M  26   0 0.01    M    0  8.3 17 360   M    M   2        27 360
17  50  34  42   M  23   0 0.00  0.0    0  8.5 15 160   M    M   5 1      13 140
18  68  27  48   M  17   0 0.00  0.0    0  6.7 10 130   M    M   0         M  M
19  77  30  54   M  11   0 0.00  0.0    0  7.0 14 270   M    M   0        18 150
20  79  39  59   M   6   0 0.00  0.0    0  8.5 18 250   M    M   0        20 310
21  64  37  51   M  14   0 0.00  0.0    0 11.9 20 150   M    M   0        28 150
22  52  23  38   M  27   0 0.01    M    0 15.0 29 350   M    M   7 12     37 350
23  25  19  22   M  43   0 0.00  0.0    0  7.1 16  30   M    M  10 1       M  M
24  43  25  34   M  31   0 0.00  0.0    0  5.5 15 330   M    M   7         M  M
25  66  28  47   M  18   0 0.00  0.0    0  8.2 12  10   M    M   2        21  30
26  48  27  38   M  27   0 0.00  0.0    0 11.7 16  20   M    M   9 1      24  60
27  25  19  22   M  43   0 0.01    M    0 12.1 16 130   M    M  10 1       M  M
================================================================================
SM 1651  861       494   0  0.17     0.0 238.9          M       84
================================================================================
AV 61.1 31.9                               8.8 FASTST   M    M   3    MAX(MPH)
                                 MISC ---->    29   M                 37    M
================================================================================
NOTES:
# LAST OF SEVERAL OCCURRENCES

COLUMN 17 PEAK WIND IN M.P.H.

PRELIMINARY LOCAL CLIMATOLOGICAL DATA (WS FORM: F-6) , PAGE 2

                                          STATION:  Artesia
                                          MONTH:    FEBRUARY
                                          YEAR:     2015
                                          LATITUDE:   32 54 N
                                          LONGITUDE: 104 30 W

[TEMPERATURE DATA]      [PRECIPITATION DATA]       SYMBOLS USED IN COLUMN 16

AVERAGE MONTHLY: 46.5   TOTAL FOR MONTH:   0.17    1 = FOG OR MIST
DPTR FM NORMAL:     M   DPTR FM NORMAL:       M    2 = FOG REDUCING VISIBILITY
HIGHEST:    81 ON  7    GRTST 24HR  0.08 ON 12-12      TO 1/4 MILE OR LESS
LOWEST:     19 ON 27,23                            3 = THUNDER
                        SNOW, ICE PELLETS, HAIL    4 = ICE PELLETS
                        TOTAL MONTH:   0.0 INCH    5 = HAIL
                        GRTST 24HR     0.0         6 = FREEZING RAIN OR DRIZZLE
                        GRTST DEPTH:   0           7 = DUSTSTORM OR SANDSTORM:
                                                       VSBY 1/2 MILE OR LESS
                                                   8 = SMOKE OR HAZE
[NO. OF DAYS WITH]      [WEATHER - DAYS WITH]      9 = BLOWING SNOW
                                                   X = TORNADO
MAX 32 OR BELOW:   2    0.01 INCH OR MORE:   5
MAX 90 OR ABOVE:   0    0.10 INCH OR MORE:   0
MIN 32 OR BELOW:  15    0.50 INCH OR MORE:   0
MIN  0 OR BELOW:   0    1.00 INCH OR MORE:   0

[HDD (BASE 65) ]
TOTAL THIS MO.   494    CLEAR  (SCALE 0-3)  17
DPTR FM NORMAL     M    PTCLDY (SCALE 4-7)   6
TOTAL FM JUL 1  1925    CLOUDY (SCALE 8-10)  4
DPTR FM NORMAL     M

[CDD (BASE 65) ]
TOTAL THIS MO.     0
DPTR FM NORMAL     M    [PRESSURE DATA]
TOTAL FM JAN 1     0    HIGHEST SLP M ON M
DPTR FM NORMAL     M    LOWEST  SLP M ON M

[REMARKS]
