000
CXUS55 KABR 291400
CF6ATY
PRELIMINARY LOCAL CLIMATOLOGICAL DATA (WS FORM: F-6)

                                          STATION:   WATERTOWN SD
                                          MONTH:     DECEMBER
                                          YEAR:      2014
                                          LATITUDE:   44 55 N
                                          LONGITUDE:  97  9 W

  TEMPERATURE IN F:       :PCPN:    SNOW:  WIND      :SUNSHINE: SKY     :PK WND
================================================================================
1   2   3   4   5  6A  6B    7    8   9   10  11  12  13   14  15   16   17  18
                                     12Z  AVG MX 2MIN
DY MAX MIN AVG DEP HDD CDD  WTR  SNW DPTH SPD SPD DIR MIN PSBL S-S WX    SPD DR
================================================================================

 1  16 -13   2 -19  63   0 0.00  0.0    3 14.0 26 170   M    M   0        34 200
 2  30  13  22   2  43   0 0.00  0.0    3  9.9 25 180   M    M   3        35 200
 3  25   8  17  -3  48   0 0.00  0.0    3  8.4 16 170   M    M   1        20 300
 4  35  21  28   8  37   0 0.00  0.0    3 14.1 25 200   M    M   1        31 200
 5  35  15  25   6  40   0 0.00  0.0    3  5.8 14 340   M    M   5 1      16 350
 6  33   8  21   2  44   0 0.00  0.0    3  9.5 24 170   M    M   2        29 170
 7  39  30  35  17  30   0 0.00  0.0    2 17.5 28 200   M    M   8 18     33 170
 8  35  18  27   9  38   0 0.00  0.0    2 18.1 29 310   M    M  10 1      35 310
 9  25  16  21   3  44   0 0.00  0.0    2  9.2 21 170   M    M  10 12     25 170
10  35  23  29  12  36   0 0.00  0.0    1 15.5 21 170   M    M   7 18     27 170
11  32  29  31  14  34   0 0.00  0.0    1 15.1 21 200   M    M  10 12     25 180
12  40  30  35  18  30   0 0.00  0.0    1 16.5 24 170   M    M   7 12     29 170
13  49  37  43  27  22   0 0.00  0.0    1 13.1 21 200   M    M   4 1      27 200
14  49  32  41  25  24   0 0.00  0.0    0 10.2 16 280   M    M  10 126    20 270
15  32  16  24   8  41   0 0.25  1.0    1 23.3 35 360   M    M  10 16     45 350
16  16   1   9  -6  56   0    T    T    1 13.9 31 350   M    M   7 1      39 350
17  22   0  11  -4  54   0 0.00  0.0    1  2.0  8 210   M    M   0 1      10  30
18  25   5  15   0  50   0 0.00  0.0    1  7.6 12 170   M    M  10 1      15 200
19  29  25  27  12  38   0 0.00  0.0    1 13.6 20 200   M    M  10 1      25 200
20  31  28  30  16  35   0 0.00  0.0    1 13.0 21 200   M    M  10 1      25 180
21  36  28  32  18  33   0 0.00  0.0    1 13.2 22 170   M    M  10 12     27 180
22  39  33  36  22  29   0 0.09  0.1    0  9.9 18 170   M    M  10 1      24 160
23  35  29  32  18  33   0    T    T    0 16.3 25 350   M    M  10 1      32 340
24  29  23  26  12  39   0 0.00  0.0    0 10.8 21 330   M    M  10 12     25 350
25  32  25  29  15  36   0 0.29  2.6    0  9.1 20  30   M    M   9 1      24  20
26  26  17  22   8  43   0 0.01  0.1    3 14.4 21 360   M    M  10 18     24 360
27  18   2  10  -3  55   0    T    T    3  8.8 15 250   M    M   3 1      19 250
28  17   1   9  -4  56   0 0.00  0.0    3  6.3 17  30   M    M   7 1      21  30
================================================================================
SM  865  500      1131   0  0.64     3.8 339.1          M      194
================================================================================
AV 30.9 17.9                              12.1 FASTST   M    M   7    MAX(MPH)
                                 MISC ---->  # 35 360               # 45  350
================================================================================
NOTES:
# LAST OF SEVERAL OCCURRENCES

COLUMN 17 PEAK WIND IN M.P.H.

PRELIMINARY LOCAL CLIMATOLOGICAL DATA (WS FORM: F-6) , PAGE 2

                                          STATION:  WATERTOWN SD
                                          MONTH:    DECEMBER
                                          YEAR:     2014
                                          LATITUDE:   44 55 N
                                          LONGITUDE:  97  9 W

[TEMPERATURE DATA]      [PRECIPITATION DATA]       SYMBOLS USED IN COLUMN 16

AVERAGE MONTHLY: 24.4   TOTAL FOR MONTH:   0.64    1 = FOG OR MIST
DPTR FM NORMAL:   8.1   DPTR FM NORMAL:    0.16    2 = FOG REDUCING VISIBILITY
HIGHEST:    49 ON 14,13 GRTST 24HR  0.29 ON 25-25      TO 1/4 MILE OR LESS
LOWEST:    -13 ON  1                               3 = THUNDER
                        SNOW, ICE PELLETS, HAIL    4 = ICE PELLETS
                        TOTAL MONTH:   3.8 INCHES  5 = HAIL
                        GRTST 24HR   2.6 ON   M    6 = FREEZING RAIN OR DRIZZLE
                        GRTST DEPTH:   3 ON 28,27  7 = DUSTSTORM OR SANDSTORM:
                                                       VSBY 1/2 MILE OR LESS
                                                   8 = SMOKE OR HAZE
[NO. OF DAYS WITH]      [WEATHER - DAYS WITH]      9 = BLOWING SNOW
                                                   X = TORNADO
MAX 32 OR BELOW:  16    0.01 INCH OR MORE:   4
MAX 90 OR ABOVE:   0    0.10 INCH OR MORE:   2
MIN 32 OR BELOW:  26    0.50 INCH OR MORE:   0
MIN  0 OR BELOW:   2    1.00 INCH OR MORE:   0

[HDD (BASE 65) ]
TOTAL THIS MO.  1131    CLEAR  (SCALE 0-3)   7
DPTR FM NORMAL  -231    PTCLDY (SCALE 4-7)   7
TOTAL FM JUL 1  3212    CLOUDY (SCALE 8-10) 14
DPTR FM NORMAL   -90

[CDD (BASE 65) ]
TOTAL THIS MO.     0
DPTR FM NORMAL     0    [PRESSURE DATA]
TOTAL FM JAN 1   369    HIGHEST SLP M ON M
DPTR FM NORMAL  -146    LOWEST  SLP 29.43 ON 22

[REMARKS]
