000
CXUS51 KGYX 011000
CF6AUG
PRELIMINARY LOCAL CLIMATOLOGICAL DATA (WS FORM: F-6)

                                          STATION:   AUGUSTA
                                          MONTH:     JUNE
                                          YEAR:      2015
                                          LATITUDE:   44 18 N
                                          LONGITUDE:  69 48 W

  TEMPERATURE IN F:       :PCPN:    SNOW:  WIND      :SUNSHINE: SKY     :PK WND
================================================================================
1   2   3   4   5  6A  6B    7    8   9   10  11  12  13   14  15   16   17  18
                                     12Z  AVG MX 2MIN
DY MAX MIN AVG DEP HDD CDD  WTR  SNW DPTH SPD SPD DIR MIN PSBL S-S WX    SPD DR
================================================================================

 1  49  45  47 -13  18   0 0.87  0.0    0  9.1 17  70   M    M  10 1      27  80
 2  48  43  46 -14  19   0 0.43  0.0    0  7.4 14  60   M    M  10 1      20  50
 3  59  42  51  -9  14   0 0.00  0.0    0  7.4 18 350   M    M   8 8      22  10
 4  64  44  54  -7  11   0 0.00  0.0    0  3.0 13 170   M    M   6        20 180
 5  65  41  53  -8  12   0    T  0.0    0  5.8 16 160   M    M   6 12     21 160
 6  69  49  59  -2   6   0    T  0.0    0 10.8 25 360   M    M   4        32 350
 7  69  45  57  -5   8   0 0.00  0.0    0  4.6 13 170   M    M   0        18 180
 8  64  50  57  -5   8   0 0.12  0.0    0  9.5 18 180   M    M   6 1      30 170
 9  67  58  63   1   2   0 0.02  0.0    0  7.8 15 170   M    M   9 1      21 180
10  78  59  69   7   0   4 0.00  0.0    0  7.0 16 250   M    M   3 1      24 260
11  85  59  72   9   0   7 0.05  0.0    0  8.1 18 310   M    M   2 1      25 300
12  79  61  70   7   0   5 0.16  0.0    0  6.1 14 260   M    M   4 1      18 260
13  81  59  70   7   0   5 0.11  0.0    0  9.8 21 330   M    M   2 1      26 330
14  76  55  66   2   0   1 0.00  0.0    0  6.6 15 340   M    M   0        22 360
15  61  50  56  -8   9   0    T  0.0    0  5.6 12 170   M    M   7 1      17 180
16  63  53  58  -6   7   0 0.07  0.0    0  2.7  9 150   M    M   8 12      M  M
17  74  53  64  -1   1   0 0.00  0.0    0  8.6 23 350   M    M   0        29 350
18  75  50  63  -2   2   0 0.00  0.0    0  7.7 17 160   M    M   2        24 160
19  77  54  66   1   0   1 0.06  0.0    0  7.5 18 330   M    M   3 1      22 350
20  71  48  60  -5   5   0 0.00  0.0    0  6.0 16 170   M    M   0        25 170
21  63  56  60  -6   5   0 1.23  0.0    0  8.2 17 350   M    M  10 1      21 360
22  76  56  66   0   0   1 0.14  0.0    0  2.7 12  40   M    M   8 1      14  40
23  61  58  60  -6   5   0 0.90  0.0    0  5.9 18 130   M    M   9 123    23 130
24  78  59  69   3   0   4 0.00  0.0    0  8.9 16 300   M    M   0        25 320
25  76  55  66  -1   0   1 0.00  0.0    0  8.2 20 310   M    M   1        28 300
26  73  54  64  -3   1   0 0.00  0.0    0  4.1 12 170   M    M   2        17 180
27  74  52  63  -4   2   0 0.00  0.0    0  5.9 14 150   M    M   0        18 150
28  57  50  54 -13  11   0 1.30  0.0    0  8.1 24  80   M    M   9 1      31  80
29  69  51  60  -8   5   0 0.00  0.0    0  5.0 10 210   M    M   9 1      15 260
30  78  59  69   1   0   4    T  0.0    0  3.5 12 170   M    M   6        16 190
================================================================================
SM 2079 1568       151  33  5.46     0.0 201.6          M      144
================================================================================
AV 69.3 52.3                               6.7 FASTST   M    M   5    MAX(MPH)
                                 MISC ---->  # 25 360               # 32  350
================================================================================
NOTES:
# LAST OF SEVERAL OCCURRENCES

COLUMN 17 PEAK WIND IN M.P.H.

PRELIMINARY LOCAL CLIMATOLOGICAL DATA (WS FORM: F-6) , PAGE 2

                                          STATION:  AUGUSTA
                                          MONTH:    JUNE
                                          YEAR:     2015
                                          LATITUDE:   44 18 N
                                          LONGITUDE:  69 48 W

[TEMPERATURE DATA]      [PRECIPITATION DATA]       SYMBOLS USED IN COLUMN 16

AVERAGE MONTHLY: 60.8   TOTAL FOR MONTH:   5.46    1 = FOG OR MIST
DPTR FM NORMAL:  -3.2   DPTR FM NORMAL:    1.90    2 = FOG REDUCING VISIBILITY
HIGHEST:    85 ON 11    GRTST 24HR  1.30 ON 28-28      TO 1/4 MILE OR LESS
LOWEST:     41 ON  5                               3 = THUNDER
                        SNOW, ICE PELLETS, HAIL    4 = ICE PELLETS
                        TOTAL MONTH:   0.0 INCH    5 = HAIL
                        GRTST 24HR     0.0         6 = FREEZING RAIN OR DRIZZLE
                        GRTST DEPTH:   0           7 = DUSTSTORM OR SANDSTORM:
                                                       VSBY 1/2 MILE OR LESS
                                                   8 = SMOKE OR HAZE
[NO. OF DAYS WITH]      [WEATHER - DAYS WITH]      9 = BLOWING SNOW
                                                   X = TORNADO
MAX 32 OR BELOW:   0    0.01 INCH OR MORE:  13
MAX 90 OR ABOVE:   0    0.10 INCH OR MORE:   9
MIN 32 OR BELOW:   0    0.50 INCH OR MORE:   4
MIN  0 OR BELOW:   0    1.00 INCH OR MORE:   2

[HDD (BASE 65) ]
TOTAL THIS MO.   151    CLEAR  (SCALE 0-3)  11
DPTR FM NORMAL    57    PTCLDY (SCALE 4-7)  11
TOTAL FM JUL 1  7816    CLOUDY (SCALE 8-10)  8
DPTR FM NORMAL   396

[CDD (BASE 65) ]
TOTAL THIS MO.    33
DPTR FM NORMAL   -31    [PRESSURE DATA]
TOTAL FM JAN 1    67    HIGHEST SLP 30.37 ON  1
DPTR FM NORMAL    -6    LOWEST  SLP 29.60 ON  9

[REMARKS]
#FINAL-06-15#
