000
CXUS53 KGID 250730
CF6AUH
PRELIMINARY LOCAL CLIMATOLOGICAL DATA (WS FORM: F-6)

                                          STATION:   AURORA
                                          MONTH:     MARCH
                                          YEAR:      2017
                                          LATITUDE:   40 54 N
                                          LONGITUDE:  97 59 W

  TEMPERATURE IN F:       :PCPN:    SNOW:  WIND      :SUNSHINE: SKY     :PK WND
================================================================================
1   2   3   4   5  6A  6B    7    8   9   10  11  12  13   14  15   16   17  18
                                     12Z  AVG MX 2MIN
DY MAX MIN AVG DEP HDD CDD  WTR  SNW DPTH SPD SPD DIR MIN PSBL S-S WX    SPD DR
================================================================================

 1  46  24  35   2  30   0 0.00    M    M 13.7 25 320   M    M   2        35 320
 2  47  21  34   0  31   0 0.00    M    M 11.6 22 310   M    M   1        30 330
 3  58  20  39   5  26   0 0.00    M    M 11.7 25 170   M    M   1        31 170
 4  72  22  47  13  18   0 0.00    M    M 12.6 24 190   M    M   0        33 190
 5  74  47  61  26   4   0 0.00    M    M 14.8 21 170   M    M   4        29 160
 6  77  35  56  21   9   0 0.00    M    M 27.5 38 290   M    M   3        53 290
 7  55  29  42   6  23   0 0.00    M    M 18.2 33 290   M    M   1        41 290
 8  61  24  43   7  22   0 0.00    M    M  6.2 16 230   M    M   0        23 230
 9  51  25  38   2  27   0 0.00    M    M 12.9 22  30   M    M   1        28  30
10  29  19  24 -13  41   0 0.00    M    M 11.5 16 110   M    M   9        22  10
11  35  20  28  -9  37   0 0.00    M    M  6.6 13 110   M    M   9        17 110
12  46  18  32  -6  33   0    T    M    M 16.0 28 320   M    M   7        36 320
13  30  18  24 -14  41   0    T    M    M 18.5 36 340   M    M   6 8      43 340
14  27  18  23 -15  42   0    M    M    M  7.4 12  80   M    M  10 8       M  M
15  52  25  39   0  26   0    M    M    M 11.3 16 170   M    M   4        25 180
16  69  29  49  10  16   0 0.00    M    M 12.3 20 180   M    M   0        27 170
17  67  35  51  12  14   0 0.00    M    M 12.2 20 360   M    M   0        27 350
18  63  27  45   5  20   0 0.00    M    M  7.6 15 150   M    M   2        22 150
19  82  42  62  22   3   0 0.00    M    M  9.1 13 170   M    M   0         9 220
20  66  43  55  15  10   0 0.00    M    M 13.3 23  10   M    M   0        28  10
21  47  33  40  -1  25   0 0.00    M    M 14.4 22  40   M    M   6        28  50
22  57  31  44   3  21   0 0.00    M    M 13.5 18 160   M    M   8        28 150
23  73  47  60  18   5   0 0.03    M    M 18.4 36 220   M    M   8 13     41 220
24  59  39  49   7  16   0 0.19    M    M 17.8 25  10   M    M  10 1      29  10
================================================================================
SM 1343  691       540   0  0.22    M    319.1          M       92
================================================================================
AV 56.0 28.8                              13.3 FASTST   M    M   4    MAX(MPH)
                                 MISC ---->  # 38 290                 53    M
================================================================================
NOTES:
# LAST OF SEVERAL OCCURRENCES

COLUMN 17 PEAK WIND IN M.P.H.

PRELIMINARY LOCAL CLIMATOLOGICAL DATA (WS FORM: F-6) , PAGE 2

                                          STATION:  AURORA
                                          MONTH:    MARCH
                                          YEAR:     2017
                                          LATITUDE:   40 54 N
                                          LONGITUDE:  97 59 W

[TEMPERATURE DATA]      [PRECIPITATION DATA]       SYMBOLS USED IN COLUMN 16

AVERAGE MONTHLY: 42.4   TOTAL FOR MONTH:   0.22    1 = FOG OR MIST
DPTR FM NORMAL:   4.7   DPTR FM NORMAL:   -1.32    2 = FOG REDUCING VISIBILITY
HIGHEST:    82 ON 19    GRTST 24HR  0.19 ON 24-24      TO 1/4 MILE OR LESS
LOWEST:     18 ON 14,13                            3 = THUNDER
                        SNOW, ICE PELLETS, HAIL    4 = ICE PELLETS
                        TOTAL MONTH:    M          5 = HAIL
                        GRTST 24HR    M  ON   M    6 = FREEZING RAIN OR DRIZZLE
                        GRTST DEPTH:  M  ON   M    7 = DUSTSTORM OR SANDSTORM:
                                                       VSBY 1/2 MILE OR LESS
                                                   8 = SMOKE OR HAZE
[NO. OF DAYS WITH]      [WEATHER - DAYS WITH]      9 = BLOWING SNOW
                                                   X = TORNADO
MAX 32 OR BELOW:   3    0.01 INCH OR MORE:   2
MAX 90 OR ABOVE:   0    0.10 INCH OR MORE:   1
MIN 32 OR BELOW:  16    0.50 INCH OR MORE:   0
MIN  0 OR BELOW:   0    1.00 INCH OR MORE:   0

[HDD (BASE 65) ]
TOTAL THIS MO.   540    CLEAR  (SCALE 0-3)  12
DPTR FM NORMAL  -116    PTCLDY (SCALE 4-7)   7
TOTAL FM JUL 1  4623    CLOUDY (SCALE 8-10)  5
DPTR FM NORMAL  -825

[CDD (BASE 65) ]
TOTAL THIS MO.     0
DPTR FM NORMAL     0    [PRESSURE DATA]
TOTAL FM JAN 1     0    HIGHEST SLP M ON M
DPTR FM NORMAL     0    LOWEST  SLP M ON M

[REMARKS]
