000
CXUS53 KGID 300730
CF6AUH
PRELIMINARY LOCAL CLIMATOLOGICAL DATA (WS FORM: F-6)

                                          STATION:   AURORA
                                          MONTH:     MAY
                                          YEAR:      2015
                                          LATITUDE:   40 54 N
                                          LONGITUDE:  97 59 W

  TEMPERATURE IN F:       :PCPN:    SNOW:  WIND      :SUNSHINE: SKY     :PK WND
================================================================================
1   2   3   4   5  6A  6B    7    8   9   10  11  12  13   14  15   16   17  18
                                     12Z  AVG MX 2MIN
DY MAX MIN AVG DEP HDD CDD  WTR  SNW DPTH SPD SPD DIR MIN PSBL S-S WX    SPD DR
================================================================================

 1  77  53  65   9   0   0    T    M    M  7.1 13 300   M    M   5        16 300
 2  85  56  71  14   0   6 0.15    M    M 10.7 18 180   M    M   2 3      27 180
 3  92  57  75  18   0  10 0.00    M    M 11.7 22 360   M    M   1        29 360
 4  64  54  59   2   6   0 0.11    M    M 15.8 24  50   M    M   9 123    29  30
 5  76  56  66   8   0   1 0.03    M    M 10.5 25 150   M    M   8 12     30 150
 6  69  59  64   6   1   0 0.63    M    M 14.9 29 140   M    M  10 3      39 140
 7  67  53  60   2   5   0 0.00    M    M 13.4 18 340   M    M   9 3      23 260
 8  63  48  56  -3   9   0 0.00    M    M 10.1 17 340   M    M   7        18  50
 9  63  49  56  -3   9   0 0.05    M    M 14.0 21  70   M    M  10 13     24  80
10  65  40  53  -6  12   0 0.09    M    M 17.6 25 280   M    M   7 3      31 290
11  55  36  46 -14  19   0 0.00    M    M 19.4 28 310   M    M   7        36 300
12  70  35  53  -7  12   0 0.00    M    M 11.8 20 170   M    M   1        28 180
13  73  49  61   1   4   0 0.62    M    M 16.8 24 150   M    M   5        33 170
14  71  53  62   1   3   0 0.25    M    M  8.2 15 130   M    M   7 1       M  M
15  75  55  65   4   0   0 0.01    M    M 11.2 22 130   M    M   3        27 130
16  73  58  66   5   0   1 0.16    M    M 14.9 23 170   M    M   4 3      35 170
17  79  54  67   5   0   2 0.06    M    M 12.3 23 290   M    M   6 3      35 290
18  63  44  54  -8  11   0 0.00    M    M 15.2 25 350   M    M   2        32 350
19  46  39  43 -19  22   0 0.11    M    M 12.3 21  60   M    M   8        24  50
20  50  38  44 -19  21   0 0.02    M    M  9.3 14 360   M    M   9 1      18  30
21  66  35  51 -12  14   0 0.00    M    M  5.3 13 320   M    M   0         M  M
22  61  44  53 -10  12   0    T    M    M  6.0 16 130   M    M   6         M  M
23  61  53  57  -7   8   0 0.03    M    M 11.4 17 150   M    M  10        22 150
24  67  59  63  -1   2   0 0.00    M    M  5.7 10 100   M    M  10 1       M  M
25  77  56  67   3   0   2 0.06    M    M  8.7 16 230   M    M   5 1      22 220
26  72  52  62  -3   3   0    T    M    M 11.3 20 330   M    M   5        23 320
27  82  50  66   1   0   1 0.00    M    M  7.1 17 150   M    M   1        22 150
28  80  59  70   5   0   5 0.14    M    M 10.4 22 240   M    M   4        27 240
29  78  50  64  -2   1   0 0.01    M    M 12.6 31 330   M    M   6 1      39 350
================================================================================
SM 2020 1444       174  28  2.53    M    335.7          M      167
================================================================================
AV 69.7 49.8                              11.6 FASTST   M    M   6    MAX(MPH)
                                 MISC ---->    31   M                 39    M
================================================================================
NOTES:
# LAST OF SEVERAL OCCURRENCES

COLUMN 17 PEAK WIND IN M.P.H.

PRELIMINARY LOCAL CLIMATOLOGICAL DATA (WS FORM: F-6) , PAGE 2

                                          STATION:  AURORA
                                          MONTH:    MAY
                                          YEAR:     2015
                                          LATITUDE:   40 54 N
                                          LONGITUDE:  97 59 W

[TEMPERATURE DATA]      [PRECIPITATION DATA]       SYMBOLS USED IN COLUMN 16

AVERAGE MONTHLY: 59.7   TOTAL FOR MONTH:   2.53    1 = FOG OR MIST
DPTR FM NORMAL:  -1.3   DPTR FM NORMAL:   -2.00    2 = FOG REDUCING VISIBILITY
HIGHEST:    92 ON  3    GRTST 24HR  0.63 ON  6- 6      TO 1/4 MILE OR LESS
LOWEST:     35 ON 21,12                            3 = THUNDER
                        SNOW, ICE PELLETS, HAIL    4 = ICE PELLETS
                        TOTAL MONTH:    M          5 = HAIL
                        GRTST 24HR    M  ON   M    6 = FREEZING RAIN OR DRIZZLE
                        GRTST DEPTH:  M  ON   M    7 = DUSTSTORM OR SANDSTORM:
                                                       VSBY 1/2 MILE OR LESS
                                                   8 = SMOKE OR HAZE
[NO. OF DAYS WITH]      [WEATHER - DAYS WITH]      9 = BLOWING SNOW
                                                   X = TORNADO
MAX 32 OR BELOW:   0    0.01 INCH OR MORE:  17
MAX 90 OR ABOVE:   1    0.10 INCH OR MORE:   8
MIN 32 OR BELOW:   0    0.50 INCH OR MORE:   2
MIN  0 OR BELOW:   0    1.00 INCH OR MORE:   0

[HDD (BASE 65) ]
TOTAL THIS MO.   174    CLEAR  (SCALE 0-3)   7
DPTR FM NORMAL     7    PTCLDY (SCALE 4-7)  14
TOTAL FM JUL 1  5987    CLOUDY (SCALE 8-10)  8
DPTR FM NORMAL  -231

[CDD (BASE 65) ]
TOTAL THIS MO.    28
DPTR FM NORMAL   -21    [PRESSURE DATA]
TOTAL FM JAN 1    31    HIGHEST SLP M ON M
DPTR FM NORMAL   -30    LOWEST  SLP M ON M

[REMARKS]
