000
CXUS53 KARX 230938
CF6AUM
PRELIMINARY LOCAL CLIMATOLOGICAL DATA (WS FORM: F-6)

                                          STATION:   AUSTIN_MUNI MN
                                          MONTH:     OCTOBER
                                          YEAR:      2014
                                          LATITUDE:   43 40 N
                                          LONGITUDE:  92 56 W

  TEMPERATURE IN F:       :PCPN:    SNOW:  WIND      :SUNSHINE: SKY     :PK WND
================================================================================
1   2   3   4   5  6A  6B    7    8   9   10  11  12  13   14  15   16   17  18
                                     12Z  AVG MX 2MIN
DY MAX MIN AVG DEP HDD CDD  WTR  SNW DPTH SPD SPD DIR MIN PSBL S-S WX    SPD DR
================================================================================

 1  61  48  55   M  10   0 0.00  0.0    0  6.3 13 120   M    M   8 1      20 130
 2  63  50  57   M   8   0    M  0.0    0  5.5 17 330   M    M  10 123    23 340
 3  52  37  45   M  20   0 0.01  0.0    0 20.0 30 290   M    M  10        39 290
 4  50  34  42   M  23   0    T    T    0 14.2 21 300   M    M   6        33 290
 5  48  30  39   M  26   0 0.00  0.0    0  4.9 14 280   M    M   7        22 270
 6  59  36  48   M  17   0 0.00  0.0    0  8.8 15 270   M    M   2        23 270
 7  59  45  52   M  13   0    T  0.0    0 10.7 24 290   M    M   5        29 290
 8  63  37  50   M  15   0 0.00  0.0    0  9.7 28 290   M    M   0        36 290
 9  55  36  46   M  19   0 0.00  0.0    0  3.9 12 350   M    M   1        17 350
10  54  30  42   M  23   0 0.00  0.0    0  2.0  9 330   M    M   0         M  M
11  55  28  42   M  23   0 0.00  0.0    0  3.3  8 140   M    M   0         M  M
12  55  36  46   M  19   0 0.00  0.0    0  7.5 13 160   M    M   5 1      20 170
13  54  48  51   M  14   0 0.43  0.0    0  4.9 13 360   M    M  10 1      22  10
14  61  45  53   M  12   0 0.08  0.0    0 14.8 23  30   M    M   5        39  20
15  64  37  51   M  14   0 0.00  0.0    0  7.2 14 360   M    M   0 1      21 350
16  72  34  53   M  12   0 0.00  0.0    0  7.0 16 190   M    M   0 1      20 200
17  55  41  48   M  17   0    T  0.0    0 15.3 22 300   M    M   9        31 310
18  54  36  45   M  20   0 0.00  0.0    0  6.3 12 360   M    M   3        17 360
19  66  36  51   M  14   0 0.00  0.0    0  9.9 20 220   M    M   0        27 220
20  64  39  52   M  13   0 0.00  0.0    0  7.3 17 310   M    M   0        23 310
21  59  34  47   M  18   0 0.00  0.0    0  4.5 10 130   M    M   0        16 140
22  57  37  47   M  18   0 0.00  0.0    0 10.6 16 160   M    M   3        23 170
================================================================================
SM 1280  834       368   0  0.52    T    184.6          M       84
================================================================================
AV 58.2 37.9                               8.4 FASTST   M    M   4    MAX(MPH)
                                 MISC ---->    30   M                 39    M
================================================================================
NOTES:
# LAST OF SEVERAL OCCURRENCES

COLUMN 17 PEAK WIND IN M.P.H.

PRELIMINARY LOCAL CLIMATOLOGICAL DATA (WS FORM: F-6) , PAGE 2

                                          STATION:  AUSTIN_MUNI MN
                                          MONTH:    OCTOBER
                                          YEAR:     2014
                                          LATITUDE:   43 40 N
                                          LONGITUDE:  92 56 W

[TEMPERATURE DATA]      [PRECIPITATION DATA]       SYMBOLS USED IN COLUMN 16

AVERAGE MONTHLY: 48.0   TOTAL FOR MONTH:   0.52    1 = FOG OR MIST
DPTR FM NORMAL:     M   DPTR FM NORMAL:       M    2 = FOG REDUCING VISIBILITY
HIGHEST:    72 ON 16    GRTST 24HR  0.43 ON 13-13      TO 1/4 MILE OR LESS
LOWEST:     28 ON 11                               3 = THUNDER
                        SNOW, ICE PELLETS, HAIL    4 = ICE PELLETS
                        TOTAL MONTH:    T          5 = HAIL
                        GRTST 24HR    T  ON  4- 4  6 = FREEZING RAIN OR DRIZZLE
                        GRTST DEPTH:   0           7 = DUSTSTORM OR SANDSTORM:
                                                       VSBY 1/2 MILE OR LESS
                                                   8 = SMOKE OR HAZE
[NO. OF DAYS WITH]      [WEATHER - DAYS WITH]      9 = BLOWING SNOW
                                                   X = TORNADO
MAX 32 OR BELOW:   0    0.01 INCH OR MORE:   3
MAX 90 OR ABOVE:   0    0.10 INCH OR MORE:   1
MIN 32 OR BELOW:   3    0.50 INCH OR MORE:   0
MIN  0 OR BELOW:   0    1.00 INCH OR MORE:   0

[HDD (BASE 65) ]
TOTAL THIS MO.   368    CLEAR  (SCALE 0-3)  11
DPTR FM NORMAL     M    PTCLDY (SCALE 4-7)   6
TOTAL FM JUL 1   579    CLOUDY (SCALE 8-10)  5
DPTR FM NORMAL     M

[CDD (BASE 65) ]
TOTAL THIS MO.     0
DPTR FM NORMAL     M    [PRESSURE DATA]
TOTAL FM JAN 1   495    HIGHEST SLP M ON M
DPTR FM NORMAL     M    LOWEST  SLP M ON M

[REMARKS]
