000
CXUS53 KARX 290900
CF6AUM
PRELIMINARY LOCAL CLIMATOLOGICAL DATA (WS FORM: F-6)
STATION: AUSTIN MUNI MN
MONTH: MARCH
YEAR: 2024
LATITUDE: 43 40 N
LONGITUDE: 92 56 W
TEMPERATURE IN F: :PCPN: SNOW: WIND :SUNSHINE: SKY :PK WND
================================================================================
1 2 3 4 5 6A 6B 7 8 9 10 11 12 13 14 15 16 17 18
12Z AVG MX 2MIN
DY MAX MIN AVG DEP HDD CDD WTR SNW DPTH SPD SPD DIR MIN PSBL S-S WX SPD DR
================================================================================
1 55 30 43 M 22 0 0.00 0.0 0 17.4 27 200 M M 0 33 200
2 64 32 48 M 17 0 0.00 0.0 0 10.5 21 190 M M 0 29 180
3 75 30 53 M 12 0 0.00 0.0 0 15.7 31 190 M M 1 41 190
4 43 28 36 M 29 0 M M 0 5.2 9 30 M M 6 17 10
5 54 25 40 M 25 0 0.00 0.0 0 4.2 12 80 M M 0 16 50
6 55 27 41 M 24 0 0.00 0.0 0 6.9 16 130 M M 1 21 150
7 55 34 45 M 20 0 0.00 0.0 0 6.0 12 350 M M 5 18 350
8 43 27 35 M 30 0 M M M 12.3 17 360 M M 1 25 350
9 39 19 29 M 36 0 M M M 10.8 18 340 M M 1 28 340
10 52 16 34 M 31 0 0.00 0.0 0 3.8 10 210 M M 0 M M
11 75 34 55 M 10 0 0.00 0.0 0 8.1 16 230 M M 0 22 210
12 68 37 53 M 12 0 0.00 0.0 0 6.9 12 330 M M 0 18 330
13 70 30 50 M 15 0 M 0.0 0 6.2 14 130 M M 3 24 70
14 55 41 48 M 17 0 M 0.0 0 7.2 10 20 M M 4 17 50
15 54 30 42 M 23 0 0.00 0.0 0 7.3 16 270 M M 0 24 310
16 48 30 39 M 26 0 M M 0 17.7 28 300 M M 5 40 310
17 30 21 26 M 39 0 M M 0 15.0 21 320 M M 5 30 340
18 36 21 29 M 36 0 M M 0 10.5 14 230 M M 5 21 320
19 55 30 43 M 22 0 0.00 0.0 0 17.1 28 320 M M 0 40 300
20 34 19 27 M 38 0 0.00 0.0 0 11.7 17 330 M M 1 25 340
21 34 27 31 M 34 0 M M 0 5.2 10 70 M M 9 9 150
22 30 21 26 M 39 0 M M M 7.7 13 360 M M 8 1 22 10
23 34 16 25 M 40 0 0.01 M M 5.0 9 110 M M 3 M M
24 37 28 33 M 32 0 M M M 16.0 22 120 M M 10 1 28 130
25 45 36 41 M 24 0 0.03 M M 9.5 18 100 M M 9 1 24 100
26 39 21 30 M 35 0 0.03 M M 16.1 29 290 M M 10 36 290
27 34 18 26 M 39 0 M M M 12.7 18 280 M M 5 28 280
28 43 18 31 M 34 0 0.00 0.0 M 2.5 8 350 M M 0 M M
================================================================================
SM 1356 746 761 0 0.07 0.0 275.2 M 92
================================================================================
AV 48.4 26.6 9.8 FASTST M M 3 MAX(MPH)
MISC ----> 31 190 41 190
================================================================================
NOTES:
# LAST OF SEVERAL OCCURRENCES
COLUMN 17 PEAK WIND IN M.P.H.
PRELIMINARY LOCAL CLIMATOLOGICAL DATA (WS FORM: F-6) , PAGE 2
STATION: AUSTIN MUNI MN
MONTH: MARCH
YEAR: 2024
LATITUDE: 43 40 N
LONGITUDE: 92 56 W
[TEMPERATURE DATA] [PRECIPITATION DATA] SYMBOLS USED IN COLUMN 16
AVERAGE MONTHLY: 37.5 TOTAL FOR MONTH: 0.07 1 = FOG OR MIST
DPTR FM NORMAL: 0.0 DPTR FM NORMAL: 0.07 2 = FOG REDUCING VISIBILITY
HIGHEST: 75 ON 11, 3 GRTST 24HR 0.03 ON 25-25 TO 1/4 MILE OR LESS
LOWEST: 16 ON 23,10 3 = THUNDER
SNOW, ICE PELLETS, HAIL 4 = ICE PELLETS
TOTAL MONTH: 0.0 INCH 5 = HAIL
GRTST 24HR 0.0 6 = FREEZING RAIN OR DRIZZLE
GRTST DEPTH: 0 7 = DUSTSTORM OR SANDSTORM:
VSBY 1/2 MILE OR LESS
8 = SMOKE OR HAZE
[NO. OF DAYS WITH] [WEATHER - DAYS WITH] 9 = BLOWING SNOW
X = TORNADO
MAX 32 OR BELOW: 2 0.01 INCH OR MORE: 3
MAX 90 OR ABOVE: 0 0.10 INCH OR MORE: 0
MIN 32 OR BELOW: 23 0.50 INCH OR MORE: 0
MIN 0 OR BELOW: 0 1.00 INCH OR MORE: 0
[HDD (BASE 65) ]
TOTAL THIS MO. 761 CLEAR (SCALE 0-3) 16
DPTR FM NORMAL M PTCLDY (SCALE 4-7) 8
TOTAL FM JUL 1 5305 CLOUDY (SCALE 8-10) 4
DPTR FM NORMAL M
[CDD (BASE 65) ]
TOTAL THIS MO. 0
DPTR FM NORMAL M [PRESSURE DATA]
TOTAL FM JAN 1 0 HIGHEST SLP M ON M
DPTR FM NORMAL M LOWEST SLP M ON M
[REMARKS]