000
CXUS53 KGRR 231017
CF6AZO
PRELIMINARY LOCAL CLIMATOLOGICAL DATA (WS FORM: F-6)

                                          STATION:   KALAMAZOO
                                          MONTH:     FEBRUARY
                                          YEAR:      2018
                                          LATITUDE:   42 13 N
                                          LONGITUDE:  85 33 W

  TEMPERATURE IN F:       :PCPN:    SNOW:  WIND      :SUNSHINE: SKY     :PK WND
================================================================================
1   2   3   4   5  6A  6B    7    8   9   10  11  12  13   14  15   16   17  18
                                     12Z  AVG MX 2MIN
DY MAX MIN AVG DEP HDD CDD  WTR  SNW DPTH SPD SPD DIR MIN PSBL S-S WX    SPD DR
================================================================================

 1  36   9  23  -2  42   0    T    M    M 13.8 28 330   M    M   7 18     36 310
 2  18   7  13 -12  52   0    T    M    M  8.1 18 260   M    M   7 18     24 290
 3  36  14  25   0  40   0    T    M    M 13.1 25 220   M    M  10 18     36 250
 4  32  15  24  -1  41   0 0.05    M    M 12.4 23 350   M    M  10 18     32  10
 5  16  11  14 -11  51   0 0.01    M    M  9.2 15 210   M    M   9 18     21 240
 6  23  10  17  -8  48   0    T    M    M  2.9  9 210   M    M  10 18     11 210
 7  24  16  20  -5  45   0 0.09    M    M  4.6 15 290   M    M  10 18     19 300
 8  20  14  17  -9  48   0    T    M    M  9.2 17 220   M    M   9 18     22 260
 9  24  16  20  -6  45   0 0.40    M    M  5.3 12  20   M    M  10 128    16  10
10  25  20  23  -3  42   0 0.01    M    M  5.9 12 360   M    M   8 18     15  10
11  27  19  23  -3  42   0 0.27    M    M  7.7 17 280   M    M   8 1268   22 260
12  30   5  18  -8  47   0 0.00    M    M  4.5 12 320   M    M   0        15 350
13  30   7  19  -7  46   0 0.00    M    M  4.5 12 130   M    M   3        16 130
14  44  20  32   6  33   0 0.00    M    M  9.5 16 210   M    M   3 128    19 200
15  46  37  42  15  23   0 0.07    M    M  6.5 14 210   M    M   9 12     20 210
16  37  18  28   1  37   0 0.00    M    M 10.8 22 340   M    M   6 1      28 350
17  34  15  25  -2  40   0 0.02    M    M  6.5 15 200   M    M   5 18     19 200
18  37  21  29   2  36   0 0.00    M    M  9.2 20 190   M    M   3 18     23 190
19  56  37  47  19  18   0 0.45    M    M  9.4 20 200   M    M   9 128    26 210
20  63  42  53  25  12   0 2.93    M    M 12.1 23 260   M    M  10 1      33 280
21  42  31  37   9  28   0 0.46    M    0  9.2 18 330   M    M   8 16     23 330
22  44  32  38  10  27   0 0.00  0.0    0  8.3 17 100   M    M   5        22 110
================================================================================
SM  744  416       843   0  4.76     0.0 182.7          M      159
================================================================================
AV 33.8 18.9                               8.3 FASTST   M    M   7    MAX(MPH)
                                 MISC ---->  # 28 330               # 36  310
================================================================================
NOTES:
# LAST OF SEVERAL OCCURRENCES

COLUMN 17 PEAK WIND IN M.P.H.

PRELIMINARY LOCAL CLIMATOLOGICAL DATA (WS FORM: F-6) , PAGE 2

                                          STATION:  KALAMAZOO
                                          MONTH:    FEBRUARY
                                          YEAR:     2018
                                          LATITUDE:   42 13 N
                                          LONGITUDE:  85 33 W

[TEMPERATURE DATA]      [PRECIPITATION DATA]       SYMBOLS USED IN COLUMN 16

AVERAGE MONTHLY: 26.4   TOTAL FOR MONTH:   4.76    1 = FOG OR MIST
DPTR FM NORMAL:   0.1   DPTR FM NORMAL:    3.68    2 = FOG REDUCING VISIBILITY
HIGHEST:    63 ON 20    GRTST 24HR  2.93 ON 20-20      TO 1/4 MILE OR LESS
LOWEST:      5 ON 12                               3 = THUNDER
                        SNOW, ICE PELLETS, HAIL    4 = ICE PELLETS
                        TOTAL MONTH:   0.0 INCH    5 = HAIL
                        GRTST 24HR     0.0         6 = FREEZING RAIN OR DRIZZLE
                        GRTST DEPTH:   0           7 = DUSTSTORM OR SANDSTORM:
                                                       VSBY 1/2 MILE OR LESS
                                                   8 = SMOKE OR HAZE
[NO. OF DAYS WITH]      [WEATHER - DAYS WITH]      9 = BLOWING SNOW
                                                   X = TORNADO
MAX 32 OR BELOW:  11    0.01 INCH OR MORE:  11
MAX 90 OR ABOVE:   0    0.10 INCH OR MORE:   5
MIN 32 OR BELOW:  19    0.50 INCH OR MORE:   1
MIN  0 OR BELOW:   0    1.00 INCH OR MORE:   1

[HDD (BASE 65) ]
TOTAL THIS MO.   843    CLEAR  (SCALE 0-3)   3
DPTR FM NORMAL   -10    PTCLDY (SCALE 4-7)   8
TOTAL FM JUL 1  4433    CLOUDY (SCALE 8-10) 11
DPTR FM NORMAL  -128

[CDD (BASE 65) ]
TOTAL THIS MO.     0
DPTR FM NORMAL     0    [PRESSURE DATA]
TOTAL FM JAN 1     0    HIGHEST SLP M ON M
DPTR FM NORMAL     0    LOWEST  SLP 29.65 ON 15

[REMARKS]
