837
CXUS55 KLBF 291200
CF6BBW
PRELIMINARY LOCAL CLIMATOLOGICAL DATA (WS FORM: F-6)

                                          STATION:   BROKEN BOW NE
                                          MONTH:     APRIL
                                          YEAR:      2016
                                          LATITUDE:   41 26 N
                                          LONGITUDE:  99 39 W

  TEMPERATURE IN F:       :PCPN:    SNOW:  WIND      :SUNSHINE: SKY     :PK WND
================================================================================
1   2   3   4   5  6A  6B    7    8   9   10  11  12  13   14  15   16   17  18
                                     12Z  AVG MX 2MIN
DY MAX MIN AVG DEP HDD CDD  WTR  SNW DPTH SPD SPD DIR MIN PSBL S-S WX    SPD DR
================================================================================

 1  44  26  35  -8  30   0    T    M    M 15.7 33 340   M    M   3        42 340
 2  64  30  47   4  18   0 0.00    M    M 11.0 22 360   M    M   1        29 310
 3  78  41  60  16   5   0 0.00    M    M 13.0 28 340   M    M   1        36 310
 4  64  29  47   3  18   0 0.00    M    M  9.8 20 130   M    M   1        25 160
 5  70  44  57  13   8   0 0.00    M    M 13.3 30 300   M    M   1 8      35 310
 6  65  39  52   8  13   0 0.00    M    M 24.9 44 330   M    M   3        56 330
 7  59  33  46   1  19   0 0.00    M    M 22.0 46 330   M    M   1 8      57 340
 8  62  20  41  -4  24   0 0.00    M    M  8.5 23 340   M    M   0        28 340
 9  69  24  47   1  18   0 0.00    M    M 14.9 29 180   M    M   0        40 160
10  60  43  52   6  13   0    T    M    M 15.3 32 360   M    M   4        39 360
11  57  27  42  -4  23   0 0.00    M    M  7.6 15 350   M    M   2        21 350
12  72  31  52   6  13   0 0.00    M    M 15.9 32 210   M    M   0        45 210
13  80  38  59  12   6   0 0.00    M    M  9.1 23 200   M    M   0        28 170
14  73  48  61  14   4   0 0.00    M    M 17.3 29 160   M    M   2 1      37 160
15  69  54  62  14   3   0    T    M    M 17.1 29 160   M    M   7        38 170
16  62  39  51   3  14   0 1.57    M    0 17.9 32  10   M    M  10 1      38  10
17  41  38  40  -8  25   0 1.13    M    M 16.7 30  10   M    M  10 1      37  10
18  51  38  45  -3  20   0 0.24    M    M 11.9 28 350   M    M  10 1      33 360
19  55  33  44  -5  21   0    T    M    M  3.2 13 190   M    M   8 128    16 180
20  52  44  48  -1  17   0 0.05    M    M  6.7 17 320   M    M   9 1      20 330
21  72  40  56   6   9   0 0.00    M    M 14.0 24 360   M    M   2        30 360
22  71  31  51   1  14   0 0.00  0.0    0  7.6 20 160   M    M   0        25 130
23  81  49  65  15   0   0 0.00    M    M 18.3 35 170   M    M   0        44 190
24  77  51  64  13   1   0 0.00    M    M 13.6 31 270   M    M   2        38 270
25  70  41  56   5   9   0 0.00    M    M 12.4 25 330   M    M   0        31 330
26  60  41  51  -1  14   0 0.65    M    M 17.0 29  30   M    M   8 13     36  30
27  49  36  43  -9  22   0 1.55    M    M 22.5 37 340   M    M  10 1      47 350
28  47  35  41 -11  24   0 0.05    M    M 11.5 23 360   M    M  10 1      28 360
================================================================================
SM 1774 1043       405   0  5.24     0.0 388.7          M      105
================================================================================
AV 63.4 37.2                              13.9 FASTST   M    M   4    MAX(MPH)
                                 MISC ---->  # 46 330               # 57  340
================================================================================
NOTES:
# LAST OF SEVERAL OCCURRENCES

COLUMN 17 PEAK WIND IN M.P.H.

PRELIMINARY LOCAL CLIMATOLOGICAL DATA (WS FORM: F-6) , PAGE 2

                                          STATION:  BROKEN BOW NE
                                          MONTH:    APRIL
                                          YEAR:     2016
                                          LATITUDE:   41 26 N
                                          LONGITUDE:  99 39 W

[TEMPERATURE DATA]      [PRECIPITATION DATA]       SYMBOLS USED IN COLUMN 16

AVERAGE MONTHLY: 50.3   TOTAL FOR MONTH:   5.24    1 = FOG OR MIST
DPTR FM NORMAL:   2.9   DPTR FM NORMAL:    2.86    2 = FOG REDUCING VISIBILITY
HIGHEST:    81 ON 23    GRTST 24HR  2.27 ON 16-17      TO 1/4 MILE OR LESS
LOWEST:     20 ON  8                               3 = THUNDER
                        SNOW, ICE PELLETS, HAIL    4 = ICE PELLETS
                        TOTAL MONTH:   0.0 INCH    5 = HAIL
                        GRTST 24HR     0.0         6 = FREEZING RAIN OR DRIZZLE
                        GRTST DEPTH:   0           7 = DUSTSTORM OR SANDSTORM:
                                                       VSBY 1/2 MILE OR LESS
                                                   8 = SMOKE OR HAZE
[NO. OF DAYS WITH]      [WEATHER - DAYS WITH]      9 = BLOWING SNOW
                                                   X = TORNADO
MAX 32 OR BELOW:   0    0.01 INCH OR MORE:   7
MAX 90 OR ABOVE:   0    0.10 INCH OR MORE:   5
MIN 32 OR BELOW:   8    0.50 INCH OR MORE:   4
MIN  0 OR BELOW:   0    1.00 INCH OR MORE:   3

[HDD (BASE 65) ]
TOTAL THIS MO.   405    CLEAR  (SCALE 0-3)  17
DPTR FM NORMAL   -88    PTCLDY (SCALE 4-7)   5
TOTAL FM JUL 1  5262    CLOUDY (SCALE 8-10)  6
DPTR FM NORMAL -1094

[CDD (BASE 65) ]
TOTAL THIS MO.     0
DPTR FM NORMAL     0    [PRESSURE DATA]
TOTAL FM JAN 1     0    HIGHEST SLP M ON M
DPTR FM NORMAL     0    LOWEST  SLP 29.44 ON 23

[REMARKS]
