000
CXUS51 KBOX 241200
CF6BDL
PRELIMINARY LOCAL CLIMATOLOGICAL DATA (WS FORM: F-6)

                                          STATION:   HARTFORD CT
                                          MONTH:     FEBRUARY
                                          YEAR:      2018
                                          LATITUDE:   41 55 N
                                          LONGITUDE:  72 41 W

  TEMPERATURE IN F:       :PCPN:    SNOW:  WIND      :SUNSHINE: SKY     :PK WND
================================================================================
1   2   3   4   5  6A  6B    7    8   9   10  11  12  13   14  15   16   17  18
                                     12Z  AVG MX 2MIN
DY MAX MIN AVG DEP HDD CDD  WTR  SNW DPTH SPD SPD DIR MIN PSBL S-S WX    SPD DR
================================================================================

 1  44  27  36   9  29   0 0.15  0.2    0  8.6 17 210   M    M  10 1      23 210
 2  34  11  23  -4  42   0 0.20  0.2    0 15.6 36 310   M    M   6 1      43 310
 3  29   9  19  -8  46   0 0.00  0.0    0  9.2 20 300   M    M   2        27 300
 4  43  25  34   6  31   0 0.78  0.0    0  7.9 16 200   M    M  10 1      20 190
 5  38  17  28   0  37   0 0.01  0.0    0 12.2 32 310   M    M   4 1      43 330
 6  34  15  25  -3  40   0 0.01  0.3    0  5.0 12 190   M    M   6 1      14 210
 7  33  17  25  -3  40   0 0.56  1.6    0  5.8 26 310   M    M   9 146    33 300
 8  29  18  24  -4  41   0    T  0.1    1  6.4 21 320   M    M   5 8      28 300
 9  30   9  20  -9  45   0 0.01    T    1  4.8 14 220   M    M   7 18     17 220
10  44  28  36   7  29   0 0.52  0.0    1  3.2  9 200   M    M  10 12     12 200
11  41  37  39  10  26   0 0.96  0.0    0  2.6 12 320   M    M  10 12     13 320
12  43  26  35   6  30   0    T  0.0    0 12.4 23 300   M    M   7 12     31 320
13  35  20  28  -1  37   0 0.00  0.0    0  7.2 17 320   M    M   5        22 310
14  52  25  39   9  26   0 0.00  0.0    0  7.5 21 240   M    M   6        25 240
15  50  33  42  12  23   0 0.03  0.0    0  6.4 15 180   M    M  10 1      17 170
16  52  34  43  13  22   0 0.07  0.0    0  8.9 26 320   M    M   9 1      37 290
17  39  23  31   1  34   0 0.37  3.3    0  7.9 21 200   M    M   6 1      27 190
18  41  24  33   3  32   0 0.13  2.0    5  8.8 26 300   M    M   5 1      35 300
19  46  18  32   1  33   0 0.13  0.0    3  6.3 20 190   M    M   6 1      26 200
20  68  43  56  25   9   0 0.00  0.0    0 10.5 17 200   M    M   7 12     22 200
21  77  46  62  31   3   0 0.00  0.0    0 10.5 25 310   M    M   7 12     33 320
22  52  28  40   9  25   0 0.11  0.6    0  8.8 15  20   M    M   9 14     22  20
23  37  27  32   0  33   0 0.34  0.0    1  4.2 10 190   M    M   9 1      13 180
================================================================================
SM  991  560       713   0  4.38     8.3 180.7          M      165
================================================================================
AV 43.1 24.4                               7.9 FASTST   M    M   7    MAX(MPH)
                                 MISC ---->  # 36 310               # 43  310
================================================================================
NOTES:
# LAST OF SEVERAL OCCURRENCES

COLUMN 17 PEAK WIND IN M.P.H.

PRELIMINARY LOCAL CLIMATOLOGICAL DATA (WS FORM: F-6) , PAGE 2

                                          STATION:  HARTFORD CT
                                          MONTH:    FEBRUARY
                                          YEAR:     2018
                                          LATITUDE:   41 55 N
                                          LONGITUDE:  72 41 W

[TEMPERATURE DATA]      [PRECIPITATION DATA]       SYMBOLS USED IN COLUMN 16

AVERAGE MONTHLY: 33.7   TOTAL FOR MONTH:   4.38    1 = FOG OR MIST
DPTR FM NORMAL:   4.6   DPTR FM NORMAL:    2.04    2 = FOG REDUCING VISIBILITY
HIGHEST:    77 ON 21    GRTST 24HR  0.96 ON 11-11      TO 1/4 MILE OR LESS
LOWEST:      9 ON  9, 3                            3 = THUNDER
                        SNOW, ICE PELLETS, HAIL    4 = ICE PELLETS
                        TOTAL MONTH:   8.3 INCHES  5 = HAIL
                        GRTST 24HR   3.3 ON 17-17  6 = FREEZING RAIN OR DRIZZLE
                        GRTST DEPTH:   5 ON 18     7 = DUSTSTORM OR SANDSTORM:
                                                       VSBY 1/2 MILE OR LESS
                                                   8 = SMOKE OR HAZE
[NO. OF DAYS WITH]      [WEATHER - DAYS WITH]      9 = BLOWING SNOW
                                                   X = TORNADO
MAX 32 OR BELOW:   3    0.01 INCH OR MORE:  16
MAX 90 OR ABOVE:   0    0.10 INCH OR MORE:  11
MIN 32 OR BELOW:  18    0.50 INCH OR MORE:   4
MIN  0 OR BELOW:   0    1.00 INCH OR MORE:   0

[HDD (BASE 65) ]
TOTAL THIS MO.   713    CLEAR  (SCALE 0-3)   1
DPTR FM NORMAL  -112    PTCLDY (SCALE 4-7)  13
TOTAL FM JUL 1  4090    CLOUDY (SCALE 8-10)  9
DPTR FM NORMAL  -185

[CDD (BASE 65) ]
TOTAL THIS MO.     0
DPTR FM NORMAL     0    [PRESSURE DATA]
TOTAL FM JAN 1     0    HIGHEST SLP M ON M
DPTR FM NORMAL     0    LOWEST  SLP 29.47 ON  5

[REMARKS]
