771
CXAK56 PAFC 281320
CF6BET
PRELIMINARY LOCAL CLIMATOLOGICAL DATA (WS FORM: F-6)

                                          STATION:   BETHEL
                                          MONTH:     APRIL
                                          YEAR:      2017
                                          LATITUDE:   60 46 N
                                          LONGITUDE: 161 48 W

  TEMPERATURE IN F:       :PCPN:    SNOW:  WIND      :SUNSHINE: SKY     :PK WND
================================================================================
1   2   3   4   5  6A  6B    7    8   9   10  11  12  13   14  15   16   17  18
                                     12Z  AVG MX 2MIN
DY MAX MIN AVG DEP HDD CDD  WTR  SNW DPTH SPD SPD DIR MIN PSBL S-S WX    SPD DR
================================================================================

 1  31  22  27   8  38   0 0.03  0.3    7  8.6 16 180   M    M  10 1      18 180
 2  28  21  25   5  40   0 0.03  0.3    7  9.1 14 140   M    M  10 1      17 140
 3  31  21  26   6  39   0    T    T    7  9.2 17  10   M    M   9 1      21  10
 4  34  22  28   8  37   0 0.00  0.0    7 10.6 16 340   M    M   9        20 330
 5  32  23  28   7  37   0 0.00  0.0    7 13.2 17 330   M    M   8        23 310
 6  36  23  30   8  35   0 0.01  0.1    5  7.6 16 300   M    M   9 1      19 300
 7  40  25  33  11  32   0 0.00  0.0    5  8.6 15  10   M    M   3        18  10
 8  34  21  28   5  37   0 0.02  0.2    4  7.1 13 270   M    M   8 1      16 290
 9  34  19  27   4  38   0    T    T    3  8.7 16  10   M    M   7 12     18  10
10  41  22  32   8  33   0 0.00  0.0    2  3.7 12 350   M    M   5        13 340
11  46  28  37  13  28   0 0.00  0.0    1  6.9 14 190   M    M   4        17 150
12  51  32  42  17  23   0 0.00  0.0    6  8.1 17 110   M    M   4        21 110
13  44  31  38  13  27   0 0.00  0.0    T  6.4 18 230   M    M   5 1      21 220
14  48  31  40  14  25   0 0.00  0.0    T  3.3  8 210   M    M   6 12     12 280
15  55  27  41  15  24   0 0.00  0.0    T  7.7 18 210   M    M   2        23  90
16  44  32  38  11  27   0    T  0.0    T  6.9 15 130   M    M   9        20 130
17  44  31  38  10  27   0 0.02  0.0    T  4.5 12 140   M    M  10 1      15 140
18  43  30  37   9  28   0    T  0.0    0  7.8 14 340   M    M   8        19 360
19  45  23  34   5  31   0 0.00  0.0    T  8.5 15 360   M    M   3 8      18  40
20  47  26  37   8  28   0 0.00  0.0    0  7.8 15 340   M    M   6        18 220
21  52  33  43  13  22   0 0.00  0.0    0  6.6 16 110   M    M   9        20 110
22  54  30  42  11  23   0 0.00  0.0    0 12.2 23  80   M    M   7        31  70
23  55  36  46  15  19   0    T  0.0    0  8.9 16 190   M    M   8        20  70
24  53  35  44  12  21   0 0.06  0.0    0  6.8 15 140   M    M   8        20 150
25  50  31  41   9  24   0 0.18  0.0    0  6.5 13 340   M    M   9 12     20 150
26  50  33  42   9  23   0 0.06  0.0    0  5.2 17 190   M    M   8 12     22 200
27  48  28  38   5  27   0    T  0.0    0  4.2 15 220   M    M   8 12     17 230
================================================================================
SM 1170  736       793   0  0.41     0.9 204.7          M      192
================================================================================
AV 43.3 27.3                               7.6 FASTST   M    M   7    MAX(MPH)
                                 MISC ---->  # 23  80               # 31   70
================================================================================
NOTES:
# LAST OF SEVERAL OCCURRENCES

COLUMN 17 PEAK WIND IN M.P.H.

PRELIMINARY LOCAL CLIMATOLOGICAL DATA (WS FORM: F-6) , PAGE 2

                                          STATION:  BETHEL
                                          MONTH:    APRIL
                                          YEAR:     2017
                                          LATITUDE:   60 46 N
                                          LONGITUDE: 161 48 W

[TEMPERATURE DATA]      [PRECIPITATION DATA]       SYMBOLS USED IN COLUMN 16

AVERAGE MONTHLY: 35.3   TOTAL FOR MONTH:   0.41    1 = FOG OR MIST
DPTR FM NORMAL:   9.3   DPTR FM NORMAL:   -0.24    2 = FOG REDUCING VISIBILITY
HIGHEST:    55 ON 23,15 GRTST 24HR  0.29 ON 31- 1      TO 1/4 MILE OR LESS
LOWEST:     19 ON  9                               3 = THUNDER
                        SNOW, ICE PELLETS, HAIL    4 = ICE PELLETS
                        TOTAL MONTH:   0.9 INCH    5 = HAIL
                        GRTST 24HR   0.3 ON   M    6 = FREEZING RAIN OR DRIZZLE
                        GRTST DEPTH:   7 ON  5, 4  7 = DUSTSTORM OR SANDSTORM:
                                                       VSBY 1/2 MILE OR LESS
                                                   8 = SMOKE OR HAZE
[NO. OF DAYS WITH]      [WEATHER - DAYS WITH]      9 = BLOWING SNOW
                                                   X = TORNADO
MAX 32 OR BELOW:   4    0.01 INCH OR MORE:   8
MAX 90 OR ABOVE:   0    0.10 INCH OR MORE:   1
MIN 32 OR BELOW:  23    0.50 INCH OR MORE:   0
MIN  0 OR BELOW:   0    1.00 INCH OR MORE:   0

[HDD (BASE 65) ]
TOTAL THIS MO.   793    CLEAR  (SCALE 0-3)   3
DPTR FM NORMAL  -257    PTCLDY (SCALE 4-7)  13
TOTAL FM JUL 1 10878    CLOUDY (SCALE 8-10) 11
DPTR FM NORMAL  -454

[CDD (BASE 65) ]
TOTAL THIS MO.     0
DPTR FM NORMAL     0    [PRESSURE DATA]
TOTAL FM JAN 1     0    HIGHEST SLP M ON M
DPTR FM NORMAL     0    LOWEST  SLP 29.15 ON  1

[REMARKS]
