000
CXUS55 KCYS 201000
CF6BFF
PRELIMINARY LOCAL CLIMATOLOGICAL DATA (WS FORM: F-6)

                                          STATION:   SCOTTSBLUFF NE AIRPORT
                                          MONTH:     OCTOBER
                                          YEAR:      2017
                                          LATITUDE:   41 52 N
                                          LONGITUDE: 103 36 W

  TEMPERATURE IN F:       :PCPN:    SNOW:  WIND      :SUNSHINE: SKY     :PK WND
================================================================================
1   2   3   4   5  6A  6B    7    8   9   10  11  12  13   14  15   16   17  18
                                     12Z  AVG MX 2MIN
DY MAX MIN AVG DEP HDD CDD  WTR  SNW DPTH SPD SPD DIR MIN PSBL S-S WX    SPD DR
================================================================================

 1  67  45  56   2   9   0 0.15  0.0    0  7.8 26 300   M    M   2 18     37 260
 2  47  39  43 -11  22   0 0.36  0.0    0  5.9 15 320   M    M   8 1      21 150
 3  63  31  47  -6  18   0 0.00  0.0    0  4.6 12  60   M    M   3 12     17  80
 4  58  37  48  -5  17   0 0.00  0.0    0 10.6 24 150   M    M   8 1      30 160
 5  66  51  59   6   6   0 0.08  0.0    0  7.7 18  80   M    M  10 123    22  80
 6  67  39  53   1  12   0 0.01  0.0    0  6.1 21 290   M    M   6 1      30 300
 7  78  36  57   5   8   0 0.00  0.0    0 10.8 25 280   M    M   0        33 270
 8  61  35  48  -3  17   0 0.24  0.0    0 12.3 29  20   M    M   4 1      39  30
 9  48  28  38 -13  27   0 0.05  0.0    0  7.0 15  10   M    M   5        19  30
10  60  22  41 -10  24   0 0.00  0.0    0  4.7 12 110   M    M   0        33  90
11  70  29  50   0  15   0 0.00  0.0    0  6.5 14 140   M    M   0        26 190
12  77  31  54   4  11   0 0.00  0.0    0  7.3 24  20   M    M   1        31 320
13  68  34  51   1  14   0 0.00  0.0    0  7.0 20 140   M    M   2 8      23 190
14  53  28  41  -8  24   0    T  0.0    0 12.0 29 320   M    M   4 1      37 330
15  63  22  43  -6  22   0 0.00  0.0    0  6.8 16 310   M    M   0        26 320
16  78  26  52   4  13   0 0.00  0.0    0  5.6 21 310   M    M   0        26 290
17  79  26  53   5  12   0 0.00  0.0    0  5.4 20 280   M    M   0 8      24 270
18  73  39  56   8   9   0 0.00  0.0    0  8.2 16  70   M    M   0        22 300
19  83  34  59  12   6   0 0.00  0.0    0  6.8 16 180   M    M   0        19 170
================================================================================
SM 1259  632       286   0  0.89     0.0 143.1          M       53
================================================================================
AV 66.3 33.3                               7.5 FASTST   M    M   3    MAX(MPH)
                                 MISC ---->  # 29  20               # 39   30
================================================================================
NOTES:
# LAST OF SEVERAL OCCURRENCES

COLUMN 17 PEAK WIND IN M.P.H.

PRELIMINARY LOCAL CLIMATOLOGICAL DATA (WS FORM: F-6) , PAGE 2

                                          STATION:  SCOTTSBLUFF NE AIRPORT
                                          MONTH:    OCTOBER
                                          YEAR:     2017
                                          LATITUDE:   41 52 N
                                          LONGITUDE: 103 36 W

[TEMPERATURE DATA]      [PRECIPITATION DATA]       SYMBOLS USED IN COLUMN 16

AVERAGE MONTHLY: 49.8   TOTAL FOR MONTH:   0.89    1 = FOG OR MIST
DPTR FM NORMAL:  -0.9   DPTR FM NORMAL:    0.13    2 = FOG REDUCING VISIBILITY
HIGHEST:    83 ON 19    GRTST 24HR  0.36 ON  2- 2      TO 1/4 MILE OR LESS
LOWEST:     22 ON 15,10                            3 = THUNDER
                        SNOW, ICE PELLETS, HAIL    4 = ICE PELLETS
                        TOTAL MONTH:   0.0 INCH    5 = HAIL
                        GRTST 24HR     0.0         6 = FREEZING RAIN OR DRIZZLE
                        GRTST DEPTH:   0           7 = DUSTSTORM OR SANDSTORM:
                                                       VSBY 1/2 MILE OR LESS
                                                   8 = SMOKE OR HAZE
[NO. OF DAYS WITH]      [WEATHER - DAYS WITH]      9 = BLOWING SNOW
                                                   X = TORNADO
MAX 32 OR BELOW:   0    0.01 INCH OR MORE:   6
MAX 90 OR ABOVE:   0    0.10 INCH OR MORE:   3
MIN 32 OR BELOW:   9    0.50 INCH OR MORE:   0
MIN  0 OR BELOW:   0    1.00 INCH OR MORE:   0

[HDD (BASE 65) ]
TOTAL THIS MO.   286    CLEAR  (SCALE 0-3)  11
DPTR FM NORMAL    13    PTCLDY (SCALE 4-7)   6
TOTAL FM JUL 1   421    CLOUDY (SCALE 8-10)  2
DPTR FM NORMAL   -31

[CDD (BASE 65) ]
TOTAL THIS MO.     0
DPTR FM NORMAL     0    [PRESSURE DATA]
TOTAL FM JAN 1   872    HIGHEST SLP M ON M
DPTR FM NORMAL   149    LOWEST  SLP 29.51 ON  8

[REMARKS]
