000
CXUS56 KHNX 271146
CF6BFL
PRELIMINARY LOCAL CLIMATOLOGICAL DATA (WS FORM: F-6)

                                          STATION:   BAKERSFIELD CA
                                          MONTH:     AUGUST
                                          YEAR:      2014
                                          LATITUDE:   35 25 N
                                          LONGITUDE: 119  3 W

  TEMPERATURE IN F:       :PCPN:    SNOW:  WIND      :SUNSHINE: SKY     :PK WND
================================================================================
1   2   3   4   5  6A  6B    7    8   9   10  11  12  13   14  15   16   17  18
                                     12Z  AVG MX 2MIN
DY MAX MIN AVG DEP HDD CDD  WTR  SNW DPTH SPD SPD DIR MIN PSBL S-S WX    SPD DR
================================================================================

 1 107  79  93   9   0  28 0.00  0.0    0  6.4 15 330   M    M   0        21 290
 2 101  76  89   5   0  24 0.00  0.0    0  4.9 12 290   M    M   0         M  M
 3  93  77  85   1   0  20    T  0.0    0  9.1 21 130   M    M   1        25 130
 4  99  72  86   2   0  21    T  0.0    0  7.4 18 330   M    M   1        24 330
 5  97  71  84   0   0  19 0.00  0.0    0  7.5 21 330   M    M   0 8      24 330
 6  92  70  81  -3   0  16 0.00  0.0    0  6.2 14 330   M    M   0        18 320
 7  97  75  86   2   0  21 0.00  0.0    0  5.1 16 300   M    M   0 8      21 320
 8 101  77  89   5   0  24 0.00  0.0    0  6.6 15 290   M    M   0        20 300
 9 102  74  88   5   0  23 0.00  0.0    0  6.8 16 310   M    M   0        19 310
10  99  72  86   3   0  21 0.00  0.0    0  6.7 16 320   M    M   0        20 300
11 102  71  87   4   0  22 0.00  0.0    0  6.9 20 320   M    M   1        23 320
12 101  74  88   5   0  23 0.00  0.0    0  8.4 20 320   M    M   1        23 320
13  98  73  86   3   0  21 0.00  0.0    0  8.0 20 320   M    M   0        27 320
14  98  69  84   1   0  19 0.00  0.0    0  6.3 15 320   M    M   0        17 310
15 102  72  87   4   0  22 0.00  0.0    0  6.6 16 320   M    M   0        20 310
16 102  72  87   5   0  22 0.00  0.0    0  6.7 14 340   M    M   0        17 300
17 100  73  87   5   0  22 0.00  0.0    0  5.5 13 290   M    M   0        15 290
18 101  71  86   4   0  21 0.00  0.0    0  7.6 16 310   M    M   0        22 300
19  94  70  82   0   0  17 0.00  0.0    0  9.4 24 320   M    M   0        28 320
20  93  67  80  -2   0  15 0.00  0.0    0  7.7 16 320   M    M   0        23 300
21  96  66  81  -1   0  16 0.00  0.0    0  6.7 16 320   M    M   0 8      23 310
22  99  72  86   4   0  21 0.00  0.0    0  7.6 21 300   M    M   0 8      25 300
23  95  73  84   3   0  19 0.00  0.0    0  7.5 16 320   M    M   0        19 310
24  95  72  84   3   0  19 0.00  0.0    0  8.3 16 290   M    M   0        21 310
25  93  68  81   0   0  16 0.00  0.0    0  9.8 18 330   M    M   0        22 340
26  92  66  79  -2   0  14 0.00  0.0    0  6.2 14 300   M    M   0 8      18 290
================================================================================
SM 2549 1872         0 526    T      0.0 185.9          M        4
================================================================================
AV 98.0 72.0                               7.1 FASTST   M    M   0    MAX(MPH)
                                 MISC ---->  # 24 320               # 28  320
================================================================================
NOTES:
# LAST OF SEVERAL OCCURRENCES

COLUMN 17 PEAK WIND IN M.P.H.

PRELIMINARY LOCAL CLIMATOLOGICAL DATA (WS FORM: F-6) , PAGE 2

                                          STATION:  BAKERSFIELD CA
                                          MONTH:    AUGUST
                                          YEAR:     2014
                                          LATITUDE:   35 25 N
                                          LONGITUDE: 119  3 W

[TEMPERATURE DATA]      [PRECIPITATION DATA]       SYMBOLS USED IN COLUMN 16

AVERAGE MONTHLY: 85.0   TOTAL FOR MONTH:      T    1 = FOG OR MIST
DPTR FM NORMAL:   2.3   DPTR FM NORMAL:   -0.03    2 = FOG REDUCING VISIBILITY
HIGHEST:   107 ON  1    GRTST 24HR    T  ON  4- 4      TO 1/4 MILE OR LESS
LOWEST:     66 ON 26,21                            3 = THUNDER
                        SNOW, ICE PELLETS, HAIL    4 = ICE PELLETS
                        TOTAL MONTH:   0.0 INCH    5 = HAIL
                        GRTST 24HR     0.0         6 = FREEZING RAIN OR DRIZZLE
                        GRTST DEPTH:   0           7 = DUSTSTORM OR SANDSTORM:
                                                       VSBY 1/2 MILE OR LESS
                                                   8 = SMOKE OR HAZE
[NO. OF DAYS WITH]      [WEATHER - DAYS WITH]      9 = BLOWING SNOW
                                                   X = TORNADO
MAX 32 OR BELOW:   0    0.01 INCH OR MORE:   0
MAX 90 OR ABOVE:  26    0.10 INCH OR MORE:   0
MIN 32 OR BELOW:   0    0.50 INCH OR MORE:   0
MIN  0 OR BELOW:   0    1.00 INCH OR MORE:   0

[HDD (BASE 65) ]
TOTAL THIS MO.     0    CLEAR  (SCALE 0-3)  26
DPTR FM NORMAL     0    PTCLDY (SCALE 4-7)   0
TOTAL FM JUL 1     0    CLOUDY (SCALE 8-10)  0
DPTR FM NORMAL     0

[CDD (BASE 65) ]
TOTAL THIS MO.   526
DPTR FM NORMAL    65    [PRESSURE DATA]
TOTAL FM JAN 1  2181    HIGHEST SLP M ON M
DPTR FM NORMAL   491    LOWEST  SLP 29.69 ON 18

[REMARKS]
