000
CXUS54 KAMA 171015
CF6BGD
PRELIMINARY LOCAL CLIMATOLOGICAL DATA (WS FORM: F-6)

                                          STATION:   BORGER
                                          MONTH:     AUGUST
                                          YEAR:      2017
                                          LATITUDE:   35 42 N
                                          LONGITUDE: 101 24 W

  TEMPERATURE IN F:       :PCPN:    SNOW:  WIND      :SUNSHINE: SKY     :PK WND
================================================================================
1   2   3   4   5  6A  6B    7    8   9   10  11  12  13   14  15   16   17  18
                                     12Z  AVG MX 2MIN
DY MAX MIN AVG DEP HDD CDD  WTR  SNW DPTH SPD SPD DIR MIN PSBL S-S WX    SPD DR
================================================================================

 1  86  68  77  -5   0  12 0.00  0.0    0  7.4 18  40   M    M   3 18     24  50
 2  88  65  77  -5   0  12 0.00  0.0    0  5.6 15  20   M    M   1 1      18  40
 3  90  66  78  -4   0  13 0.04  0.0    0  7.1 22 260   M    M   1        28 250
 4  90  63  77  -5   0  12 0.00  0.0    0  9.3 18 180   M    M   1        24 190
 5  97  70  84   2   0  19 0.02  0.0    0 14.1 26 220   M    M   1        39 220
 6  81  69  75  -7   0  10 0.00  0.0    0 10.4 21  20   M    M   6 1      25  20
 7  74  66  70 -12   0   5 0.23  0.0    0  7.5 16  60   M    M   9 1      22  60
 8  81  61  71 -11   0   6 0.00  0.0    0  4.8 12 180   M    M   5        14 190
 9  89  67  78  -3   0  13 0.23  0.0    0  8.2 22 180   M    M   4 1      31 190
10  93  67  80  -1   0  15 0.61  0.0    0  8.7 23 250   M    M   4 13     30 220
11  80  65  73  -8   0   8 1.39  0.0    0  5.6 18  20   M    M   7 13     24  40
12  80  67  74  -7   0   9 1.23  0.0    0  7.9 18 140   M    M   8 13     24 140
13  83  67  75  -6   0  10 1.74  0.0    0  8.0 24 140   M    M   8 13     34 140
14  89  61  75  -6   0  10 0.05  0.0    0  7.4 17 240   M    M   1 3      23 250
15  89  66  78  -2   0  13 0.02  0.0    0  9.0 22 160   M    M   1 3      31 180
16  89  70  80   0   0  15 0.00  0.0    0  8.0 16 180   M    M   0        21 170
================================================================================
SM 1379 1058         0 182  5.56     0.0 129.0          M       60
================================================================================
AV 86.2 66.1                               8.1 FASTST   M    M   4    MAX(MPH)
                                 MISC ---->  # 26 220               # 39  220
================================================================================
NOTES:
# LAST OF SEVERAL OCCURRENCES

COLUMN 17 PEAK WIND IN M.P.H.

PRELIMINARY LOCAL CLIMATOLOGICAL DATA (WS FORM: F-6) , PAGE 2

                                          STATION:  BORGER
                                          MONTH:    AUGUST
                                          YEAR:     2017
                                          LATITUDE:   35 42 N
                                          LONGITUDE: 101 24 W

[TEMPERATURE DATA]      [PRECIPITATION DATA]       SYMBOLS USED IN COLUMN 16

AVERAGE MONTHLY: 76.2   TOTAL FOR MONTH:   5.56    1 = FOG OR MIST
DPTR FM NORMAL:  -5.2   DPTR FM NORMAL:    4.09    2 = FOG REDUCING VISIBILITY
HIGHEST:    97 ON  5    GRTST 24HR  1.74 ON 13-13      TO 1/4 MILE OR LESS
LOWEST:     61 ON 14, 8                            3 = THUNDER
                        SNOW, ICE PELLETS, HAIL    4 = ICE PELLETS
                        TOTAL MONTH:   0.0 INCH    5 = HAIL
                        GRTST 24HR     0.0         6 = FREEZING RAIN OR DRIZZLE
                        GRTST DEPTH:   0           7 = DUSTSTORM OR SANDSTORM:
                                                       VSBY 1/2 MILE OR LESS
                                                   8 = SMOKE OR HAZE
[NO. OF DAYS WITH]      [WEATHER - DAYS WITH]      9 = BLOWING SNOW
                                                   X = TORNADO
MAX 32 OR BELOW:   0    0.01 INCH OR MORE:  10
MAX 90 OR ABOVE:   4    0.10 INCH OR MORE:   6
MIN 32 OR BELOW:   0    0.50 INCH OR MORE:   4
MIN  0 OR BELOW:   0    1.00 INCH OR MORE:   3

[HDD (BASE 65) ]
TOTAL THIS MO.     0    CLEAR  (SCALE 0-3)   8
DPTR FM NORMAL     0    PTCLDY (SCALE 4-7)   6
TOTAL FM JUL 1     0    CLOUDY (SCALE 8-10)  2
DPTR FM NORMAL     0

[CDD (BASE 65) ]
TOTAL THIS MO.   182
DPTR FM NORMAL   -81    [PRESSURE DATA]
TOTAL FM JAN 1  1490    HIGHEST SLP M ON M
DPTR FM NORMAL   146    LOWEST  SLP 29.64 ON  5

[REMARKS]
