000
CXUS51 KBGM 240800
CF6BGM
PRELIMINARY LOCAL CLIMATOLOGICAL DATA (WS FORM: F-6)

                                          STATION:   BINGHAMTON NY
                                          MONTH:     MARCH
                                          YEAR:      2017
                                          LATITUDE:   42 13 N
                                          LONGITUDE:  75 59 W

  TEMPERATURE IN F:       :PCPN:    SNOW:  WIND      :SUNSHINE: SKY     :PK WND
================================================================================
1   2   3   4   5  6A  6B    7    8   9   10  11  12  13   14  15   16   17  18
                                     12Z  AVG MX 2MIN
DY MAX MIN AVG DEP HDD CDD  WTR  SNW DPTH SPD SPD DIR MIN PSBL S-S WX    SPD DR
================================================================================

 1  60  47  54  26  11   0 0.05  0.0    0 14.2 24 210   M    M   9 1      38 220
 2  47  21  34   6  31   0 0.04    T    T 17.7 36 270   M    M   6 1      47 280
 3  25  11  18 -10  47   0 0.02  1.1    1 11.4 25 330   M    M   6 1      39 330
 4  15   3   9 -20  56   0 0.01  0.5    T 10.9 28 350   M    M   5 19     38 320
 5  27   2  15 -14  50   0 0.00  0.0    T  6.2 13 360   M    M   0        15 350
 6  47  16  32   3  33   0    T  0.0    T  8.0 14 190   M    M   8        19 190
 7  51  36  44  14  21   0 0.43  0.0    0 10.5 21 220   M    M   9 1      30 210
 8  52  33  43  13  22   0 0.24    T    0 15.7 33 290   M    M   8 12     47 280
 9  43  31  37   7  28   0 0.00  0.0    0 13.1 28 290   M    M   4        39 290
10  31   9  20 -11  45   0    T  0.3    T 13.2 28 320   M    M   9 18     42 310
11  17   5  11 -20  54   0 0.02  0.8    T 13.7 26 310   M    M   9 19     40 310
12  18   5  12 -19  53   0 0.01  0.2    1 10.6 20 280   M    M   6 1      29 320
13  27   6  17 -15  48   0    T    T    T  4.0 13 140   M    M   4        16 140
14  24  12  18 -14  47   0 1.40 31.2   12 14.9 28 340   M    M  10 12     41 300
15  18  11  15 -17  50   0 0.52  4.1   26 16.5 26 300   M    M  10 128    40 300
16  28  15  22 -11  43   0 0.01  0.2   22 14.4 29 310   M    M   5 18     43 310
17  38  14  26  -7  39   0 0.00  0.0   19  7.7 16 310   M    M   1 8      22 310
18  29  21  25  -8  40   0 0.09  0.7   16 10.6 18 140   M    M   8 168    22 130
19  39  25  32  -2  33   0    T    T   16  7.9 17 360   M    M   7 1      21 350
20  38  22  30  -4  35   0 0.00  0.0   13  4.7 14  10   M    M   7 1      17 350
21  48  31  40   6  25   0 0.00  0.0   12  7.0 20 330   M    M   6        27 320
22  31  12  22 -13  43   0 0.01  0.5    9 14.5 28 350   M    M   5 19     38 330
23  33  12  23 -12  42   0 0.00  0.0    9  5.4 13 280   M    M   0        18 280
================================================================================
SM  786  400       896   0  2.85    39.6 252.8          M      142
================================================================================
AV 34.2 17.4                              11.0 FASTST   M    M   6    MAX(MPH)
                                 MISC ---->  # 36 270               # 47  280
================================================================================
NOTES:
# LAST OF SEVERAL OCCURRENCES

COLUMN 17 PEAK WIND IN M.P.H.

PRELIMINARY LOCAL CLIMATOLOGICAL DATA (WS FORM: F-6) , PAGE 2

                                          STATION:  BINGHAMTON NY
                                          MONTH:    MARCH
                                          YEAR:     2017
                                          LATITUDE:   42 13 N
                                          LONGITUDE:  75 59 W

[TEMPERATURE DATA]      [PRECIPITATION DATA]       SYMBOLS USED IN COLUMN 16

AVERAGE MONTHLY: 25.8   TOTAL FOR MONTH:   2.85    1 = FOG OR MIST
DPTR FM NORMAL:  -5.6   DPTR FM NORMAL:    0.71    2 = FOG REDUCING VISIBILITY
HIGHEST:    60 ON  1    GRTST 24HR  1.40 ON 14-14      TO 1/4 MILE OR LESS
LOWEST:      2 ON  5                               3 = THUNDER
                        SNOW, ICE PELLETS, HAIL    4 = ICE PELLETS
                        TOTAL MONTH:  39.6 INCHES  5 = HAIL
                        GRTST 24HR  31.2 ON   M    6 = FREEZING RAIN OR DRIZZLE
                        GRTST DEPTH:  26 ON 15     7 = DUSTSTORM OR SANDSTORM:
                                                       VSBY 1/2 MILE OR LESS
                                                   8 = SMOKE OR HAZE
[NO. OF DAYS WITH]      [WEATHER - DAYS WITH]      9 = BLOWING SNOW
                                                   X = TORNADO
MAX 32 OR BELOW:  12    0.01 INCH OR MORE:  13
MAX 90 OR ABOVE:   0    0.10 INCH OR MORE:   4
MIN 32 OR BELOW:  20    0.50 INCH OR MORE:   2
MIN  0 OR BELOW:   0    1.00 INCH OR MORE:   1

[HDD (BASE 65) ]
TOTAL THIS MO.   896    CLEAR  (SCALE 0-3)   3
DPTR FM NORMAL   122    PTCLDY (SCALE 4-7)  13
TOTAL FM JUL 1  5509    CLOUDY (SCALE 8-10)  7
DPTR FM NORMAL  -464

[CDD (BASE 65) ]
TOTAL THIS MO.     0
DPTR FM NORMAL     0    [PRESSURE DATA]
TOTAL FM JAN 1     0    HIGHEST SLP M ON M
DPTR FM NORMAL     0    LOWEST  SLP 29.37 ON  1

[REMARKS]
