000
CXUS55 KBYZ 211056
CF6BIL
PRELIMINARY LOCAL CLIMATOLOGICAL DATA (WS FORM: F-6)

                                          STATION:   BILLINGS MT
                                          MONTH:     FEBRUARY
                                          YEAR:      2018
                                          LATITUDE:   45 47 N
                                          LONGITUDE: 108 32 W

  TEMPERATURE IN F:       :PCPN:    SNOW:  WIND      :SUNSHINE: SKY     :PK WND
================================================================================
1   2   3   4   5  6A  6B    7    8   9   10  11  12  13   14  15   16   17  18
                                     12Z  AVG MX 2MIN
DY MAX MIN AVG DEP HDD CDD  WTR  SNW DPTH SPD SPD DIR MIN PSBL S-S WX    SPD DR
================================================================================

 1  33   6  20  -8  45   0    T    T    T  9.1 23 240   M    M   9 1      28 250
 2  48  30  39  11  26   0    T    T    T 12.3 22 250   M    M   9        30 250
 3  43  -3  20  -8  45   0 0.08  1.3    0 14.8 32  40   M    M   8 1      37  40
 4  25  -4  11 -18  54   0 0.28  6.3    5 11.6 29 230   M    M  10 14689  34 230
 5  17   8  13 -16  52   0 0.20  2.9    8  5.6 21  30   M    M  10 18     26  30
 6  27   9  18 -11  47   0 0.03  0.4   10 10.4 26 230   M    M   9 1      33 230
 7  35   7  21  -8  44   0    T    T   10 14.1 30 240   M    M   9 456    35 240
 8  20   2  11 -18  54   0 0.11  1.8    7 10.8 25  20   M    M  10 124689 30  30
 9   6  -5   1 -28  64   0 0.30  6.2   12  4.9 14  50   M    M   6 128    17  40
10  20 -10   5 -24  60   0 0.00  0.0   13 17.2 29 240   M    M   2        34 240
11  22   1  12 -18  53   0 0.01  0.2   12 16.6 30 230   M    M   8 18     40 240
12   8  -5   2 -28  63   0 0.02  0.6   11 10.9 29 230   M    M   5 18     37 240
13  37   8  23  -7  42   0 0.00  0.0   10 21.5 39 240   M    M   1 89     46 240
14  43  30  37   7  28   0 0.20  2.5    8 10.7 29 260   M    M   7 1      35 260
15  30   3  17 -13  48   0 0.09  3.5   11 11.7 26 240   M    M   6 19     33  20
16  31  13  22  -8  43   0 0.00  0.0   13 15.9 32 300   M    M   7        43 290
17  27  19  23  -8  42   0 0.02  0.4    9  7.4 15 350   M    M  10 1      17 350
18  24   0  12 -19  53   0 0.25  5.4   10 11.5 26  30   M    M  10 19     32  30
19   3 -10  -3 -34  68   0 0.07  0.9   15  8.1 14  40   M    M   9 18     16  40
20   8 -15  -3 -34  68   0 0.00  0.0   14 17.5 26 240   M    M   3        32 240
================================================================================
SM  507   84       999   0  1.66    32.4 242.6          M      148
================================================================================
AV 25.4  4.2                              12.1 FASTST   M    M   7    MAX(MPH)
                                 MISC ---->  # 39 240               # 46  240
================================================================================
NOTES:
# LAST OF SEVERAL OCCURRENCES

COLUMN 17 PEAK WIND IN M.P.H.

PRELIMINARY LOCAL CLIMATOLOGICAL DATA (WS FORM: F-6) , PAGE 2

                                          STATION:  BILLINGS MT
                                          MONTH:    FEBRUARY
                                          YEAR:     2018
                                          LATITUDE:   45 47 N
                                          LONGITUDE: 108 32 W

[TEMPERATURE DATA]      [PRECIPITATION DATA]       SYMBOLS USED IN COLUMN 16

AVERAGE MONTHLY: 14.8   TOTAL FOR MONTH:   1.66    1 = FOG OR MIST
DPTR FM NORMAL: -14.8   DPTR FM NORMAL:    1.34    2 = FOG REDUCING VISIBILITY
HIGHEST:    48 ON  2    GRTST 24HR  0.30 ON  9- 9      TO 1/4 MILE OR LESS
LOWEST:    -15 ON 20                               3 = THUNDER
                        SNOW, ICE PELLETS, HAIL    4 = ICE PELLETS
                        TOTAL MONTH:  32.4 INCHES  5 = HAIL
                        GRTST 24HR   6.3 ON  4- 4  6 = FREEZING RAIN OR DRIZZLE
                        GRTST DEPTH:  15 ON 19     7 = DUSTSTORM OR SANDSTORM:
                                                       VSBY 1/2 MILE OR LESS
                                                   8 = SMOKE OR HAZE
[NO. OF DAYS WITH]      [WEATHER - DAYS WITH]      9 = BLOWING SNOW
                                                   X = TORNADO
MAX 32 OR BELOW:  14    0.01 INCH OR MORE:  13
MAX 90 OR ABOVE:   0    0.10 INCH OR MORE:   6
MIN 32 OR BELOW:  20    0.50 INCH OR MORE:   0
MIN  0 OR BELOW:   8    1.00 INCH OR MORE:   0

[HDD (BASE 65) ]
TOTAL THIS MO.   999    CLEAR  (SCALE 0-3)   3
DPTR FM NORMAL   290    PTCLDY (SCALE 4-7)   6
TOTAL FM JUL 1  5027    CLOUDY (SCALE 8-10) 11
DPTR FM NORMAL   322

[CDD (BASE 65) ]
TOTAL THIS MO.     0
DPTR FM NORMAL     0    [PRESSURE DATA]
TOTAL FM JAN 1     0    HIGHEST SLP M ON M
DPTR FM NORMAL     0    LOWEST  SLP 29.47 ON 18

[REMARKS]
