000
CXUS55 KBYZ 291055
CF6BIL
PRELIMINARY LOCAL CLIMATOLOGICAL DATA (WS FORM: F-6)

                                          STATION:   BILLINGS MT
                                          MONTH:     MARCH
                                          YEAR:      2015
                                          LATITUDE:   45 47 N
                                          LONGITUDE: 108 32 W

  TEMPERATURE IN F:       :PCPN:    SNOW:  WIND      :SUNSHINE: SKY     :PK WND
================================================================================
1   2   3   4   5  6A  6B    7    8   9   10  11  12  13   14  15   16   17  18
                                     12Z  AVG MX 2MIN
DY MAX MIN AVG DEP HDD CDD  WTR  SNW DPTH SPD SPD DIR MIN PSBL S-S WX    SPD DR
================================================================================

 1  33  10  22 -12  43   0 0.00  0.0    0  8.3 16 230   M    M   1        19 250
 2  47  15  31  -3  34   0 0.04  1.5    0 13.1 29  20   M    M   5 19     39  40
 3  20   8  14 -20  51   0 0.05  1.6    3 10.0 21 310   M    M   6 19     26  20
 4  30   5  18 -16  47   0 0.00  0.0    2 13.4 26 240   M    M   4        33 230
 5  47  21  34  -1  31   0 0.00  0.0    1 17.9 25 230   M    M   6        31 240
 6  62  32  47  12  18   0 0.00  0.0    0 17.7 33 290   M    M   5        40 280
 7  62  33  48  13  17   0 0.00  0.0    0 13.0 29 310   M    M   6        37 310
 8  60  26  43   7  22   0 0.00  0.0    0 12.0 22 290   M    M   2        28 280
 9  66  34  50  14  15   0 0.00  0.0    0 12.4 22 270   M    M   2        28 260
10  66  34  50  14  15   0 0.00  0.0    0 12.7 20 250   M    M   0        24 250
11  67  42  55  19  10   0 0.00  0.0    0 13.9 22 240   0    0   0        28 240
12  67  46  57  20   8   0 0.00  0.0    0 15.3 26 320   M    M   4        31 320
13  65  35  50  13  15   0 0.00  0.0    0  7.1 17 250   M    M   1        21 240
14  71  46  59  22   6   0 0.00  0.0    0 17.3 31 220   M    M   6        41 230
15  75  44  60  22   5   0 0.00  0.0    0 10.5 25 240   M    M   6        32 220
16  53  33  43   5  22   0    T    T    0 13.2 25  20   M    M   9 4      30  40
17  38  30  34  -4  31   0 0.18  1.6    1  6.0 12  60   M    M  10 124    13  70
18  58  35  47   9  18   0 0.02    T    0 11.6 31 300   M    M   8 1      37 300
19  60  35  48   9  17   0 0.00  0.0    0 12.7 22 300   M    M   3        28 300
20  71  44  58  19   7   0 0.00  0.0    0  9.9 22 250   M    M   4        26 250
21  69  45  57  18   8   0    T  0.0    0  9.2 31 280   M    M   8 5      41 280
22  65  38  52  13  13   0    T    T    0  8.9 23 300   M    M   4 5      28 310
23  59  31  45   5  20   0    T  0.0    0 10.9 32 300   M    M   6        41 300
24  53  33  43   3  22   0 0.01    T    0 12.7 23 320   M    M   7 1      29 330
25  54  30  42   2  23   0 0.07  0.7    T  9.4 23 290   M    M   8 12     28 280
26  63  45  54  14  11   0 0.00  0.0    0 15.1 28 320   M    M   8        34 320
27  77  44  61  20   4   0 0.00  0.0    0 13.7 26 290   M    M   5        34 290
28  80  45  63  22   2   0 0.00  0.0    0 23.0 59 290   M    M   3        73 280
================================================================================
SM 1638  919       535   0  0.37     5.4 350.9            0    137
================================================================================
AV 58.5 32.8                              12.5 FASTST    0   0   5    MAX(MPH)
                                 MISC ---->  # 59 290               # 73  280
================================================================================
NOTES:
# LAST OF SEVERAL OCCURRENCES

COLUMN 17 PEAK WIND IN M.P.H.

PRELIMINARY LOCAL CLIMATOLOGICAL DATA (WS FORM: F-6) , PAGE 2

                                          STATION:  BILLINGS MT
                                          MONTH:    MARCH
                                          YEAR:     2015
                                          LATITUDE:   45 47 N
                                          LONGITUDE: 108 32 W

[TEMPERATURE DATA]      [PRECIPITATION DATA]       SYMBOLS USED IN COLUMN 16

AVERAGE MONTHLY: 45.7   TOTAL FOR MONTH:   0.37    1 = FOG OR MIST
DPTR FM NORMAL:   8.3   DPTR FM NORMAL:   -0.55    2 = FOG REDUCING VISIBILITY
HIGHEST:    80 ON 28    GRTST 24HR  0.18 ON 17-17      TO 1/4 MILE OR LESS
LOWEST:      5 ON  4                               3 = THUNDER
                        SNOW, ICE PELLETS, HAIL    4 = ICE PELLETS
                        TOTAL MONTH:   5.4 INCHES  5 = HAIL
                        GRTST 24HR   1.6 ON   M    6 = FREEZING RAIN OR DRIZZLE
                        GRTST DEPTH:   3 ON  3     7 = DUSTSTORM OR SANDSTORM:
                                                       VSBY 1/2 MILE OR LESS
                                                   8 = SMOKE OR HAZE
[NO. OF DAYS WITH]      [WEATHER - DAYS WITH]      9 = BLOWING SNOW
                                                   X = TORNADO
MAX 32 OR BELOW:   2    0.01 INCH OR MORE:   6
MAX 90 OR ABOVE:   0    0.10 INCH OR MORE:   1
MIN 32 OR BELOW:  10    0.50 INCH OR MORE:   0
MIN  0 OR BELOW:   0    1.00 INCH OR MORE:   0

[HDD (BASE 65) ]
TOTAL THIS MO.   535    CLEAR  (SCALE 0-3)   7
DPTR FM NORMAL  -239    PTCLDY (SCALE 4-7)  18
TOTAL FM JUL 1  5176    CLOUDY (SCALE 8-10)  3
DPTR FM NORMAL  -563

[CDD (BASE 65) ]
TOTAL THIS MO.     0
DPTR FM NORMAL     0    [PRESSURE DATA]
TOTAL FM JAN 1     0    HIGHEST SLP  0.00 ON 11
DPTR FM NORMAL     0    LOWEST  SLP 29.58 ON 28

[REMARKS]
