000
CXUS53 KGRR 291017
CF6BIV
PRELIMINARY LOCAL CLIMATOLOGICAL DATA (WS FORM: F-6)

                                          STATION:   HOLLAND/TULIP CITY MI
                                          MONTH:     APRIL
                                          YEAR:      2016
                                          LATITUDE:   42 49 N
                                          LONGITUDE:  86 10 W

  TEMPERATURE IN F:       :PCPN:    SNOW:  WIND      :SUNSHINE: SKY     :PK WND
================================================================================
1   2   3   4   5  6A  6B    7    8   9   10  11  12  13   14  15   16   17  18
                                     12Z  AVG MX 2MIN
DY MAX MIN AVG DEP HDD CDD  WTR  SNW DPTH SPD SPD DIR MIN PSBL S-S WX    SPD DR
================================================================================

 1  46  34  40  -3  25   0 0.18    M    M 10.0 20 330   M    M   7 1      28 320
 2  38  26  32 -11  33   0 0.31    M    M 11.3 25 310   M    M   8 128    38 310
 3  62  22  42  -2  23   0 0.01    M    M 12.5 35 210   M    M   6        43 230
 4  35  26  31 -13  34   0 0.01    M    M  8.6 15 330   M    M   9 1      23  20
 5  44  21  33 -11  32   0 0.01    M    M  8.1 20 140   M    M   1        27 140
 6  46  35  41  -4  24   0 0.54    M    M 11.2 22 240   M    M  10 13     27 210
 7  39  32  36  -9  29   0 0.02    M    M 12.0 23 320   M    M   9 1      37 320
 8  37  27  32 -14  33   0 0.14    M    M  5.2 14  10   M    M   9 1      24  10
 9  34  24  29 -17  36   0    T    M    M  8.0 17 340   M    M   4 1      23 330
10  49  29  39  -7  26   0 0.74    M    M 13.3 22 130   M    M  10 16     29 120
11  49  37  43  -4  22   0 0.03    M    M 11.3 22 300   M    M   3 1      30 300
12  42  31  37 -10  28   0 0.00    M    M  6.8 15 280   M    M   1        23 310
13  52  31  42  -5  23   0 0.00    M    M  4.0 12 140   M    M   9        15 140
14  64  34  49   1  16   0 0.00    M    M  9.7 16  90   M    M   1        27 110
15  71  39  55   7  10   0 0.00    M    M  6.9 14 120   M    M   0        18 110
16  79  43  61  12   4   0 0.00    M    M  6.3 16 270   M    M   0        19 270
17  80  48  64  15   1   0 0.00    M    M  4.6 12 300   M    M   0        15 100
18  79  49  64  15   1   0 0.00    M    M  3.4 12 270   M    M   0        13 250
19  63  50  57   7   8   0 0.00    M    M 12.2 21 100   M    M   3        29  90
20  71  50  61  11   4   0    T    M    M 12.3 22 110   M    M   6        28 110
21  62  50  56   6   9   0 0.26    M    M  5.4 13 150   M    M   8 128    15 150
22  59  44  52   1  13   0 0.00    M    M  5.3 14 310   M    M   8 12     18 310
23  62  40  51   0  14   0 0.00    M    M  5.7 14 100   M    M   1        16 110
24  70  42  56   4   9   0 0.00    M    M  8.0 16 180   M    M   2        20 180
25  79  53  66  14   0   1 0.13    M    M 11.5 26 220   M    M   3 13     32 210
26  57  41  49  -3  16   0 0.00    M    M  7.8 15  80   M    M   9 12     21  60
27  60  36  48  -5  17   0 0.00    M    M 11.8 22 100   M    M   2        28 100
28  51  37  44  -9  21   0 0.30    M    M 11.8 21 100   M    M  10 18     27  80
================================================================================
SM 1580 1031       511   1  2.68    M    245.0          M      139
================================================================================
AV 56.4 36.8                               8.8 FASTST   M    M   5    MAX(MPH)
                                 MISC ---->  # 35 210               # 43  230
================================================================================
NOTES:
# LAST OF SEVERAL OCCURRENCES

COLUMN 17 PEAK WIND IN M.P.H.

PRELIMINARY LOCAL CLIMATOLOGICAL DATA (WS FORM: F-6) , PAGE 2

                                          STATION:  HOLLAND/TULIP CITY MI
                                          MONTH:    APRIL
                                          YEAR:     2016
                                          LATITUDE:   42 49 N
                                          LONGITUDE:  86 10 W

[TEMPERATURE DATA]      [PRECIPITATION DATA]       SYMBOLS USED IN COLUMN 16

AVERAGE MONTHLY: 46.6   TOTAL FOR MONTH:   2.68    1 = FOG OR MIST
DPTR FM NORMAL:  -1.4   DPTR FM NORMAL:   -0.25    2 = FOG REDUCING VISIBILITY
HIGHEST:    80 ON 17    GRTST 24HR  0.77 ON 10-11      TO 1/4 MILE OR LESS
LOWEST:     21 ON  5                               3 = THUNDER
                        SNOW, ICE PELLETS, HAIL    4 = ICE PELLETS
                        TOTAL MONTH:    M          5 = HAIL
                        GRTST 24HR    M  ON   M    6 = FREEZING RAIN OR DRIZZLE
                        GRTST DEPTH:  M  ON   M    7 = DUSTSTORM OR SANDSTORM:
                                                       VSBY 1/2 MILE OR LESS
                                                   8 = SMOKE OR HAZE
[NO. OF DAYS WITH]      [WEATHER - DAYS WITH]      9 = BLOWING SNOW
                                                   X = TORNADO
MAX 32 OR BELOW:   0    0.01 INCH OR MORE:  13
MAX 90 OR ABOVE:   0    0.10 INCH OR MORE:   8
MIN 32 OR BELOW:  10    0.50 INCH OR MORE:   2
MIN  0 OR BELOW:   0    1.00 INCH OR MORE:   0

[HDD (BASE 65) ]
TOTAL THIS MO.   511    CLEAR  (SCALE 0-3)  11
DPTR FM NORMAL    30    PTCLDY (SCALE 4-7)   8
TOTAL FM JUL 1  5257    CLOUDY (SCALE 8-10)  9
DPTR FM NORMAL  -598

[CDD (BASE 65) ]
TOTAL THIS MO.     1
DPTR FM NORMAL     1    [PRESSURE DATA]
TOTAL FM JAN 1     1    HIGHEST SLP M ON M
DPTR FM NORMAL     1    LOWEST  SLP 29.44 ON  2

[REMARKS]
