000
CXUS53 KGRR 281017
CF6BIV
PRELIMINARY LOCAL CLIMATOLOGICAL DATA (WS FORM: F-6)

                                          STATION:   HOLLAND
                                          MONTH:     AUGUST
                                          YEAR:      2016
                                          LATITUDE:   42 49 N
                                          LONGITUDE:  86 10 W

  TEMPERATURE IN F:       :PCPN:    SNOW:  WIND      :SUNSHINE: SKY     :PK WND
================================================================================
1   2   3   4   5  6A  6B    7    8   9   10  11  12  13   14  15   16   17  18
                                     12Z  AVG MX 2MIN
DY MAX MIN AVG DEP HDD CDD  WTR  SNW DPTH SPD SPD DIR MIN PSBL S-S WX    SPD DR
================================================================================

 1  85  62  74   2   0   9 0.00    M    M  3.7 10 110   M    M   0 1      14 140
 2  85  60  73   1   0   8 0.00    M    M  2.9 10 290   M    M   0 1      13 260
 3  87  61  74   2   0   9 0.00    M    M  2.1 10 270   M    M   0        13 260
 4  89  66  78   6   0  13 0.00    M    M  5.4 13 260   M    M   0        17 270
 5  82  64  73   1   0   8 0.00    M    M  6.8 15 280   M    M   2        20 270
 6  80  59  70  -2   0   5 0.00    M    M  5.1 16 300   M    M   0 1      23 290
 7  83  57  70  -2   0   5 0.00    M    M  3.6 10 330   M    M   0        14 340
 8  85  56  71  -1   0   6 0.00    M    M  3.5 13  90   M    M   0 1      17 100
 9  87  57  72   0   0   7 0.00    M    M  3.0 12 280   M    M   0        14 270
10  89  63  76   4   0  11 0.00    M    M  2.8 10 270   M    M   0        14 270
11  90  69  80   8   0  15 0.00    M    M 10.2 21 230   M    M   3        26 230
12  84  74  79   7   0  14 1.91    M    M  4.1 16 270   M    M   8 13     22 270
13  81  68  75   3   0  10 0.87    M    M  9.6 20 240   M    M   7 13     23 250
14  81  64  73   1   0   8 0.00    M    M  2.9 12 250   M    M   1 12     16 250
15  81  62  72   1   0   7 0.42    M    M  5.4 17 130   M    M   4 12     22 120
16  81  68  75   4   0  10 0.04    M    M  6.2 13  70   M    M   4 1      19  70
17  81  65  73   2   0   8 0.01    M    M  7.3 20 250   M    M   2 1      25 250
18  84  62  73   2   0   8 0.00    M    M  4.8 13 140   M    M   3 13     15 140
19  84  68  76   5   0  11    T    M    M  6.8 17 190   M    M   2        26 270
20  77  68  73   2   0   8 1.13    M    M 10.5 22 280   M    M   6 13     32 280
21  72  57  65  -6   0   0 0.06    M    M  9.5 18 270   M    M   6 1      27 270
22  76  54  65  -5   0   0 0.00    M    M  5.3 14 240   M    M   1 1      18 260
23  79  57  68  -2   0   3 0.00    M    M  7.2 18 220   M    M   0        22 220
24  80  63  72   2   0   7 0.12    M    M  8.7 20 240   M    M   6 1      27 240
25  80  61  71   1   0   6 0.15    M    M  6.1 16 240   M    M   5 13     22 230
26  78  62  70   0   0   5 0.00    M    M  3.2 10 270   M    M   0 1      14 270
27  82  63  73   3   0   8 0.38    M    M  6.8 17 230   M    M   6 13     22 220
================================================================================
SM 2223 1690         0 209  5.09    M    153.5          M       66
================================================================================
AV 82.3 62.6                               5.7 FASTST   M    M   2    MAX(MPH)
                                 MISC ---->  # 22 280               # 32  280
================================================================================
NOTES:
# LAST OF SEVERAL OCCURRENCES

COLUMN 17 PEAK WIND IN M.P.H.

PRELIMINARY LOCAL CLIMATOLOGICAL DATA (WS FORM: F-6) , PAGE 2

                                          STATION:  HOLLAND
                                          MONTH:    AUGUST
                                          YEAR:     2016
                                          LATITUDE:   42 49 N
                                          LONGITUDE:  86 10 W

[TEMPERATURE DATA]      [PRECIPITATION DATA]       SYMBOLS USED IN COLUMN 16

AVERAGE MONTHLY: 72.5   TOTAL FOR MONTH:   5.09    1 = FOG OR MIST
DPTR FM NORMAL:   1.2   DPTR FM NORMAL:    1.99    2 = FOG REDUCING VISIBILITY
HIGHEST:    90 ON 11    GRTST 24HR  2.30 ON 12-13      TO 1/4 MILE OR LESS
LOWEST:     54 ON 22                               3 = THUNDER
                        SNOW, ICE PELLETS, HAIL    4 = ICE PELLETS
                        TOTAL MONTH:    M          5 = HAIL
                        GRTST 24HR    M  ON   M    6 = FREEZING RAIN OR DRIZZLE
                        GRTST DEPTH:  M  ON   M    7 = DUSTSTORM OR SANDSTORM:
                                                       VSBY 1/2 MILE OR LESS
                                                   8 = SMOKE OR HAZE
[NO. OF DAYS WITH]      [WEATHER - DAYS WITH]      9 = BLOWING SNOW
                                                   X = TORNADO
MAX 32 OR BELOW:   0    0.01 INCH OR MORE:  10
MAX 90 OR ABOVE:   1    0.10 INCH OR MORE:   7
MIN 32 OR BELOW:   0    0.50 INCH OR MORE:   3
MIN  0 OR BELOW:   0    1.00 INCH OR MORE:   2

[HDD (BASE 65) ]
TOTAL THIS MO.     0    CLEAR  (SCALE 0-3)  18
DPTR FM NORMAL     0    PTCLDY (SCALE 4-7)   8
TOTAL FM JUL 1     7    CLOUDY (SCALE 8-10)  1
DPTR FM NORMAL     1

[CDD (BASE 65) ]
TOTAL THIS MO.   209
DPTR FM NORMAL    35    [PRESSURE DATA]
TOTAL FM JAN 1   644    HIGHEST SLP M ON M
DPTR FM NORMAL    47    LOWEST  SLP 29.56 ON 20

[REMARKS]
