432
CXUS56 KBOI 161002
CF6BKE
PRELIMINARY LOCAL CLIMATOLOGICAL DATA (WS FORM: F-6)

                                          STATION:   BAKER OR
                                          MONTH:     DECEMBER
                                          YEAR:      2017
                                          LATITUDE:   44 50 N
                                          LONGITUDE: 117 49 W

  TEMPERATURE IN F:       :PCPN:    SNOW:  WIND      :SUNSHINE: SKY     :PK WND
================================================================================
1   2   3   4   5  6A  6B    7    8   9   10  11  12  13   14  15   16   17  18
                                     12Z  AVG MX 2MIN
DY MAX MIN AVG DEP HDD CDD  WTR  SNW DPTH SPD SPD DIR MIN PSBL S-S WX    SPD DR
================================================================================

 1  41  18  30   3  35   0 0.00    M    M  2.2  9 100   M    M   4 18     12 100
 2  39  23  31   4  34   0 0.01    M    M  4.4 15 100   M    M   6 18     19 110
 3  41  30  36   9  29   0 0.01    M    M 10.3 25 320   M    M   9 1      31 300
 4  41  19  30   4  35   0 0.00    M    M  5.8 20 330   M    M   4        22 330
 5  39  14  27   1  38   0 0.00    M    M  2.6  7 250   M    M   0         9 270
 6  39  11  25  -1  40   0 0.00    M    M  1.9  9 100   M    M   0 18     11 100
 7  39  11  25  -1  40   0 0.00    M    M  1.0  7  40   M    M   3 128     8  50
 8  29   9  19  -7  46   0 0.00    M    M  2.5  9  80   M    M   9 128    10  90
 9  30  23  27   2  38   0 0.00    M    M  5.4 12  80   M    M  10        14  70
10  33  14  24  -1  41   0 0.00    M    M  6.2 14 100   M    M   5        17 100
11  35  12  24  -1  41   0 0.00    M    M  2.7 13  80   M    M   3 18     16  70
12  27   6  17  -8  48   0 0.00    M    M  2.7 10 100   M    M   8 18     12 100
13  36  18  27   2  38   0    T    M    M  2.4  9 190   M    M   6 8      10 190
14  29  20  25   1  40   0 0.00    M    M  5.5 10  80   M    M  10 18     13  90
15  30  16  23  -1  42   0    T    M    M  4.2 10 100   M    M   9 128    13 100
================================================================================
SM  528  244       585   0  0.02    M     59.8          M       86
================================================================================
AV 35.2 16.3                               4.0 FASTST   M    M   6    MAX(MPH)
                                 MISC ---->  # 25 320               # 31  300
================================================================================
NOTES:
# LAST OF SEVERAL OCCURRENCES

COLUMN 17 PEAK WIND IN M.P.H.

PRELIMINARY LOCAL CLIMATOLOGICAL DATA (WS FORM: F-6) , PAGE 2

                                          STATION:  BAKER OR
                                          MONTH:    DECEMBER
                                          YEAR:     2017
                                          LATITUDE:   44 50 N
                                          LONGITUDE: 117 49 W

[TEMPERATURE DATA]      [PRECIPITATION DATA]       SYMBOLS USED IN COLUMN 16

AVERAGE MONTHLY: 25.7   TOTAL FOR MONTH:   0.02    1 = FOG OR MIST
DPTR FM NORMAL:   0.1   DPTR FM NORMAL:   -0.45    2 = FOG REDUCING VISIBILITY
HIGHEST:    41 ON  4, 3 GRTST 24HR  0.01 ON  3- 3      TO 1/4 MILE OR LESS
LOWEST:      6 ON 12                               3 = THUNDER
                        SNOW, ICE PELLETS, HAIL    4 = ICE PELLETS
                        TOTAL MONTH:    M          5 = HAIL
                        GRTST 24HR    M  ON   M    6 = FREEZING RAIN OR DRIZZLE
                        GRTST DEPTH:  M  ON   M    7 = DUSTSTORM OR SANDSTORM:
                                                       VSBY 1/2 MILE OR LESS
                                                   8 = SMOKE OR HAZE
[NO. OF DAYS WITH]      [WEATHER - DAYS WITH]      9 = BLOWING SNOW
                                                   X = TORNADO
MAX 32 OR BELOW:   5    0.01 INCH OR MORE:   2
MAX 90 OR ABOVE:   0    0.10 INCH OR MORE:   0
MIN 32 OR BELOW:  15    0.50 INCH OR MORE:   0
MIN  0 OR BELOW:   0    1.00 INCH OR MORE:   0

[HDD (BASE 65) ]
TOTAL THIS MO.   585    CLEAR  (SCALE 0-3)   4
DPTR FM NORMAL    -5    PTCLDY (SCALE 4-7)   6
TOTAL FM JUL 1  2215    CLOUDY (SCALE 8-10)  5
DPTR FM NORMAL  -412

[CDD (BASE 65) ]
TOTAL THIS MO.     0
DPTR FM NORMAL     0    [PRESSURE DATA]
TOTAL FM JAN 1   357    HIGHEST SLP M ON M
DPTR FM NORMAL   188    LOWEST  SLP 29.76 ON  3

[REMARKS]
