000
CXUS56 KBOI 221002
CF6BKE
PRELIMINARY LOCAL CLIMATOLOGICAL DATA (WS FORM: F-6)

                                          STATION:   BAKER OR
                                          MONTH:     JUNE
                                          YEAR:      2017
                                          LATITUDE:   44 50 N
                                          LONGITUDE: 117 49 W

  TEMPERATURE IN F:       :PCPN:    SNOW:  WIND      :SUNSHINE: SKY     :PK WND
================================================================================
1   2   3   4   5  6A  6B    7    8   9   10  11  12  13   14  15   16   17  18
                                     12Z  AVG MX 2MIN
DY MAX MIN AVG DEP HDD CDD  WTR  SNW DPTH SPD SPD DIR MIN PSBL S-S WX    SPD DR
================================================================================

 1  67  41  54  -1  11   0 0.02    M    M  5.9 21 300   M    M   5 1      25 300
 2  78  40  59   4   6   0 0.00    M    M  3.4 13 130   M    M   2 1      16 130
 3  85  42  64   9   1   0 0.00    M    M  4.3 29 350   M    M   0 1      39 350
 4  71  41  56   1   9   0    T    M    M  8.4 29 330   M    M   4        36 340
 5  74  32  53  -3  12   0 0.00    M    M  3.6  9 280   M    M   0        12 250
 6  81  38  60   4   5   0 0.00    M    M  3.4 14  70   M    M   0        18  70
 7  91  46  69  13   0   4    T    M    M  4.7 17 140   M    M   0        21 140
 8  71  44  58   2   7   0 0.36    M    M  8.4 30 180   M    M   3 13     38 180
 9  61  42  52  -4  13   0 0.29    M    M  5.8 24 250   M    M   6 13     30 250
10  59  35  47 -10  18   0 0.10    M    M  5.0 24 320   M    M   2 3      29 310
11  63  31  47 -10  18   0    T    M    M 12.4 23 290   M    M   3        31 300
12  63  46  55  -2  10   0 0.12    M    M 19.9 31 300   M    M   7        39 300
13  67  42  55  -2  10   0 0.00    M    M  8.2 22 330   M    M   2        27 320
14  70  38  54  -4  11   0 0.00    M    M  3.5 12 270   M    M   3        15 270
15  66  45  56  -2   9   0 0.04    M    M  5.7 16 180   M    M   8 1      18 180
16  64  51  58   0   7   0 0.02    M    M  3.7 13 320   M    M   8        15 330
17  74  46  60   2   5   0 0.00    M    M  5.2  9 300   M    M   4        13 320
18  78  53  66   8   0   1 0.00    M    M  5.8 14 310   M    M   6        19 300
19  92  47  70  11   0   5    T    M    M  5.7 20 100   M    M   1 12     29 120
20  84  56  70  11   0   5 0.00    M    M 11.4 24 310   M    M   0        29 320
21  77  48  63   4   2   0 0.00    M    M 13.3 29 330   M    M   0        36 330
================================================================================
SM 1536  904       154  15  0.95    M    147.7          M       64
================================================================================
AV 73.1 43.1                               7.0 FASTST   M    M   3    MAX(MPH)
                                 MISC ---->  # 31 300               # 39  350
================================================================================
NOTES:
# LAST OF SEVERAL OCCURRENCES

COLUMN 17 PEAK WIND IN M.P.H.

PRELIMINARY LOCAL CLIMATOLOGICAL DATA (WS FORM: F-6) , PAGE 2

                                          STATION:  BAKER OR
                                          MONTH:    JUNE
                                          YEAR:     2017
                                          LATITUDE:   44 50 N
                                          LONGITUDE: 117 49 W

[TEMPERATURE DATA]      [PRECIPITATION DATA]       SYMBOLS USED IN COLUMN 16

AVERAGE MONTHLY: 58.1   TOTAL FOR MONTH:   0.95    1 = FOG OR MIST
DPTR FM NORMAL:   1.2   DPTR FM NORMAL:    0.05    2 = FOG REDUCING VISIBILITY
HIGHEST:    92 ON 19    GRTST 24HR  0.36 ON  8- 8      TO 1/4 MILE OR LESS
LOWEST:     31 ON 11                               3 = THUNDER
                        SNOW, ICE PELLETS, HAIL    4 = ICE PELLETS
                        TOTAL MONTH:    M          5 = HAIL
                        GRTST 24HR    M  ON   M    6 = FREEZING RAIN OR DRIZZLE
                        GRTST DEPTH:  M  ON   M    7 = DUSTSTORM OR SANDSTORM:
                                                       VSBY 1/2 MILE OR LESS
                                                   8 = SMOKE OR HAZE
[NO. OF DAYS WITH]      [WEATHER - DAYS WITH]      9 = BLOWING SNOW
                                                   X = TORNADO
MAX 32 OR BELOW:   0    0.01 INCH OR MORE:   7
MAX 90 OR ABOVE:   2    0.10 INCH OR MORE:   4
MIN 32 OR BELOW:   2    0.50 INCH OR MORE:   0
MIN  0 OR BELOW:   0    1.00 INCH OR MORE:   0

[HDD (BASE 65) ]
TOTAL THIS MO.   154    CLEAR  (SCALE 0-3)  13
DPTR FM NORMAL   -23    PTCLDY (SCALE 4-7)   7
TOTAL FM JUL 1  7832    CLOUDY (SCALE 8-10)  1
DPTR FM NORMAL   208

[CDD (BASE 65) ]
TOTAL THIS MO.    15
DPTR FM NORMAL     9    [PRESSURE DATA]
TOTAL FM JAN 1    15    HIGHEST SLP M ON M
DPTR FM NORMAL     7    LOWEST  SLP 29.56 ON  7

[REMARKS]
