000
CXUS56 KBOI 011002
CF6BKE
PRELIMINARY LOCAL CLIMATOLOGICAL DATA (WS FORM: F-6)

                                          STATION:   BAKER OR
                                          MONTH:     JUNE
                                          YEAR:      2015
                                          LATITUDE:   44 50 N
                                          LONGITUDE: 117 49 W

  TEMPERATURE IN F:       :PCPN:    SNOW:  WIND      :SUNSHINE: SKY     :PK WND
================================================================================
1   2   3   4   5  6A  6B    7    8   9   10  11  12  13   14  15   16   17  18
                                     12Z  AVG MX 2MIN
DY MAX MIN AVG DEP HDD CDD  WTR  SNW DPTH SPD SPD DIR MIN PSBL S-S WX    SPD DR
================================================================================

 1  82  52  67  12   0   2 0.12    M    M  9.2 36 330   M    M   2 13     42 330
 2  66  46  56   1   9   0 0.20    M    M  4.5 22 320   M    M   8 13     28 300
 3  66  43  55   0  10   0    T    M    M  7.3 18 320   M    M   5        22 310
 4  72  38  55   0  10   0 0.00    M    M  9.9 21 310   M    M   0        27 320
 5  77  45  61   5   4   0 0.00    M    M 10.5 23 310   M    M   1        31 320
 6  82  44  63   7   2   0 0.00    M    M  9.8 23 310   M    M   0        29 320
 7  86  46  66  10   0   1 0.00    M    M  5.0 12 290   M    M   0        14 290
 8  93  47  70  14   0   5 0.00    M    M  3.3 12 290   M    M   0 1      15 290
 9  90  52  71  15   0   6 0.00    M    M  5.3 22 290   M    M   0 1      27 290
10  83  49  66   9   0   1 0.00    M    M  9.4 25 330   M    M   0        32 320
11  83  44  64   7   1   0 0.00    M    M  9.4 24 330   M    M   0        31 310
12  80  45  63   6   2   0 0.00    M    M 11.0 23 330   M    M   0        31 330
13  74  38  56  -1   9   0 0.00    M    M 10.3 21 340   M    M   0        29 330
14  77  33  55  -3  10   0 0.00    M    M  6.0 14 300   M    M   0        18 280
15  82  35  59   1   6   0 0.00    M    M  5.7 17 310   M    M   0        22 290
16  83  41  62   4   3   0 0.00    M    M  5.2 13 300   M    M   0        18 320
17  84  44  64   6   1   0 0.00    M    M  6.1 17 330   M    M   0        22 330
18  84  42  63   5   2   0 0.00    M    M  6.7 16 330   M    M   0        21 330
19  76  44  60   1   5   0 0.00    M    M 11.5 22 310   M    M   1        29 330
20  80  43  62   3   3   0 0.00    M    M  6.0 14 310   M    M   0        18 310
21  78  47  63   4   2   0    M    M    M   M   M   M   M    M   0         M  M
22  83  37  60   0   5   0 0.00    M    M  3.4 10 270   M    M   2 1      14  70
23  83  46  65   5   0   0 0.00    M    M  7.7 17 320   M    M   0        23 320
24  84  45  65   5   0   0 0.00    M    M  5.6 18 310   M    M   0        24 310
25  89  43  66   6   0   1 0.00    M    M  5.3 13 320   M    M   0        16 300
26  95  46  71  11   0   6 0.00    M    M  5.0 12 300   M    M   0        14 290
27  99  51  75  14   0  10 0.00    M    M  5.5 16 300   M    M   0        22 330
28  99  54  77  16   0  12    T    M    M  6.9 33 230   M    M   0        44 230
29  93  62  78  17   0  13    T    M    M  7.0 18 180   M    M   2        24 180
30  93  59  76  14   0  11    T    M    M  8.2 21 330   M    M   0        25 340
================================================================================
SM 2496 1361        84  68  0.32    M    206.7          M       21
================================================================================
AV 83.2 45.4                               7.1 FASTST   M    M   1    MAX(MPH)
                                 MISC ---->  # 36 330               # 44  230
================================================================================
NOTES:
# LAST OF SEVERAL OCCURRENCES

COLUMN 17 PEAK WIND IN M.P.H.

PRELIMINARY LOCAL CLIMATOLOGICAL DATA (WS FORM: F-6) , PAGE 2

                                          STATION:  BAKER OR
                                          MONTH:    JUNE
                                          YEAR:     2015
                                          LATITUDE:   44 50 N
                                          LONGITUDE: 117 49 W

[TEMPERATURE DATA]      [PRECIPITATION DATA]       SYMBOLS USED IN COLUMN 16

AVERAGE MONTHLY: 64.3   TOTAL FOR MONTH:   0.32    1 = FOG OR MIST
DPTR FM NORMAL:   6.3   DPTR FM NORMAL:   -0.86    2 = FOG REDUCING VISIBILITY
HIGHEST:    99 ON 28,27 GRTST 24HR  0.28 ON  1- 2      TO 1/4 MILE OR LESS
LOWEST:     33 ON 14                               3 = THUNDER
                        SNOW, ICE PELLETS, HAIL    4 = ICE PELLETS
                        TOTAL MONTH:    M          5 = HAIL
                        GRTST 24HR    M  ON   M    6 = FREEZING RAIN OR DRIZZLE
                        GRTST DEPTH:  M  ON   M    7 = DUSTSTORM OR SANDSTORM:
                                                       VSBY 1/2 MILE OR LESS
                                                   8 = SMOKE OR HAZE
[NO. OF DAYS WITH]      [WEATHER - DAYS WITH]      9 = BLOWING SNOW
                                                   X = TORNADO
MAX 32 OR BELOW:   0    0.01 INCH OR MORE:   2
MAX 90 OR ABOVE:   7    0.10 INCH OR MORE:   2
MIN 32 OR BELOW:   0    0.50 INCH OR MORE:   0
MIN  0 OR BELOW:   0    1.00 INCH OR MORE:   0

[HDD (BASE 65) ]
TOTAL THIS MO.    84    CLEAR  (SCALE 0-3)  28
DPTR FM NORMAL  -142    PTCLDY (SCALE 4-7)   2
TOTAL FM JUL 1  6462    CLOUDY (SCALE 8-10)  0
DPTR FM NORMAL -1211

[CDD (BASE 65) ]
TOTAL THIS MO.    68
DPTR FM NORMAL    52    [PRESSURE DATA]
TOTAL FM JAN 1    69    HIGHEST SLP 30.12 ON 26
DPTR FM NORMAL    51    LOWEST  SLP 29.72 ON 10

[REMARKS]
#FINAL-06-15#
