000
CXUS56 KBOI 171002
CF6BKE
PRELIMINARY LOCAL CLIMATOLOGICAL DATA (WS FORM: F-6)

                                          STATION:   BAKER OR
                                          MONTH:     OCTOBER
                                          YEAR:      2017
                                          LATITUDE:   44 50 N
                                          LONGITUDE: 117 49 W

  TEMPERATURE IN F:       :PCPN:    SNOW:  WIND      :SUNSHINE: SKY     :PK WND
================================================================================
1   2   3   4   5  6A  6B    7    8   9   10  11  12  13   14  15   16   17  18
                                     12Z  AVG MX 2MIN
DY MAX MIN AVG DEP HDD CDD  WTR  SNW DPTH SPD SPD DIR MIN PSBL S-S WX    SPD DR
================================================================================

 1  58  34  46  -4  19   0 0.09    M    M  9.0 28 310   M    M   5        38 310
 2  58  31  45  -5  20   0 0.00    M    M  9.4 23 320   M    M   3        27 320
 3  61  28  45  -4  20   0 0.00    M    M  4.5 13 310   M    M   0 8      15 300
 4  65  22  44  -5  21   0 0.00    M    M  4.5 14 320   M    M   0 128    17 320
 5  64  27  46  -2  19   0 0.00    M    M  2.0  8 310   M    M   2 8       9 220
 6  73  27  50   2  15   0 0.00    M    M  3.2 14  40   M    M   0 18     17  50
 7  64  32  48   0  17   0 0.01    M    M  7.9 25 310   M    M   4 8      32 310
 8  55  26  41  -6  24   0    T    M    M 11.4 26 310   M    M   4        32 320
 9  62  17  40  -7  25   0    T    M    M  5.5 15 150   M    M   0 18     20 130
10  64  38  51   4  14   0 0.00    M    M 10.3 22 100   M    M   1 8      27 110
11  56  27  42  -4  23   0    T    M    M  7.0 21 320   M    M   6        27 320
12  52  27  40  -6  25   0    T    M    M  8.2 24 180   M    M   7        30 180
13  50  24  37  -9  28   0 0.03    M    M  6.5 24 320   M    M   5 1      29 320
14  56  23  40  -5  25   0 0.00    M    M  5.2 14 110   M    M   2        19  50
15  57  20  39  -6  26   0 0.00    M    M  7.4 20 100   M    M   0        25 100
16  66  22  44   0  21   0 0.00    M    M  4.0 15 100   M    M   0        21  40
================================================================================
SM  961  425       342   0  0.13    M    106.0          M       39
================================================================================
AV 60.1 26.6                               6.6 FASTST   M    M   2    MAX(MPH)
                                 MISC ---->  # 28 310               # 38  310
================================================================================
NOTES:
# LAST OF SEVERAL OCCURRENCES

COLUMN 17 PEAK WIND IN M.P.H.

PRELIMINARY LOCAL CLIMATOLOGICAL DATA (WS FORM: F-6) , PAGE 2

                                          STATION:  BAKER OR
                                          MONTH:    OCTOBER
                                          YEAR:     2017
                                          LATITUDE:   44 50 N
                                          LONGITUDE: 117 49 W

[TEMPERATURE DATA]      [PRECIPITATION DATA]       SYMBOLS USED IN COLUMN 16

AVERAGE MONTHLY: 43.3   TOTAL FOR MONTH:   0.13    1 = FOG OR MIST
DPTR FM NORMAL:  -3.9   DPTR FM NORMAL:   -0.16    2 = FOG REDUCING VISIBILITY
HIGHEST:    73 ON  6    GRTST 24HR  0.09 ON  1- 1      TO 1/4 MILE OR LESS
LOWEST:     17 ON  9                               3 = THUNDER
                        SNOW, ICE PELLETS, HAIL    4 = ICE PELLETS
                        TOTAL MONTH:    M          5 = HAIL
                        GRTST 24HR    M  ON   M    6 = FREEZING RAIN OR DRIZZLE
                        GRTST DEPTH:  M  ON   M    7 = DUSTSTORM OR SANDSTORM:
                                                       VSBY 1/2 MILE OR LESS
                                                   8 = SMOKE OR HAZE
[NO. OF DAYS WITH]      [WEATHER - DAYS WITH]      9 = BLOWING SNOW
                                                   X = TORNADO
MAX 32 OR BELOW:   0    0.01 INCH OR MORE:   3
MAX 90 OR ABOVE:   0    0.10 INCH OR MORE:   0
MIN 32 OR BELOW:  14    0.50 INCH OR MORE:   0
MIN  0 OR BELOW:   0    1.00 INCH OR MORE:   0

[HDD (BASE 65) ]
TOTAL THIS MO.   342    CLEAR  (SCALE 0-3)  10
DPTR FM NORMAL    57    PTCLDY (SCALE 4-7)   6
TOTAL FM JUL 1   584    CLOUDY (SCALE 8-10)  0
DPTR FM NORMAL  -143

[CDD (BASE 65) ]
TOTAL THIS MO.     0
DPTR FM NORMAL     0    [PRESSURE DATA]
TOTAL FM JAN 1   357    HIGHEST SLP M ON M
DPTR FM NORMAL   188    LOWEST  SLP 29.74 ON 11

[REMARKS]
