000
CXUS56 KBOI 291002
CF6BKE
PRELIMINARY LOCAL CLIMATOLOGICAL DATA (WS FORM: F-6)

                                          STATION:   BAKER OR
                                          MONTH:     DECEMBER
                                          YEAR:      2014
                                          LATITUDE:   44 50 N
                                          LONGITUDE: 117 49 W

  TEMPERATURE IN F:       :PCPN:    SNOW:  WIND      :SUNSHINE: SKY     :PK WND
================================================================================
1   2   3   4   5  6A  6B    7    8   9   10  11  12  13   14  15   16   17  18
                                     12Z  AVG MX 2MIN
DY MAX MIN AVG DEP HDD CDD  WTR  SNW DPTH SPD SPD DIR MIN PSBL S-S WX    SPD DR
================================================================================

 1  31  17  24  -3  41   0    T    M    M  4.4 16 100   M    M   9 1      20 100
 2  30  26  28   1  37   0 0.00    M    M  1.4  8  30   M    M  10 12      9  30
 3  37  27  32   5  33   0 0.17    M    M  4.2 14 100   M    M  10 12     18 100
 4  39  31  35   9  30   0    T    M    M  1.6  7 200   M    M   8 12      8 320
 5  48  25  37  11  28   0 0.00    M    M  7.1 18 100   M    M   6 12     22 100
 6  52  27  40  14  25   0 0.08    M    M  6.2 17  70   M    M   5 1      21  60
 7  48  24  36  10  29   0 0.00    M    M  5.9 15 100   M    M   5 12     19 100
 8  48  35  42  16  23   0 0.00    M    M  9.7 17  90   M    M   5        21  90
 9  51  37  44  19  21   0    T    M    M 10.3 21 100   M    M   6        26 100
10  53  42  48  23  17   0    T    M    M 14.4 23 100   M    M   2        31 100
11  53  46  50  25  15   0 0.01    M    M 16.8 30 140   M    M  10        36 140
12  49  33  41  16  24   0 0.23    M    M  9.3 24 310   M    M   9 1      28 320
13  41  24  33   8  32   0 0.00    M    M  5.5 14 280   M    M   5        17 270
14  31  19  25   1  40   0 0.00    M    M  3.1  8 180   M    M   6 12      9 180
15  36  18  27   3  38   0    T    M    M  9.1 16 110   M    M   5 12     20 120
16  38  31  35  11  30   0    T    M    M 11.0 15 100   M    M   7 1       M  M
17  40  31  36  12  29   0    T    M    M 11.8 18  70   M    M   9        23 100
18  42  30  36  12  29   0    T    M    M 10.0 21 130   M    M   9        24 120
19  45  29  37  13  28   0 0.09    M    M 10.2 21 290   M    M   8 1      26 100
20  41  31  36  12  29   0 0.04    M    M 11.1 22 140   M    M   9        26 140
21  44  36  40  16  25   0 0.58    M    M  5.8 24 170   M    M   9 1      27 170
22  43  28  36  12  29   0 0.08    M    M  8.9 25 320   M    M   7 1      31 300
23  38  24  31   7  34   0 0.00    M    M  2.1  7 110   M    M   7         M  M
24  36  28  32   8  33   0 0.07    M    M 13.6 29 320   M    M   8 1      36 320
25  34  25  30   6  35   0    T    M    M 12.9 24 330   M    M   4 1      31 320
26  35  16  26   2  39   0    T    M    M  8.2 14 340   M    M   3         M  M
27  27  12  20  -4  45   0 0.10    M    M  6.1 13  90   M    M   9 1       M  M
28  31  13  22  -2  43   0 0.01    M    M  2.9 13  40   M    M   8 128    13  40
================================================================================
SM 1141  765       861   0  1.46    M    223.6          M      198
================================================================================
AV 40.8 27.3                               8.0 FASTST   M    M   7    MAX(MPH)
                                 MISC ---->  # 30 140               # 36  140
================================================================================
NOTES:
# LAST OF SEVERAL OCCURRENCES

COLUMN 17 PEAK WIND IN M.P.H.

PRELIMINARY LOCAL CLIMATOLOGICAL DATA (WS FORM: F-6) , PAGE 2

                                          STATION:  BAKER OR
                                          MONTH:    DECEMBER
                                          YEAR:     2014
                                          LATITUDE:   44 50 N
                                          LONGITUDE: 117 49 W

[TEMPERATURE DATA]      [PRECIPITATION DATA]       SYMBOLS USED IN COLUMN 16

AVERAGE MONTHLY: 34.0   TOTAL FOR MONTH:   1.46    1 = FOG OR MIST
DPTR FM NORMAL:   9.2   DPTR FM NORMAL:    0.57    2 = FOG REDUCING VISIBILITY
HIGHEST:    53 ON 11,10 GRTST 24HR  0.60 ON 21-22      TO 1/4 MILE OR LESS
LOWEST:     12 ON 27                               3 = THUNDER
                        SNOW, ICE PELLETS, HAIL    4 = ICE PELLETS
                        TOTAL MONTH:    M          5 = HAIL
                        GRTST 24HR    M  ON   M    6 = FREEZING RAIN OR DRIZZLE
                        GRTST DEPTH:  M  ON   M    7 = DUSTSTORM OR SANDSTORM:
                                                       VSBY 1/2 MILE OR LESS
                                                   8 = SMOKE OR HAZE
[NO. OF DAYS WITH]      [WEATHER - DAYS WITH]      9 = BLOWING SNOW
                                                   X = TORNADO
MAX 32 OR BELOW:   5    0.01 INCH OR MORE:  11
MAX 90 OR ABOVE:   0    0.10 INCH OR MORE:   4
MIN 32 OR BELOW:  22    0.50 INCH OR MORE:   1
MIN  0 OR BELOW:   0    1.00 INCH OR MORE:   0

[HDD (BASE 65) ]
TOTAL THIS MO.   861    CLEAR  (SCALE 0-3)   2
DPTR FM NORMAL  -262    PTCLDY (SCALE 4-7)  14
TOTAL FM JUL 1  2664    CLOUDY (SCALE 8-10) 12
DPTR FM NORMAL  -496

[CDD (BASE 65) ]
TOTAL THIS MO.     0
DPTR FM NORMAL     0    [PRESSURE DATA]
TOTAL FM JAN 1   250    HIGHEST SLP M ON M
DPTR FM NORMAL    81    LOWEST  SLP 29.49 ON 24

[REMARKS]
