000
CXUS51 KRLX 181129
CF6BKW
PRELIMINARY LOCAL CLIMATOLOGICAL DATA (WS FORM: F-6)
STATION: BECKLEY WV
MONTH: MARCH
YEAR: 2024
LATITUDE: 37 46 N
LONGITUDE: 81 7 W
TEMPERATURE IN F: :PCPN: SNOW: WIND :SUNSHINE: SKY :PK WND
================================================================================
1 2 3 4 5 6A 6B 7 8 9 10 11 12 13 14 15 16 17 18
12Z AVG MX 2MIN
DY MAX MIN AVG DEP HDD CDD WTR SNW DPTH SPD SPD DIR MIN PSBL S-S WX SPD DR
================================================================================
1 45 28 37 -1 28 0 0.04 T 0 12.6 23 120 M M 5 1 34 120
2 57 39 48 9 17 0 0.10 0.0 0 5.3 21 130 M M 9 1 34 120
3 70 41 56 17 9 0 0.00 0.0 0 5.1 14 160 M M 4 12 20 140
4 69 49 59 20 6 0 0.00 0.0 0 7.4 14 130 M M 2 22 130
5 72 48 60 20 5 0 0.00 0.0 0 6.3 12 160 M M 4 17 160
6 58 50 54 14 11 0 0.59 0.0 0 5.5 15 10 M M 10 12 22 120
7 51 42 47 7 18 0 0.02 0.0 0 4.8 10 330 M M 8 12 16 340
8 53 44 49 9 16 0 0.09 0.0 0 12.0 17 140 M M 6 1 29 150
9 51 39 45 4 20 0 0.68 0.0 0 10.3 22 310 M M 10 1 35 130
10 39 32 36 -5 29 0 0.05 T 0 18.3 32 280 M M 10 1 47 270
11 50 26 38 -3 27 0 T T 0 11.4 30 310 M M 2 40 320
12 63 33 48 7 17 0 0.00 0.0 0 6.6 12 250 M M 0 18 240
13 67 39 53 11 12 0 0.00 0.0 0 5.8 15 270 M M 1 23 260
14 75 42 59 17 6 0 0.00 0.0 0 6.9 17 190 M M 0 26 190
15 63 44 54 12 11 0 0.23 0.0 0 9.5 28 310 M M 9 1 37 310
16 62 36 49 6 16 0 T 0.0 0 6.2 15 270 M M 5 12 22 260
17 58 39 49 6 16 0 0.00 0.0 0 12.8 26 260 M M 3 38 290
================================================================================
SM 1003 671 264 0 1.80 T 146.8 M 88
================================================================================
AV 59.0 39.5 8.6 FASTST M M 5 MAX(MPH)
MISC ----> 32 280 47 270
================================================================================
NOTES:
# LAST OF SEVERAL OCCURRENCES
COLUMN 17 PEAK WIND IN M.P.H.
PRELIMINARY LOCAL CLIMATOLOGICAL DATA (WS FORM: F-6) , PAGE 2
STATION: BECKLEY WV
MONTH: MARCH
YEAR: 2024
LATITUDE: 37 46 N
LONGITUDE: 81 7 W
[TEMPERATURE DATA] [PRECIPITATION DATA] SYMBOLS USED IN COLUMN 16
AVERAGE MONTHLY: 49.2 TOTAL FOR MONTH: 1.80 1 = FOG OR MIST
DPTR FM NORMAL: 8.6 DPTR FM NORMAL: -0.43 2 = FOG REDUCING VISIBILITY
HIGHEST: 75 ON 14 GRTST 24HR 0.73 ON 8- 9 TO 1/4 MILE OR LESS
LOWEST: 26 ON 11 3 = THUNDER
SNOW, ICE PELLETS, HAIL 4 = ICE PELLETS
TOTAL MONTH: T 5 = HAIL
GRTST 24HR T ON 10-10 6 = FREEZING RAIN OR DRIZZLE
GRTST DEPTH: 0 7 = DUSTSTORM OR SANDSTORM:
VSBY 1/2 MILE OR LESS
8 = SMOKE OR HAZE
[NO. OF DAYS WITH] [WEATHER - DAYS WITH] 9 = BLOWING SNOW
X = TORNADO
MAX 32 OR BELOW: 0 0.01 INCH OR MORE: 8
MAX 90 OR ABOVE: 0 0.10 INCH OR MORE: 4
MIN 32 OR BELOW: 3 0.50 INCH OR MORE: 2
MIN 0 OR BELOW: 0 1.00 INCH OR MORE: 0
[HDD (BASE 65) ]
TOTAL THIS MO. 264 CLEAR (SCALE 0-3) 6
DPTR FM NORMAL -150 PTCLDY (SCALE 4-7) 5
TOTAL FM JUL 1 3708 CLOUDY (SCALE 8-10) 6
DPTR FM NORMAL -525
[CDD (BASE 65) ]
TOTAL THIS MO. 0
DPTR FM NORMAL 0 [PRESSURE DATA]
TOTAL FM JAN 1 0 HIGHEST SLP M ON M
DPTR FM NORMAL 0 LOWEST SLP 29.61 ON 9
[REMARKS]