000
CXUS54 KEWX 300910
CF6BMQ
PRELIMINARY LOCAL CLIMATOLOGICAL DATA (WS FORM: F-6)

                                          STATION:   BURNET
                                          MONTH:     JULY
                                          YEAR:      2016
                                          LATITUDE:   30 43 N
                                          LONGITUDE:  98 14 W

  TEMPERATURE IN F:       :PCPN:    SNOW:  WIND      :SUNSHINE: SKY     :PK WND
================================================================================
1   2   3   4   5  6A  6B    7    8   9   10  11  12  13   14  15   16   17  18
                                     12Z  AVG MX 2MIN
DY MAX MIN AVG DEP HDD CDD  WTR  SNW DPTH SPD SPD DIR MIN PSBL S-S WX    SPD DR
================================================================================

 1  95  71  83   1   0  18 0.00  0.0    0  5.4 14 120   M    M   1        18 140
 2  96  74  85   3   0  20 0.00  0.0    0  9.1 18 190   M    M   1        25 160
 3  96  76  86   4   0  21 0.00  0.0    0 12.1 20 180   M    M   3        29 170
 4  97  78  88   6   0  23 0.00  0.0    0 10.7 18 180   M    M   4        27 190
 5  98  76  87   5   0  22 0.00  0.0    0  9.6 18 200   M    M   2        30 160
 6  97  77  87   4   0  22 0.00  0.0    0 13.4 22 180   M    M   3        29 180
 7  98  76  87   4   0  22 0.00  0.0    0 12.2 20 190   M    M   3        29 180
 8  97  76  87   4   0  22 0.00  0.0    0  9.9 18 170   M    M   3        25 180
 9  97  71  84   1   0  19    T    M    0  9.1 25  30   M    M   3 3      35  60
10  95  73  84   1   0  19    T  0.0    0  8.6 18 110   M    M   3 3      29 110
11  97  77  87   4   0  22 0.00  0.0    0 12.2 23 180   M    M   4        31 200
12  97  75  86   3   0  21 0.00    M    0 12.6 21 190   M    M   3        32 170
13  98  77  88   5   0  23 0.00    M    0 12.7 21 190   M    M   2        30 180
14  98  74  86   3   0  21 0.00  0.0    0  9.9 17 180   M    M   1        25 180
15  99  75  87   4   0  22 0.00  0.0    0  9.3 17 200   M    M   2        25 170
16  97  74  86   3   0  21 0.00  0.0    0  7.6 14 130   M    M   0        22 180
17  97  73  85   2   0  20 0.00  0.0    0  7.9 15 150   M    M   1        21 150
18  96  74  85   1   0  20 0.00  0.0    0  7.1 16 130   M    M   2        23 130
19  97  76  87   3   0  22 0.00  0.0    0  6.8 15 110   M    M   2        20 150
20  97  74  86   2   0  21 0.00  0.0    0  6.2 13 130   M    M   1        22 140
21  98  73  86   2   0  21 0.00  0.0    0  5.9 13 150   M    M   0 8      17 140
22  99  74  87   3   0  22 0.00  0.0    0  5.6 13 190   M    M   0        19 150
23  99  76  88   4   0  23 0.00  0.0    0  6.7 13 140   M    M   0        20 200
24  99  76  88   4   0  23 0.00  0.0    0  6.6 13 140   M    M   1        19 130
25 100  73  87   3   0  22 0.14  0.0    0  5.8 23  60   M    M   2 13     32  60
26  94  74  84   0   0  19 0.08  0.0    0  4.9 17 100   M    M   5 138    25  90
27  93  73  83  -1   0  18 0.00  0.0    0  5.6 24 210   M    M   2 3      34 220
28  97  75  86   2   0  21 0.00  0.0    0  8.1 20 130   M    M   2        30 150
29  94  74  84   0   0  19 0.01  0.0    0  5.8 14 100   M    M   2        19 110
================================================================================
SM 2812 2165         0 609  0.23     0.0 247.4          M       58
================================================================================
AV 97.0 74.7                               8.5 FASTST   M    M   2    MAX(MPH)
                                 MISC ---->  # 25  30               # 35   60
================================================================================
NOTES:
# LAST OF SEVERAL OCCURRENCES

COLUMN 17 PEAK WIND IN M.P.H.

PRELIMINARY LOCAL CLIMATOLOGICAL DATA (WS FORM: F-6) , PAGE 2

                                          STATION:  BURNET
                                          MONTH:    JULY
                                          YEAR:     2016
                                          LATITUDE:   30 43 N
                                          LONGITUDE:  98 14 W

[TEMPERATURE DATA]      [PRECIPITATION DATA]       SYMBOLS USED IN COLUMN 16

AVERAGE MONTHLY: 85.8   TOTAL FOR MONTH:   0.23    1 = FOG OR MIST
DPTR FM NORMAL:   2.6   DPTR FM NORMAL:   -1.72    2 = FOG REDUCING VISIBILITY
HIGHEST:   100 ON 25    GRTST 24HR  0.22 ON 25-26      TO 1/4 MILE OR LESS
LOWEST:     71 ON  9, 1                            3 = THUNDER
                        SNOW, ICE PELLETS, HAIL    4 = ICE PELLETS
                        TOTAL MONTH:   0.0 INCH    5 = HAIL
                        GRTST 24HR     0.0         6 = FREEZING RAIN OR DRIZZLE
                        GRTST DEPTH:   0           7 = DUSTSTORM OR SANDSTORM:
                                                       VSBY 1/2 MILE OR LESS
                                                   8 = SMOKE OR HAZE
[NO. OF DAYS WITH]      [WEATHER - DAYS WITH]      9 = BLOWING SNOW
                                                   X = TORNADO
MAX 32 OR BELOW:   0    0.01 INCH OR MORE:   3
MAX 90 OR ABOVE:  29    0.10 INCH OR MORE:   1
MIN 32 OR BELOW:   0    0.50 INCH OR MORE:   0
MIN  0 OR BELOW:   0    1.00 INCH OR MORE:   0

[HDD (BASE 65) ]
TOTAL THIS MO.     0    CLEAR  (SCALE 0-3)  23
DPTR FM NORMAL     0    PTCLDY (SCALE 4-7)   6
TOTAL FM JUL 1     0    CLOUDY (SCALE 8-10)  0
DPTR FM NORMAL     0

[CDD (BASE 65) ]
TOTAL THIS MO.   609
DPTR FM NORMAL    80    [PRESSURE DATA]
TOTAL FM JAN 1  1527    HIGHEST SLP M ON M
DPTR FM NORMAL   102    LOWEST  SLP 29.79 ON M

[REMARKS]
