000
CXUS54 KEWX 270910
CF6BMQ
PRELIMINARY LOCAL CLIMATOLOGICAL DATA (WS FORM: F-6)

                                          STATION:   BURNET
                                          MONTH:     JULY
                                          YEAR:      2014
                                          LATITUDE:   30 43 N
                                          LONGITUDE:  98 14 W

  TEMPERATURE IN F:       :PCPN:    SNOW:  WIND      :SUNSHINE: SKY     :PK WND
================================================================================
1   2   3   4   5  6A  6B    7    8   9   10  11  12  13   14  15   16   17  18
                                     12Z  AVG MX 2MIN
DY MAX MIN AVG DEP HDD CDD  WTR  SNW DPTH SPD SPD DIR MIN PSBL S-S WX    SPD DR
================================================================================

 1  94  73  84   2   0  19 0.00    M    M  7.9 18 180   M    M   2 1      25 150
 2  96  71  84   2   0  19 0.00    M    M  5.6 13 120   M    M   1 1      17 210
 3  94  71  83   1   0  18 0.00    M    M  5.1 21 360   M    M   1 3      28  10
 4  93  70  82   0   0  17 0.00    M    M  5.4 15 120   M    M   1        20 130
 5  93  69  81  -1   0  16 0.00    M    M  5.4 15 150   M    M   2 1      22 160
 6  94  71  83   0   0  18 0.00    M    M  6.4 14 150   M    M   2 1      19 190
 7  96  73  85   2   0  20 0.00    M    M  8.4 15 220   M    M   0        21 150
 8  95  72  84   1   0  19 0.00    M    M  7.7 16 210   M    M   0        23 180
 9  96  72  84   1   0  19 0.00    M    M  7.3 16 180   M    M   1        23 200
10  93  71  82  -1   0  17 0.00    M    M  7.8 18 170   M    M   0        29 180
11  91  71  81  -2   0  16 0.00    M    M  6.7 16 140   M    M   4        25 190
12  95  68  82  -1   0  17 0.00    M    M  5.3 14 140   M    M   0 18     21 150
13  97  71  84   1   0  19 0.00    M    M  5.3 14 130   M    M   1        20  90
14  99  73  86   3   0  21 0.00    M    M  4.3 13 190   M    M   0        19 200
15  91  69  80  -3   0  15 0.28    M    M  3.7 25  70   M    M   5 13     35  50
16  91  71  81  -2   0  16 0.05    M    M  4.8 13 140   M    M   3 1      19 130
17  84  75  80  -3   0  15 0.05    M    M  6.5 13 190   M    M   7 13     18 160
18  77  70  74 -10   0   9 0.03    M    M  6.6 15  30   M    M  10 1      19  20
19  85  69  77  -7   0  12 0.00    M    M  4.6 10 120   M    M   7        13  90
20  94  71  83  -1   0  18 0.00    M    M  5.3 13 110   M    M   4 18     18 100
21  95  75  85   1   0  20 0.00    M    M  6.3 13  80   M    M   2 18     19  90
22  96  75  86   2   0  21 0.00    M    M  4.1 12 110   M    M   0        17 110
23  97  75  86   2   0  21 0.00    M    M  5.1 12  80   M    M   1        17  80
24  92  75  84   0   0  19    T    M    M  4.4 16  90   M    M   3 3      22  90
25  96  72  84   0   0  19 0.00    M    M  5.1 13 170   M    M   1 18     18 150
26  99  74  87   3   0  22 0.00    M    M  8.2 16 210   M    M   1        23 170
================================================================================
SM 2423 1867         0 462  0.41    M    153.3          M       59
================================================================================
AV 93.2 71.8                               5.9 FASTST   M    M   2    MAX(MPH)
                                 MISC ---->  # 25  70               # 35   50
================================================================================
NOTES:
# LAST OF SEVERAL OCCURRENCES

COLUMN 17 PEAK WIND IN M.P.H.

PRELIMINARY LOCAL CLIMATOLOGICAL DATA (WS FORM: F-6) , PAGE 2

                                          STATION:  BURNET
                                          MONTH:    JULY
                                          YEAR:     2014
                                          LATITUDE:   30 43 N
                                          LONGITUDE:  98 14 W

[TEMPERATURE DATA]      [PRECIPITATION DATA]       SYMBOLS USED IN COLUMN 16

AVERAGE MONTHLY: 82.5   TOTAL FOR MONTH:   0.41    1 = FOG OR MIST
DPTR FM NORMAL:  -0.7   DPTR FM NORMAL:   -1.41    2 = FOG REDUCING VISIBILITY
HIGHEST:    99 ON 26,14 GRTST 24HR  0.33 ON 15-16      TO 1/4 MILE OR LESS
LOWEST:     68 ON 12                               3 = THUNDER
                        SNOW, ICE PELLETS, HAIL    4 = ICE PELLETS
                        TOTAL MONTH:    M          5 = HAIL
                        GRTST 24HR    M  ON   M    6 = FREEZING RAIN OR DRIZZLE
                        GRTST DEPTH:  M  ON   M    7 = DUSTSTORM OR SANDSTORM:
                                                       VSBY 1/2 MILE OR LESS
                                                   8 = SMOKE OR HAZE
[NO. OF DAYS WITH]      [WEATHER - DAYS WITH]      9 = BLOWING SNOW
                                                   X = TORNADO
MAX 32 OR BELOW:   0    0.01 INCH OR MORE:   4
MAX 90 OR ABOVE:  23    0.10 INCH OR MORE:   1
MIN 32 OR BELOW:   0    0.50 INCH OR MORE:   0
MIN  0 OR BELOW:   0    1.00 INCH OR MORE:   0

[HDD (BASE 65) ]
TOTAL THIS MO.     0    CLEAR  (SCALE 0-3)  19
DPTR FM NORMAL     0    PTCLDY (SCALE 4-7)   6
TOTAL FM JUL 1     0    CLOUDY (SCALE 8-10)  1
DPTR FM NORMAL     0

[CDD (BASE 65) ]
TOTAL THIS MO.   462
DPTR FM NORMAL   -10    [PRESSURE DATA]
TOTAL FM JAN 1  1364    HIGHEST SLP M ON M
DPTR FM NORMAL    -4    LOWEST  SLP 29.72 ON 17

[REMARKS]
